{"id":8732,"date":"2023-05-29T00:45:42","date_gmt":"2023-05-29T03:45:42","guid":{"rendered":"https:\/\/barcarena.pa.gov.br\/?page_id=8732"},"modified":"2026-02-13T11:23:16","modified_gmt":"2026-02-13T14:23:16","slug":"educacao","status":"publish","type":"page","link":"https:\/\/abelfigueiredo.pa.gov.br\/site\/portal-da-transparencia\/educacao\/","title":{"rendered":"Educa\u00e7\u00e3o"},"content":{"rendered":"<h2>Plano Municipal de Educa\u00e7\u00e3o<\/h2>\n<ul>\n<li><a href=\"https:\/\/abelfigueiredo.pa.gov.br\/site\/wp-content\/uploads\/2023\/10\/LEI_PME_ABEL_FIGUEIREDO-1.pdf\" target=\"_blank\" rel=\"noopener\">Clique aqui para visualizar o Plano (2015-2025)<\/a><\/li>\n<li><a href=\"https:\/\/abelfigueiredo.pa.gov.br\/wp-content\/uploads\/2022\/09\/LEI-No-265-2022.pdf\" target=\"_blank\" rel=\"noopener\" data-saferedirecturl=\"https:\/\/www.google.com\/url?q=https:\/\/abelfigueiredo.pa.gov.br\/wp-content\/uploads\/2022\/09\/LEI-No-265-2022.pdf&amp;source=gmail&amp;ust=1691508090663000&amp;usg=AOvVaw127d7sVAWr2Z0-8vxG6h3J\">Clique aqui para visualizar a altera\u00e7\u00e3o do plano<\/a><\/li>\n<\/ul>\n<h2>Relat\u00f3rio de Resultados<\/h2>\n<ul>\n<li><a href=\"https:\/\/abelfigueiredo.pa.gov.br\/site\/wp-content\/uploads\/2023\/09\/Declaracao-quanto-ao-Relatorio-de-Resultados.pdf\" target=\"_blank\" rel=\"noopener\">Clique aqui para visualizar<\/a><\/li>\n<\/ul>\n<h2>Lista de Espera em Creches e\u00a0Crit\u00e9rios de Prioriza\u00e7\u00e3o<\/h2>\n<ul>\n<li><a href=\"https:\/\/abelfigueiredo.pa.gov.br\/site\/wp-content\/uploads\/2023\/09\/Declaracao-quanto-as-creches.pdf\" target=\"_blank\" rel=\"noopener\">Clique aqui para visualizar<\/a><\/li>\n<\/ul>\n<h2>Planos de A\u00e7\u00e3o e Atividades Desenvolvidas<\/h2>\n<ul>\n<li><a href=\"https:\/\/abelfigueiredo.pa.gov.br\/site\/wp-content\/uploads\/2026\/02\/formacao.pdf\" target=\"_blank\" rel=\"noopener\">Forma\u00e7\u00e3o acad\u00eamica dos gestores escolares (2026\/2027)<\/a><\/li>\n<li><a href=\"https:\/\/abelfigueiredo.pa.gov.br\/wp-content\/uploads\/2023\/02\/PLANO-DE-ACAO-2022-SEMED-Reparado.pdf\" target=\"_blank\" rel=\"noopener\" data-saferedirecturl=\"https:\/\/www.google.com\/url?q=https:\/\/abelfigueiredo.pa.gov.br\/wp-content\/uploads\/2023\/02\/PLANO-DE-ACAO-2022-SEMED-Reparado.pdf&amp;source=gmail&amp;ust=1691508090663000&amp;usg=AOvVaw3b0s95PYKkSQUJ2BZdwYEg\">Plano de A\u00e7\u00e3o \u2013 SEMED<\/a><\/li>\n<li><a href=\"https:\/\/abelfigueiredo.pa.gov.br\/wp-content\/uploads\/2023\/02\/PLANo-de-acao-2021-c.pdf\" target=\"_blank\" rel=\"noopener\" data-saferedirecturl=\"https:\/\/www.google.com\/url?q=https:\/\/abelfigueiredo.pa.gov.br\/wp-content\/uploads\/2023\/02\/PLANo-de-acao-2021-c.pdf&amp;source=gmail&amp;ust=1691508090663000&amp;usg=AOvVaw0mxH6dGvBwFl6TUQzl-nDj\">Plano de A\u00e7\u00e3o (aulas remoto\/h\u00edbrido)<\/a><\/li>\n<li><a href=\"https:\/\/abelfigueiredo.pa.gov.br\/wp-content\/uploads\/2023\/02\/CamScanner-02-14-2023-14.17-1.pdf\" target=\"_blank\" rel=\"noopener\" data-saferedirecturl=\"https:\/\/www.google.com\/url?q=https:\/\/abelfigueiredo.pa.gov.br\/wp-content\/uploads\/2023\/02\/CamScanner-02-14-2023-14.17-1.pdf&amp;source=gmail&amp;ust=1691508090663000&amp;usg=AOvVaw0roZi1db3g4uyoWGYvOWFb\">A\u00e7\u00f5es Desenvolvidas SEMED 2\u00b0 Semestre de 2022<\/a><\/li>\n<li><a href=\"https:\/\/abelfigueiredo.pa.gov.br\/wp-content\/uploads\/2023\/02\/CamScanner-02-14-2023-14.24.pdf\" target=\"_blank\" rel=\"noopener\" data-saferedirecturl=\"https:\/\/www.google.com\/url?q=https:\/\/abelfigueiredo.pa.gov.br\/wp-content\/uploads\/2023\/02\/CamScanner-02-14-2023-14.24.pdf&amp;source=gmail&amp;ust=1691508090663000&amp;usg=AOvVaw34j3aD8IYb2K6WKUY6dSBQ\">Atividades Desenvolvidas SEMED 1\u00b0 Semestre de 2021<\/a><\/li>\n<\/ul>\n","protected":false},"excerpt":{"rendered":"<p>Plano Municipal de Educa\u00e7\u00e3o Clique aqui para visualizar o Plano (2015-2025) Clique aqui para visualizar a altera\u00e7\u00e3o do plano Relat\u00f3rio de Resultados Clique aqui para visualizar Lista de Espera em Creches e\u00a0Crit\u00e9rios de Prioriza\u00e7\u00e3o Clique aqui para visualizar Planos de A\u00e7\u00e3o e Atividades Desenvolvidas Forma\u00e7\u00e3o acad\u00eamica dos gestores escolares (2026\/2027) Plano de A\u00e7\u00e3o \u2013 SEMED<\/p>\n<div class=\"read-more\"><a href=\"https:\/\/abelfigueiredo.pa.gov.br\/site\/portal-da-transparencia\/educacao\/\" title=\"Veja mais\">Veja mais<\/a><\/div>\n","protected":false},"author":1,"featured_media":0,"parent":1862,"menu_order":0,"comment_status":"closed","ping_status":"closed","template":"","meta":{"footnotes":""},"class_list":["post-8732","page","type-page","status-publish"],"yoast_head":"<!-- This site is optimized with the Yoast SEO plugin v26.6 - https:\/\/yoast.com\/wordpress\/plugins\/seo\/ -->\n<title>Educa\u00e7\u00e3o - Prefeitura Municipal de Abel Figueiredo | Gest\u00e3o 2025-2028<\/title>\n<meta name=\"robots\" content=\"index, follow, max-snippet:-1, max-image-preview:large, max-video-preview:-1\" \/>\n<link rel=\"canonical\" href=\"https:\/\/abelfigueiredo.pa.gov.br\/site\/portal-da-transparencia\/educacao\/\" \/>\n<meta property=\"og:locale\" content=\"pt_BR\" \/>\n<meta property=\"og:type\" content=\"article\" \/>\n<meta property=\"og:title\" content=\"Educa\u00e7\u00e3o - Prefeitura Municipal de Abel Figueiredo | Gest\u00e3o 2025-2028\" \/>\n<meta property=\"og:description\" content=\"Plano Municipal de Educa\u00e7\u00e3o Clique aqui para visualizar o Plano (2015-2025) Clique aqui para visualizar a altera\u00e7\u00e3o do plano Relat\u00f3rio de Resultados Clique aqui para visualizar Lista de Espera em Creches e\u00a0Crit\u00e9rios de Prioriza\u00e7\u00e3o Clique aqui para visualizar Planos de A\u00e7\u00e3o e Atividades Desenvolvidas Forma\u00e7\u00e3o acad\u00eamica dos gestores escolares (2026\/2027) Plano de A\u00e7\u00e3o \u2013 SEMEDVeja mais\" \/>\n<meta property=\"og:url\" content=\"https:\/\/abelfigueiredo.pa.gov.br\/site\/portal-da-transparencia\/educacao\/\" \/>\n<meta property=\"og:site_name\" content=\"Prefeitura Municipal de Abel Figueiredo | Gest\u00e3o 2025-2028\" \/>\n<meta property=\"article:modified_time\" content=\"2026-02-13T14:23:16+00:00\" \/>\n<script type=\"application\/ld+json\" class=\"yoast-schema-graph\">{\"@context\":\"https:\/\/schema.org\",\"@graph\":[{\"@type\":\"WebPage\",\"@id\":\"https:\/\/abelfigueiredo.pa.gov.br\/site\/portal-da-transparencia\/educacao\/\",\"url\":\"https:\/\/abelfigueiredo.pa.gov.br\/site\/portal-da-transparencia\/educacao\/\",\"name\":\"Educa\u00e7\u00e3o - Prefeitura Municipal de Abel Figueiredo | Gest\u00e3o 2025-2028\",\"isPartOf\":{\"@id\":\"https:\/\/abelfigueiredo.pa.gov.br\/site\/#website\"},\"datePublished\":\"2023-05-29T03:45:42+00:00\",\"dateModified\":\"2026-02-13T14:23:16+00:00\",\"breadcrumb\":{\"@id\":\"https:\/\/abelfigueiredo.pa.gov.br\/site\/portal-da-transparencia\/educacao\/#breadcrumb\"},\"inLanguage\":\"pt-BR\",\"potentialAction\":[{\"@type\":\"ReadAction\",\"target\":[\"https:\/\/abelfigueiredo.pa.gov.br\/site\/portal-da-transparencia\/educacao\/\"]}]},{\"@type\":\"BreadcrumbList\",\"@id\":\"https:\/\/abelfigueiredo.pa.gov.br\/site\/portal-da-transparencia\/educacao\/#breadcrumb\",\"itemListElement\":[{\"@type\":\"ListItem\",\"position\":1,\"name\":\"Portal da Transpar\u00eancia\",\"item\":\"https:\/\/abelfigueiredo.pa.gov.br\/site\/portal-da-transparencia\/\"},{\"@type\":\"ListItem\",\"position\":2,\"name\":\"Educa\u00e7\u00e3o\"}]},{\"@type\":\"WebSite\",\"@id\":\"https:\/\/abelfigueiredo.pa.gov.br\/site\/#website\",\"url\":\"https:\/\/abelfigueiredo.pa.gov.br\/site\/\",\"name\":\"Prefeitura Municipal de Abel Figueiredo | Gest\u00e3o 2025-2028\",\"description\":\"Site oficial da Prefeitura Municipal de Abel Figueiredo\",\"potentialAction\":[{\"@type\":\"SearchAction\",\"target\":{\"@type\":\"EntryPoint\",\"urlTemplate\":\"https:\/\/abelfigueiredo.pa.gov.br\/site\/?s={search_term_string}\"},\"query-input\":{\"@type\":\"PropertyValueSpecification\",\"valueRequired\":true,\"valueName\":\"search_term_string\"}}],\"inLanguage\":\"pt-BR\"}]}<\/script>\n<!-- \/ Yoast SEO plugin. -->","yoast_head_json":{"title":"Educa\u00e7\u00e3o - Prefeitura Municipal de Abel Figueiredo | Gest\u00e3o 2025-2028","robots":{"index":"index","follow":"follow","max-snippet":"max-snippet:-1","max-image-preview":"max-image-preview:large","max-video-preview":"max-video-preview:-1"},"canonical":"https:\/\/abelfigueiredo.pa.gov.br\/site\/portal-da-transparencia\/educacao\/","og_locale":"pt_BR","og_type":"article","og_title":"Educa\u00e7\u00e3o - Prefeitura Municipal de Abel Figueiredo | Gest\u00e3o 2025-2028","og_description":"Plano Municipal de Educa\u00e7\u00e3o Clique aqui para visualizar o Plano (2015-2025) Clique aqui para visualizar a altera\u00e7\u00e3o do plano Relat\u00f3rio de Resultados Clique aqui para visualizar Lista de Espera em Creches e\u00a0Crit\u00e9rios de Prioriza\u00e7\u00e3o Clique aqui para visualizar Planos de A\u00e7\u00e3o e Atividades Desenvolvidas Forma\u00e7\u00e3o acad\u00eamica dos gestores escolares (2026\/2027) Plano de A\u00e7\u00e3o \u2013 SEMEDVeja mais","og_url":"https:\/\/abelfigueiredo.pa.gov.br\/site\/portal-da-transparencia\/educacao\/","og_site_name":"Prefeitura Municipal de Abel Figueiredo | Gest\u00e3o 2025-2028","article_modified_time":"2026-02-13T14:23:16+00:00","schema":{"@context":"https:\/\/schema.org","@graph":[{"@type":"WebPage","@id":"https:\/\/abelfigueiredo.pa.gov.br\/site\/portal-da-transparencia\/educacao\/","url":"https:\/\/abelfigueiredo.pa.gov.br\/site\/portal-da-transparencia\/educacao\/","name":"Educa\u00e7\u00e3o - Prefeitura Municipal de Abel Figueiredo | Gest\u00e3o 2025-2028","isPartOf":{"@id":"https:\/\/abelfigueiredo.pa.gov.br\/site\/#website"},"datePublished":"2023-05-29T03:45:42+00:00","dateModified":"2026-02-13T14:23:16+00:00","breadcrumb":{"@id":"https:\/\/abelfigueiredo.pa.gov.br\/site\/portal-da-transparencia\/educacao\/#breadcrumb"},"inLanguage":"pt-BR","potentialAction":[{"@type":"ReadAction","target":["https:\/\/abelfigueiredo.pa.gov.br\/site\/portal-da-transparencia\/educacao\/"]}]},{"@type":"BreadcrumbList","@id":"https:\/\/abelfigueiredo.pa.gov.br\/site\/portal-da-transparencia\/educacao\/#breadcrumb","itemListElement":[{"@type":"ListItem","position":1,"name":"Portal da Transpar\u00eancia","item":"https:\/\/abelfigueiredo.pa.gov.br\/site\/portal-da-transparencia\/"},{"@type":"ListItem","position":2,"name":"Educa\u00e7\u00e3o"}]},{"@type":"WebSite","@id":"https:\/\/abelfigueiredo.pa.gov.br\/site\/#website","url":"https:\/\/abelfigueiredo.pa.gov.br\/site\/","name":"Prefeitura Municipal de Abel Figueiredo | Gest\u00e3o 2025-2028","description":"Site oficial da Prefeitura Municipal de Abel Figueiredo","potentialAction":[{"@type":"SearchAction","target":{"@type":"EntryPoint","urlTemplate":"https:\/\/abelfigueiredo.pa.gov.br\/site\/?s={search_term_string}"},"query-input":{"@type":"PropertyValueSpecification","valueRequired":true,"valueName":"search_term_string"}}],"inLanguage":"pt-BR"}]}},"_links":{"self":[{"href":"https:\/\/abelfigueiredo.pa.gov.br\/site\/wp-json\/wp\/v2\/pages\/8732","targetHints":{"allow":["GET"]}}],"collection":[{"href":"https:\/\/abelfigueiredo.pa.gov.br\/site\/wp-json\/wp\/v2\/pages"}],"about":[{"href":"https:\/\/abelfigueiredo.pa.gov.br\/site\/wp-json\/wp\/v2\/types\/page"}],"author":[{"embeddable":true,"href":"https:\/\/abelfigueiredo.pa.gov.br\/site\/wp-json\/wp\/v2\/users\/1"}],"replies":[{"embeddable":true,"href":"https:\/\/abelfigueiredo.pa.gov.br\/site\/wp-json\/wp\/v2\/comments?post=8732"}],"version-history":[{"count":12,"href":"https:\/\/abelfigueiredo.pa.gov.br\/site\/wp-json\/wp\/v2\/pages\/8732\/revisions"}],"predecessor-version":[{"id":19785,"href":"https:\/\/abelfigueiredo.pa.gov.br\/site\/wp-json\/wp\/v2\/pages\/8732\/revisions\/19785"}],"up":[{"embeddable":true,"href":"https:\/\/abelfigueiredo.pa.gov.br\/site\/wp-json\/wp\/v2\/pages\/1862"}],"wp:attachment":[{"href":"https:\/\/abelfigueiredo.pa.gov.br\/site\/wp-json\/wp\/v2\/media?parent=8732"}],"curies":[{"name":"wp","href":"https:\/\/api.w.org\/{rel}","templated":true}]}}

Educação

<h2>Plano Municipal de Educação</h2>
<ul>
<li><a href="https://abelfigueiredo.pa.gov.br/site/wp-content/uploads/2023/10/LEI_PME_ABEL_FIGUEIREDO-1.pdf" target="_blank" rel="noopener">Clique aqui para visualizar o Plano (2015-2025)</a></li>
<li><a href="https://abelfigueiredo.pa.gov.br/wp-content/uploads/2022/09/LEI-No-265-2022.pdf" target="_blank" rel="noopener" data-saferedirecturl="https://www.google.com/url?q=https://abelfigueiredo.pa.gov.br/wp-content/uploads/2022/09/LEI-No-265-2022.pdf&amp;source=gmail&amp;ust=1691508090663000&amp;usg=AOvVaw127d7sVAWr2Z0-8vxG6h3J">Clique aqui para visualizar a alteração do plano</a></li>
</ul>
<h2>Relatório de Resultados</h2>
<ul>
<li><a href="https://abelfigueiredo.pa.gov.br/site/wp-content/uploads/2023/09/Declaracao-quanto-ao-Relatorio-de-Resultados.pdf" target="_blank" rel="noopener">Clique aqui para visualizar</a></li>
</ul>
<h2>Lista de Espera em Creches e Critérios de Priorização</h2>
<ul>
<li><a href="https://abelfigueiredo.pa.gov.br/site/wp-content/uploads/2023/09/Declaracao-quanto-as-creches.pdf" target="_blank" rel="noopener">Clique aqui para visualizar</a></li>
</ul>
<h2>Planos de Ação e Atividades Desenvolvidas</h2>
<ul>
<li><a href="https://abelfigueiredo.pa.gov.br/site/wp-content/uploads/2026/02/formacao.pdf" target="_blank" rel="noopener">Formação acadêmica dos gestores escolares (2026/2027)</a></li>
<li><a href="https://abelfigueiredo.pa.gov.br/wp-content/uploads/2023/02/PLANO-DE-ACAO-2022-SEMED-Reparado.pdf" target="_blank" rel="noopener" data-saferedirecturl="https://www.google.com/url?q=https://abelfigueiredo.pa.gov.br/wp-content/uploads/2023/02/PLANO-DE-ACAO-2022-SEMED-Reparado.pdf&amp;source=gmail&amp;ust=1691508090663000&amp;usg=AOvVaw3b0s95PYKkSQUJ2BZdwYEg">Plano de Ação – SEMED</a></li>
<li><a href="https://abelfigueiredo.pa.gov.br/wp-content/uploads/2023/02/PLANo-de-acao-2021-c.pdf" target="_blank" rel="noopener" data-saferedirecturl="https://www.google.com/url?q=https://abelfigueiredo.pa.gov.br/wp-content/uploads/2023/02/PLANo-de-acao-2021-c.pdf&amp;source=gmail&amp;ust=1691508090663000&amp;usg=AOvVaw0mxH6dGvBwFl6TUQzl-nDj">Plano de Ação (aulas remoto/híbrido)</a></li>
<li><a href="https://abelfigueiredo.pa.gov.br/wp-content/uploads/2023/02/CamScanner-02-14-2023-14.17-1.pdf" target="_blank" rel="noopener" data-saferedirecturl="https://www.google.com/url?q=https://abelfigueiredo.pa.gov.br/wp-content/uploads/2023/02/CamScanner-02-14-2023-14.17-1.pdf&amp;source=gmail&amp;ust=1691508090663000&amp;usg=AOvVaw0roZi1db3g4uyoWGYvOWFb">Ações Desenvolvidas SEMED 2° Semestre de 2022</a></li>
<li><a href="https://abelfigueiredo.pa.gov.br/wp-content/uploads/2023/02/CamScanner-02-14-2023-14.24.pdf" target="_blank" rel="noopener" data-saferedirecturl="https://www.google.com/url?q=https://abelfigueiredo.pa.gov.br/wp-content/uploads/2023/02/CamScanner-02-14-2023-14.24.pdf&amp;source=gmail&amp;ust=1691508090663000&amp;usg=AOvVaw34j3aD8IYb2K6WKUY6dSBQ">Atividades Desenvolvidas SEMED 1° Semestre de 2021</a></li>
</ul>

<p>Plano Municipal de Educação Clique aqui para visualizar o Plano (2015-2025) Clique aqui para visualizar a alteração do plano Relatório de Resultados Clique aqui para visualizar Lista de Espera em Creches e Critérios de Priorização Clique aqui para visualizar Planos de Ação e Atividades Desenvolvidas Formação acadêmica dos gestores escolares (2026/2027) Plano de Ação – SEMED</p>
<div class="read-more"><a href="https://abelfigueiredo.pa.gov.br/site/portal-da-transparencia/educacao/" title="Veja mais">Veja mais</a></div>

<!-- This site is optimized with the Yoast SEO plugin v26.6 - https://yoast.com/wordpress/plugins/seo/ -->
<title>Educação - Prefeitura Municipal de Abel Figueiredo | Gestão 2025-2028</title>
<meta name="robots" content="index, follow, max-snippet:-1, max-image-preview:large, max-video-preview:-1" />
<link rel="canonical" href="https://abelfigueiredo.pa.gov.br/site/portal-da-transparencia/educacao/" />
<meta property="og:locale" content="pt_BR" />
<meta property="og:type" content="article" />
<meta property="og:title" content="Educação - Prefeitura Municipal de Abel Figueiredo | Gestão 2025-2028" />
<meta property="og:description" content="Plano Municipal de Educação Clique aqui para visualizar o Plano (2015-2025) Clique aqui para visualizar a alteração do plano Relatório de Resultados Clique aqui para visualizar Lista de Espera em Creches e Critérios de Priorização Clique aqui para visualizar Planos de Ação e Atividades Desenvolvidas Formação acadêmica dos gestores escolares (2026/2027) Plano de Ação – SEMEDVeja mais" />
<meta property="og:url" content="https://abelfigueiredo.pa.gov.br/site/portal-da-transparencia/educacao/" />
<meta property="og:site_name" content="Prefeitura Municipal de Abel Figueiredo | Gestão 2025-2028" />
<meta property="article:modified_time" content="2026-02-13T14:23:16+00:00" />
<script type="application/ld+json" class="yoast-schema-graph">{"@context":"https://schema.org","@graph":[{"@type":"WebPage","@id":"https://abelfigueiredo.pa.gov.br/site/portal-da-transparencia/educacao/","url":"https://abelfigueiredo.pa.gov.br/site/portal-da-transparencia/educacao/","name":"Educação - Prefeitura Municipal de Abel Figueiredo | Gestão 2025-2028","isPartOf":{"@id":"https://abelfigueiredo.pa.gov.br/site/#website"},"datePublished":"2023-05-29T03:45:42+00:00","dateModified":"2026-02-13T14:23:16+00:00","breadcrumb":{"@id":"https://abelfigueiredo.pa.gov.br/site/portal-da-transparencia/educacao/#breadcrumb"},"inLanguage":"pt-BR","potentialAction":[{"@type":"ReadAction","target":["https://abelfigueiredo.pa.gov.br/site/portal-da-transparencia/educacao/"]}]},{"@type":"BreadcrumbList","@id":"https://abelfigueiredo.pa.gov.br/site/portal-da-transparencia/educacao/#breadcrumb","itemListElement":[{"@type":"ListItem","position":1,"name":"Portal da Transparência","item":"https://abelfigueiredo.pa.gov.br/site/portal-da-transparencia/"},{"@type":"ListItem","position":2,"name":"Educação"}]},{"@type":"WebSite","@id":"https://abelfigueiredo.pa.gov.br/site/#website","url":"https://abelfigueiredo.pa.gov.br/site/","name":"Prefeitura Municipal de Abel Figueiredo | Gestão 2025-2028","description":"Site oficial da Prefeitura Municipal de Abel Figueiredo","potentialAction":[{"@type":"SearchAction","target":{"@type":"EntryPoint","urlTemplate":"https://abelfigueiredo.pa.gov.br/site/?s={search_term_string}"},"query-input":{"@type":"PropertyValueSpecification","valueRequired":true,"valueName":"search_term_string"}}],"inLanguage":"pt-BR"}]}</script>
<!-- / Yoast SEO plugin. -->

Educação - Prefeitura Municipal de Abel Figueiredo | Gestão 2025-2028

Plano Municipal de Educação Clique aqui para visualizar o Plano (2015-2025) Clique aqui para visualizar a alteração do plano Relatório de Resultados Clique aqui para visualizar Lista de Espera em Creches e Critérios de Priorização Clique aqui para visualizar Planos de Ação e Atividades Desenvolvidas Formação acadêmica dos gestores escolares (2026/2027) Plano de Ação – SEMEDVeja mais

Prefeitura Municipal de Abel Figueiredo | Gestão 2025-2028

Portal da Transparência
