{"id":8712,"date":"2023-05-28T20:10:22","date_gmt":"2023-05-28T23:10:22","guid":{"rendered":"https:\/\/barcarena.pa.gov.br\/?page_id=8712"},"modified":"2023-07-31T12:57:22","modified_gmt":"2023-07-31T15:57:22","slug":"lgpd-dados","status":"publish","type":"page","link":"https:\/\/abelfigueiredo.pa.gov.br\/site\/portal-da-transparencia\/lgpd-dados\/","title":{"rendered":"LGPD &#8211; Lei Geral de Prote\u00e7\u00e3o de Dados"},"content":{"rendered":"<ul>\n<li><strong>Pessoa respons\u00e1vel:<\/strong>\u00a0\u00a0Altamir da Silva Ferreira<\/li>\n<li>\n<div><b>Cargo<\/b>: Coordenador de Controle Interno<\/div>\n<\/li>\n<li><strong>Endere\u00e7o:<\/strong>\u00a0\u00a0Av. Alacid Nunes, 79, Centro, Abel Figueiredo\/PA<\/li>\n<li><strong>Fone:<\/strong>\u00a0\u00a094 99179-1180<\/li>\n<li><strong>E-mail:<\/strong>\u00a0\u00a0<a href=\"mailto:controleinternoabelfigueiredo@gmail.com\" target=\"_blank\" rel=\"noopener\">controleinternoabelfigueiredo@<wbr \/>gmail.com<\/a><\/li>\n<li><strong>Hor\u00e1rio de Atendimento:<\/strong>\u00a0\u00a0Segunda-feira \u00e0 Sexta-feira, das 08:00hr \u00e0s 13:00hr<\/li>\n<\/ul>\n<h2>Regulamenta\u00e7\u00e3o da LGPD<\/h2>\n<ul>\n<li><a href=\"https:\/\/abelfigueiredo.pa.gov.br\/site\/wp-content\/uploads\/2023\/07\/DECRETO-No-033-2023-GP-LGPD.pdf\" target=\"_blank\" rel=\"noopener\">Clique aqui para acessar<\/a><\/li>\n<\/ul>\n<h2>Regulamenta\u00e7\u00e3o da Lei Federal n\u00ba 14.129\/2021 (Governo Digital)<\/h2>\n<div class=\"entry-content clearfix\">\n<ul>\n<li><a href=\"https:\/\/abelfigueiredo.pa.gov.br\/site\/wp-content\/uploads\/2023\/07\/DECRETO-No-034-2023-GP-GOVERNO-DIGITAL.pdf\" target=\"_blank\" rel=\"noopener\">Clique aqui para acessar<\/a><\/li>\n<\/ul>\n<\/div>\n","protected":false},"excerpt":{"rendered":"<p>Pessoa respons\u00e1vel:\u00a0\u00a0Altamir da Silva Ferreira Cargo: Coordenador de Controle Interno Endere\u00e7o:\u00a0\u00a0Av. Alacid Nunes, 79, Centro, Abel Figueiredo\/PA Fone:\u00a0\u00a094 99179-1180 E-mail:\u00a0\u00a0controleinternoabelfigueiredo@gmail.com Hor\u00e1rio de Atendimento:\u00a0\u00a0Segunda-feira \u00e0 Sexta-feira, das 08:00hr \u00e0s 13:00hr Regulamenta\u00e7\u00e3o da LGPD Clique aqui para acessar Regulamenta\u00e7\u00e3o da Lei Federal n\u00ba 14.129\/2021 (Governo Digital) Clique aqui para acessar<\/p>\n","protected":false},"author":1,"featured_media":0,"parent":1862,"menu_order":0,"comment_status":"closed","ping_status":"closed","template":"","meta":{"footnotes":""},"class_list":["post-8712","page","type-page","status-publish"],"yoast_head":"<!-- This site is optimized with the Yoast SEO plugin v26.6 - https:\/\/yoast.com\/wordpress\/plugins\/seo\/ -->\n<title>LGPD - Lei Geral de Prote\u00e7\u00e3o de Dados - Prefeitura Municipal de Abel Figueiredo | Gest\u00e3o 2025-2028<\/title>\n<meta name=\"robots\" content=\"index, follow, max-snippet:-1, max-image-preview:large, max-video-preview:-1\" \/>\n<link rel=\"canonical\" href=\"https:\/\/abelfigueiredo.pa.gov.br\/site\/portal-da-transparencia\/lgpd-dados\/\" \/>\n<meta property=\"og:locale\" content=\"pt_BR\" \/>\n<meta property=\"og:type\" content=\"article\" \/>\n<meta property=\"og:title\" content=\"LGPD - Lei Geral de Prote\u00e7\u00e3o de Dados - Prefeitura Municipal de Abel Figueiredo | Gest\u00e3o 2025-2028\" \/>\n<meta property=\"og:description\" content=\"Pessoa respons\u00e1vel:\u00a0\u00a0Altamir da Silva Ferreira Cargo: Coordenador de Controle Interno Endere\u00e7o:\u00a0\u00a0Av. Alacid Nunes, 79, Centro, Abel Figueiredo\/PA Fone:\u00a0\u00a094 99179-1180 E-mail:\u00a0\u00a0controleinternoabelfigueiredo@gmail.com Hor\u00e1rio de Atendimento:\u00a0\u00a0Segunda-feira \u00e0 Sexta-feira, das 08:00hr \u00e0s 13:00hr Regulamenta\u00e7\u00e3o da LGPD Clique aqui para acessar Regulamenta\u00e7\u00e3o da Lei Federal n\u00ba 14.129\/2021 (Governo Digital) Clique aqui para acessar\" \/>\n<meta property=\"og:url\" content=\"https:\/\/abelfigueiredo.pa.gov.br\/site\/portal-da-transparencia\/lgpd-dados\/\" \/>\n<meta property=\"og:site_name\" content=\"Prefeitura Municipal de Abel Figueiredo | Gest\u00e3o 2025-2028\" \/>\n<meta property=\"article:modified_time\" content=\"2023-07-31T15:57:22+00:00\" \/>\n<script type=\"application\/ld+json\" class=\"yoast-schema-graph\">{\"@context\":\"https:\/\/schema.org\",\"@graph\":[{\"@type\":\"WebPage\",\"@id\":\"https:\/\/abelfigueiredo.pa.gov.br\/site\/portal-da-transparencia\/lgpd-dados\/\",\"url\":\"https:\/\/abelfigueiredo.pa.gov.br\/site\/portal-da-transparencia\/lgpd-dados\/\",\"name\":\"LGPD - Lei Geral de Prote\u00e7\u00e3o de Dados - Prefeitura Municipal de Abel Figueiredo | Gest\u00e3o 2025-2028\",\"isPartOf\":{\"@id\":\"https:\/\/abelfigueiredo.pa.gov.br\/site\/#website\"},\"datePublished\":\"2023-05-28T23:10:22+00:00\",\"dateModified\":\"2023-07-31T15:57:22+00:00\",\"breadcrumb\":{\"@id\":\"https:\/\/abelfigueiredo.pa.gov.br\/site\/portal-da-transparencia\/lgpd-dados\/#breadcrumb\"},\"inLanguage\":\"pt-BR\",\"potentialAction\":[{\"@type\":\"ReadAction\",\"target\":[\"https:\/\/abelfigueiredo.pa.gov.br\/site\/portal-da-transparencia\/lgpd-dados\/\"]}]},{\"@type\":\"BreadcrumbList\",\"@id\":\"https:\/\/abelfigueiredo.pa.gov.br\/site\/portal-da-transparencia\/lgpd-dados\/#breadcrumb\",\"itemListElement\":[{\"@type\":\"ListItem\",\"position\":1,\"name\":\"Portal da Transpar\u00eancia\",\"item\":\"https:\/\/abelfigueiredo.pa.gov.br\/site\/portal-da-transparencia\/\"},{\"@type\":\"ListItem\",\"position\":2,\"name\":\"LGPD &#8211; Lei Geral de Prote\u00e7\u00e3o de Dados\"}]},{\"@type\":\"WebSite\",\"@id\":\"https:\/\/abelfigueiredo.pa.gov.br\/site\/#website\",\"url\":\"https:\/\/abelfigueiredo.pa.gov.br\/site\/\",\"name\":\"Prefeitura Municipal de Abel Figueiredo | Gest\u00e3o 2025-2028\",\"description\":\"Site oficial da Prefeitura Municipal de Abel Figueiredo\",\"potentialAction\":[{\"@type\":\"SearchAction\",\"target\":{\"@type\":\"EntryPoint\",\"urlTemplate\":\"https:\/\/abelfigueiredo.pa.gov.br\/site\/?s={search_term_string}\"},\"query-input\":{\"@type\":\"PropertyValueSpecification\",\"valueRequired\":true,\"valueName\":\"search_term_string\"}}],\"inLanguage\":\"pt-BR\"}]}<\/script>\n<!-- \/ Yoast SEO plugin. -->","yoast_head_json":{"title":"LGPD - Lei Geral de Prote\u00e7\u00e3o de Dados - Prefeitura Municipal de Abel Figueiredo | Gest\u00e3o 2025-2028","robots":{"index":"index","follow":"follow","max-snippet":"max-snippet:-1","max-image-preview":"max-image-preview:large","max-video-preview":"max-video-preview:-1"},"canonical":"https:\/\/abelfigueiredo.pa.gov.br\/site\/portal-da-transparencia\/lgpd-dados\/","og_locale":"pt_BR","og_type":"article","og_title":"LGPD - Lei Geral de Prote\u00e7\u00e3o de Dados - Prefeitura Municipal de Abel Figueiredo | Gest\u00e3o 2025-2028","og_description":"Pessoa respons\u00e1vel:\u00a0\u00a0Altamir da Silva Ferreira Cargo: Coordenador de Controle Interno Endere\u00e7o:\u00a0\u00a0Av. Alacid Nunes, 79, Centro, Abel Figueiredo\/PA Fone:\u00a0\u00a094 99179-1180 E-mail:\u00a0\u00a0controleinternoabelfigueiredo@gmail.com Hor\u00e1rio de Atendimento:\u00a0\u00a0Segunda-feira \u00e0 Sexta-feira, das 08:00hr \u00e0s 13:00hr Regulamenta\u00e7\u00e3o da LGPD Clique aqui para acessar Regulamenta\u00e7\u00e3o da Lei Federal n\u00ba 14.129\/2021 (Governo Digital) Clique aqui para acessar","og_url":"https:\/\/abelfigueiredo.pa.gov.br\/site\/portal-da-transparencia\/lgpd-dados\/","og_site_name":"Prefeitura Municipal de Abel Figueiredo | Gest\u00e3o 2025-2028","article_modified_time":"2023-07-31T15:57:22+00:00","schema":{"@context":"https:\/\/schema.org","@graph":[{"@type":"WebPage","@id":"https:\/\/abelfigueiredo.pa.gov.br\/site\/portal-da-transparencia\/lgpd-dados\/","url":"https:\/\/abelfigueiredo.pa.gov.br\/site\/portal-da-transparencia\/lgpd-dados\/","name":"LGPD - Lei Geral de Prote\u00e7\u00e3o de Dados - Prefeitura Municipal de Abel Figueiredo | Gest\u00e3o 2025-2028","isPartOf":{"@id":"https:\/\/abelfigueiredo.pa.gov.br\/site\/#website"},"datePublished":"2023-05-28T23:10:22+00:00","dateModified":"2023-07-31T15:57:22+00:00","breadcrumb":{"@id":"https:\/\/abelfigueiredo.pa.gov.br\/site\/portal-da-transparencia\/lgpd-dados\/#breadcrumb"},"inLanguage":"pt-BR","potentialAction":[{"@type":"ReadAction","target":["https:\/\/abelfigueiredo.pa.gov.br\/site\/portal-da-transparencia\/lgpd-dados\/"]}]},{"@type":"BreadcrumbList","@id":"https:\/\/abelfigueiredo.pa.gov.br\/site\/portal-da-transparencia\/lgpd-dados\/#breadcrumb","itemListElement":[{"@type":"ListItem","position":1,"name":"Portal da Transpar\u00eancia","item":"https:\/\/abelfigueiredo.pa.gov.br\/site\/portal-da-transparencia\/"},{"@type":"ListItem","position":2,"name":"LGPD &#8211; Lei Geral de Prote\u00e7\u00e3o de Dados"}]},{"@type":"WebSite","@id":"https:\/\/abelfigueiredo.pa.gov.br\/site\/#website","url":"https:\/\/abelfigueiredo.pa.gov.br\/site\/","name":"Prefeitura Municipal de Abel Figueiredo | Gest\u00e3o 2025-2028","description":"Site oficial da Prefeitura Municipal de Abel Figueiredo","potentialAction":[{"@type":"SearchAction","target":{"@type":"EntryPoint","urlTemplate":"https:\/\/abelfigueiredo.pa.gov.br\/site\/?s={search_term_string}"},"query-input":{"@type":"PropertyValueSpecification","valueRequired":true,"valueName":"search_term_string"}}],"inLanguage":"pt-BR"}]}},"_links":{"self":[{"href":"https:\/\/abelfigueiredo.pa.gov.br\/site\/wp-json\/wp\/v2\/pages\/8712","targetHints":{"allow":["GET"]}}],"collection":[{"href":"https:\/\/abelfigueiredo.pa.gov.br\/site\/wp-json\/wp\/v2\/pages"}],"about":[{"href":"https:\/\/abelfigueiredo.pa.gov.br\/site\/wp-json\/wp\/v2\/types\/page"}],"author":[{"embeddable":true,"href":"https:\/\/abelfigueiredo.pa.gov.br\/site\/wp-json\/wp\/v2\/users\/1"}],"replies":[{"embeddable":true,"href":"https:\/\/abelfigueiredo.pa.gov.br\/site\/wp-json\/wp\/v2\/comments?post=8712"}],"version-history":[{"count":11,"href":"https:\/\/abelfigueiredo.pa.gov.br\/site\/wp-json\/wp\/v2\/pages\/8712\/revisions"}],"predecessor-version":[{"id":15714,"href":"https:\/\/abelfigueiredo.pa.gov.br\/site\/wp-json\/wp\/v2\/pages\/8712\/revisions\/15714"}],"up":[{"embeddable":true,"href":"https:\/\/abelfigueiredo.pa.gov.br\/site\/wp-json\/wp\/v2\/pages\/1862"}],"wp:attachment":[{"href":"https:\/\/abelfigueiredo.pa.gov.br\/site\/wp-json\/wp\/v2\/media?parent=8712"}],"curies":[{"name":"wp","href":"https:\/\/api.w.org\/{rel}","templated":true}]}}

LGPD &#8211; Lei Geral de Proteção de Dados

<ul>
<li><strong>Pessoa responsável:</strong>  Altamir da Silva Ferreira</li>
<li>
<div><b>Cargo</b>: Coordenador de Controle Interno</div>
</li>
<li><strong>Endereço:</strong>  Av. Alacid Nunes, 79, Centro, Abel Figueiredo/PA</li>
<li><strong>Fone:</strong>  94 99179-1180</li>
<li><strong>E-mail:</strong>  <a href="mailto:controleinternoabelfigueiredo@gmail.com" target="_blank" rel="noopener">controleinternoabelfigueiredo@<wbr />gmail.com</a></li>
<li><strong>Horário de Atendimento:</strong>  Segunda-feira à Sexta-feira, das 08:00hr às 13:00hr</li>
</ul>
<h2>Regulamentação da LGPD</h2>
<ul>
<li><a href="https://abelfigueiredo.pa.gov.br/site/wp-content/uploads/2023/07/DECRETO-No-033-2023-GP-LGPD.pdf" target="_blank" rel="noopener">Clique aqui para acessar</a></li>
</ul>
<h2>Regulamentação da Lei Federal nº 14.129/2021 (Governo Digital)</h2>
<div class="entry-content clearfix">
<ul>
<li><a href="https://abelfigueiredo.pa.gov.br/site/wp-content/uploads/2023/07/DECRETO-No-034-2023-GP-GOVERNO-DIGITAL.pdf" target="_blank" rel="noopener">Clique aqui para acessar</a></li>
</ul>
</div>

<p>Pessoa responsável:  Altamir da Silva Ferreira Cargo: Coordenador de Controle Interno Endereço:  Av. Alacid Nunes, 79, Centro, Abel Figueiredo/PA Fone:  94 99179-1180 E-mail:  controleinternoabelfigueiredo@gmail.com Horário de Atendimento:  Segunda-feira à Sexta-feira, das 08:00hr às 13:00hr Regulamentação da LGPD Clique aqui para acessar Regulamentação da Lei Federal nº 14.129/2021 (Governo Digital) Clique aqui para acessar</p>

<!-- This site is optimized with the Yoast SEO plugin v26.6 - https://yoast.com/wordpress/plugins/seo/ -->
<title>LGPD - Lei Geral de Proteção de Dados - Prefeitura Municipal de Abel Figueiredo | Gestão 2025-2028</title>
<meta name="robots" content="index, follow, max-snippet:-1, max-image-preview:large, max-video-preview:-1" />
<link rel="canonical" href="https://abelfigueiredo.pa.gov.br/site/portal-da-transparencia/lgpd-dados/" />
<meta property="og:locale" content="pt_BR" />
<meta property="og:type" content="article" />
<meta property="og:title" content="LGPD - Lei Geral de Proteção de Dados - Prefeitura Municipal de Abel Figueiredo | Gestão 2025-2028" />
<meta property="og:description" content="Pessoa responsável:  Altamir da Silva Ferreira Cargo: Coordenador de Controle Interno Endereço:  Av. Alacid Nunes, 79, Centro, Abel Figueiredo/PA Fone:  94 99179-1180 E-mail:  controleinternoabelfigueiredo@gmail.com Horário de Atendimento:  Segunda-feira à Sexta-feira, das 08:00hr às 13:00hr Regulamentação da LGPD Clique aqui para acessar Regulamentação da Lei Federal nº 14.129/2021 (Governo Digital) Clique aqui para acessar" />
<meta property="og:url" content="https://abelfigueiredo.pa.gov.br/site/portal-da-transparencia/lgpd-dados/" />
<meta property="og:site_name" content="Prefeitura Municipal de Abel Figueiredo | Gestão 2025-2028" />
<meta property="article:modified_time" content="2023-07-31T15:57:22+00:00" />
<script type="application/ld+json" class="yoast-schema-graph">{"@context":"https://schema.org","@graph":[{"@type":"WebPage","@id":"https://abelfigueiredo.pa.gov.br/site/portal-da-transparencia/lgpd-dados/","url":"https://abelfigueiredo.pa.gov.br/site/portal-da-transparencia/lgpd-dados/","name":"LGPD - Lei Geral de Proteção de Dados - Prefeitura Municipal de Abel Figueiredo | Gestão 2025-2028","isPartOf":{"@id":"https://abelfigueiredo.pa.gov.br/site/#website"},"datePublished":"2023-05-28T23:10:22+00:00","dateModified":"2023-07-31T15:57:22+00:00","breadcrumb":{"@id":"https://abelfigueiredo.pa.gov.br/site/portal-da-transparencia/lgpd-dados/#breadcrumb"},"inLanguage":"pt-BR","potentialAction":[{"@type":"ReadAction","target":["https://abelfigueiredo.pa.gov.br/site/portal-da-transparencia/lgpd-dados/"]}]},{"@type":"BreadcrumbList","@id":"https://abelfigueiredo.pa.gov.br/site/portal-da-transparencia/lgpd-dados/#breadcrumb","itemListElement":[{"@type":"ListItem","position":1,"name":"Portal da Transparência","item":"https://abelfigueiredo.pa.gov.br/site/portal-da-transparencia/"},{"@type":"ListItem","position":2,"name":"LGPD &#8211; Lei Geral de Proteção de Dados"}]},{"@type":"WebSite","@id":"https://abelfigueiredo.pa.gov.br/site/#website","url":"https://abelfigueiredo.pa.gov.br/site/","name":"Prefeitura Municipal de Abel Figueiredo | Gestão 2025-2028","description":"Site oficial da Prefeitura Municipal de Abel Figueiredo","potentialAction":[{"@type":"SearchAction","target":{"@type":"EntryPoint","urlTemplate":"https://abelfigueiredo.pa.gov.br/site/?s={search_term_string}"},"query-input":{"@type":"PropertyValueSpecification","valueRequired":true,"valueName":"search_term_string"}}],"inLanguage":"pt-BR"}]}</script>
<!-- / Yoast SEO plugin. -->

LGPD - Lei Geral de Proteção de Dados - Prefeitura Municipal de Abel Figueiredo | Gestão 2025-2028

Pessoa responsável:  Altamir da Silva Ferreira Cargo: Coordenador de Controle Interno Endereço:  Av. Alacid Nunes, 79, Centro, Abel Figueiredo/PA Fone:  94 99179-1180 E-mail:  controleinternoabelfigueiredo@gmail.com Horário de Atendimento:  Segunda-feira à Sexta-feira, das 08:00hr às 13:00hr Regulamentação da LGPD Clique aqui para acessar Regulamentação da Lei Federal nº 14.129/2021 (Governo Digital) Clique aqui para acessar

Prefeitura Municipal de Abel Figueiredo | Gestão 2025-2028

Portal da Transparência
