{"id":739,"date":"2013-08-23T22:59:10","date_gmt":"2013-08-23T22:59:10","guid":{"rendered":"http:\/\/wrcriacaodesites.com.br\/provas\/fermatec\/?page_id=739"},"modified":"2026-01-22T12:09:12","modified_gmt":"2026-01-22T15:09:12","slug":"gabinete-do-prefeito","status":"publish","type":"page","link":"https:\/\/abelfigueiredo.pa.gov.br\/site\/o-governo\/estrutura-organizacional\/gabinete-do-prefeito\/","title":{"rendered":"Gabinete do Prefeito"},"content":{"rendered":"<p><strong>Chefe de Gabinete:<\/strong> ANDR\u00c9 ALVES DOS SANTOS<\/p>\n<p><strong>Hor\u00e1rio de Atendimento:<\/strong>\u00a008:00 \u00e0s 11:00 horas<\/p>\n<p><strong>Endere\u00e7o:<\/strong>\u00a0Avenida Alacid Nunes, 79, Centro \u2013 Abel Figueiredo\/PA<\/p>\n<p><strong>CEP:<\/strong>\u00a068.527-000<\/p>\n<p><strong>Telefone:<\/strong> (94) 99120-4908<\/p>\n<p><strong>E-mail:<\/strong>\u00a0gabinete@abelfigueiredo.pa.gov.br<\/p>\n<h2>Compet\u00eancias<\/h2>\n<p>Ao Prefeito como chefe da administra\u00e7\u00e3o municipal, cabe executar as delibera\u00e7\u00f5es da C\u00e2mara, dirigir, fiscalizar e defender os interesses do munic\u00edpio e adotar de acordo com a lei, todas as medidas administrativas e de gest\u00e3o como: Nomea\u00e7\u00e3o e exonera\u00e7\u00e3o, gest\u00e3o e funcionalismo e decretos e regulamentos.<\/p>\n<p>Atentando tamb\u00e9m as compet\u00eancias legislativas e or\u00e7amentarias como: Iniciativas de Leis, ciclo or\u00e7ament\u00e1rio enviando a c\u00e2mara municipal o PPA (Plano Plurianual), a LDO (Lei de Diretrizes Or\u00e7ament\u00e1rias) e a LOA (Lei Or\u00e7ament\u00e1ria Anual), e san\u00e7\u00f5es e vetos.<\/p>\n<p>\u00c9 dever do prefeito focar na presta\u00e7\u00e3o de servi\u00e7o e na infraestrutura local do munic\u00edpio, o que inclui: Abastecimento de \u00e1gua e saneamento, zelo pelo patrim\u00f4nio e servi\u00e7os de utilidade p\u00fablica, organizar a coleta de lixo, ilumina\u00e7\u00e3o p\u00fablica e a manuten\u00e7\u00e3o de estradas vicinais, essenciais para o escoamento da produ\u00e7\u00e3o agropecu\u00e1ria da regi\u00e3o.<\/p>\n<p>Exercer representa\u00e7\u00f5es e rela\u00e7\u00f5es institucionais, responsabilidade fiscal e Judicial e extrajudicial, com conv\u00eanios, Presta\u00e7\u00e3o de Contas e Transpar\u00eancia p\u00fablica.<\/p>\n","protected":false},"excerpt":{"rendered":"<p>Chefe de Gabinete: ANDR\u00c9 ALVES DOS SANTOS Hor\u00e1rio de Atendimento:\u00a008:00 \u00e0s 11:00 horas Endere\u00e7o:\u00a0Avenida Alacid Nunes, 79, Centro \u2013 Abel Figueiredo\/PA CEP:\u00a068.527-000 Telefone: (94) 99120-4908 E-mail:\u00a0gabinete@abelfigueiredo.pa.gov.br Compet\u00eancias Ao Prefeito como chefe da administra\u00e7\u00e3o municipal, cabe executar as delibera\u00e7\u00f5es da C\u00e2mara, dirigir, fiscalizar e defender os interesses do munic\u00edpio e adotar de acordo com a lei,<\/p>\n<div class=\"read-more\"><a href=\"https:\/\/abelfigueiredo.pa.gov.br\/site\/o-governo\/estrutura-organizacional\/gabinete-do-prefeito\/\" title=\"Veja mais\">Veja mais<\/a><\/div>\n","protected":false},"author":1,"featured_media":0,"parent":676,"menu_order":0,"comment_status":"closed","ping_status":"closed","template":"","meta":{"footnotes":""},"class_list":["post-739","page","type-page","status-publish"],"yoast_head":"<!-- This site is optimized with the Yoast SEO plugin v26.6 - https:\/\/yoast.com\/wordpress\/plugins\/seo\/ -->\n<title>Gabinete do Prefeito - Prefeitura Municipal de Abel Figueiredo | Gest\u00e3o 2025-2028<\/title>\n<meta name=\"robots\" content=\"index, follow, max-snippet:-1, max-image-preview:large, max-video-preview:-1\" \/>\n<link rel=\"canonical\" href=\"https:\/\/abelfigueiredo.pa.gov.br\/site\/o-governo\/estrutura-organizacional\/gabinete-do-prefeito\/\" \/>\n<meta property=\"og:locale\" content=\"pt_BR\" \/>\n<meta property=\"og:type\" content=\"article\" \/>\n<meta property=\"og:title\" content=\"Gabinete do Prefeito - Prefeitura Municipal de Abel Figueiredo | Gest\u00e3o 2025-2028\" \/>\n<meta property=\"og:description\" content=\"Chefe de Gabinete: ANDR\u00c9 ALVES DOS SANTOS Hor\u00e1rio de Atendimento:\u00a008:00 \u00e0s 11:00 horas Endere\u00e7o:\u00a0Avenida Alacid Nunes, 79, Centro \u2013 Abel Figueiredo\/PA CEP:\u00a068.527-000 Telefone: (94) 99120-4908 E-mail:\u00a0gabinete@abelfigueiredo.pa.gov.br Compet\u00eancias Ao Prefeito como chefe da administra\u00e7\u00e3o municipal, cabe executar as delibera\u00e7\u00f5es da C\u00e2mara, dirigir, fiscalizar e defender os interesses do munic\u00edpio e adotar de acordo com a lei,Veja mais\" \/>\n<meta property=\"og:url\" content=\"https:\/\/abelfigueiredo.pa.gov.br\/site\/o-governo\/estrutura-organizacional\/gabinete-do-prefeito\/\" \/>\n<meta property=\"og:site_name\" content=\"Prefeitura Municipal de Abel Figueiredo | Gest\u00e3o 2025-2028\" \/>\n<meta property=\"article:modified_time\" content=\"2026-01-22T15:09:12+00:00\" \/>\n<meta name=\"twitter:label1\" content=\"Est. tempo de leitura\" \/>\n\t<meta name=\"twitter:data1\" content=\"1 minuto\" \/>\n<script type=\"application\/ld+json\" class=\"yoast-schema-graph\">{\"@context\":\"https:\/\/schema.org\",\"@graph\":[{\"@type\":\"WebPage\",\"@id\":\"https:\/\/abelfigueiredo.pa.gov.br\/site\/o-governo\/estrutura-organizacional\/gabinete-do-prefeito\/\",\"url\":\"https:\/\/abelfigueiredo.pa.gov.br\/site\/o-governo\/estrutura-organizacional\/gabinete-do-prefeito\/\",\"name\":\"Gabinete do Prefeito - Prefeitura Municipal de Abel Figueiredo | Gest\u00e3o 2025-2028\",\"isPartOf\":{\"@id\":\"https:\/\/abelfigueiredo.pa.gov.br\/site\/#website\"},\"datePublished\":\"2013-08-23T22:59:10+00:00\",\"dateModified\":\"2026-01-22T15:09:12+00:00\",\"breadcrumb\":{\"@id\":\"https:\/\/abelfigueiredo.pa.gov.br\/site\/o-governo\/estrutura-organizacional\/gabinete-do-prefeito\/#breadcrumb\"},\"inLanguage\":\"pt-BR\",\"potentialAction\":[{\"@type\":\"ReadAction\",\"target\":[\"https:\/\/abelfigueiredo.pa.gov.br\/site\/o-governo\/estrutura-organizacional\/gabinete-do-prefeito\/\"]}]},{\"@type\":\"BreadcrumbList\",\"@id\":\"https:\/\/abelfigueiredo.pa.gov.br\/site\/o-governo\/estrutura-organizacional\/gabinete-do-prefeito\/#breadcrumb\",\"itemListElement\":[{\"@type\":\"ListItem\",\"position\":1,\"name\":\"O Governo\",\"item\":\"https:\/\/abelfigueiredo.pa.gov.br\/site\/o-governo\/\"},{\"@type\":\"ListItem\",\"position\":2,\"name\":\"Estrutura Organizacional\",\"item\":\"https:\/\/abelfigueiredo.pa.gov.br\/site\/o-governo\/estrutura-organizacional\/\"},{\"@type\":\"ListItem\",\"position\":3,\"name\":\"Gabinete do Prefeito\"}]},{\"@type\":\"WebSite\",\"@id\":\"https:\/\/abelfigueiredo.pa.gov.br\/site\/#website\",\"url\":\"https:\/\/abelfigueiredo.pa.gov.br\/site\/\",\"name\":\"Prefeitura Municipal de Abel Figueiredo | Gest\u00e3o 2025-2028\",\"description\":\"Site oficial da Prefeitura Municipal de Abel Figueiredo\",\"potentialAction\":[{\"@type\":\"SearchAction\",\"target\":{\"@type\":\"EntryPoint\",\"urlTemplate\":\"https:\/\/abelfigueiredo.pa.gov.br\/site\/?s={search_term_string}\"},\"query-input\":{\"@type\":\"PropertyValueSpecification\",\"valueRequired\":true,\"valueName\":\"search_term_string\"}}],\"inLanguage\":\"pt-BR\"}]}<\/script>\n<!-- \/ Yoast SEO plugin. -->","yoast_head_json":{"title":"Gabinete do Prefeito - Prefeitura Municipal de Abel Figueiredo | Gest\u00e3o 2025-2028","robots":{"index":"index","follow":"follow","max-snippet":"max-snippet:-1","max-image-preview":"max-image-preview:large","max-video-preview":"max-video-preview:-1"},"canonical":"https:\/\/abelfigueiredo.pa.gov.br\/site\/o-governo\/estrutura-organizacional\/gabinete-do-prefeito\/","og_locale":"pt_BR","og_type":"article","og_title":"Gabinete do Prefeito - Prefeitura Municipal de Abel Figueiredo | Gest\u00e3o 2025-2028","og_description":"Chefe de Gabinete: ANDR\u00c9 ALVES DOS SANTOS Hor\u00e1rio de Atendimento:\u00a008:00 \u00e0s 11:00 horas Endere\u00e7o:\u00a0Avenida Alacid Nunes, 79, Centro \u2013 Abel Figueiredo\/PA CEP:\u00a068.527-000 Telefone: (94) 99120-4908 E-mail:\u00a0gabinete@abelfigueiredo.pa.gov.br Compet\u00eancias Ao Prefeito como chefe da administra\u00e7\u00e3o municipal, cabe executar as delibera\u00e7\u00f5es da C\u00e2mara, dirigir, fiscalizar e defender os interesses do munic\u00edpio e adotar de acordo com a lei,Veja mais","og_url":"https:\/\/abelfigueiredo.pa.gov.br\/site\/o-governo\/estrutura-organizacional\/gabinete-do-prefeito\/","og_site_name":"Prefeitura Municipal de Abel Figueiredo | Gest\u00e3o 2025-2028","article_modified_time":"2026-01-22T15:09:12+00:00","twitter_misc":{"Est. tempo de leitura":"1 minuto"},"schema":{"@context":"https:\/\/schema.org","@graph":[{"@type":"WebPage","@id":"https:\/\/abelfigueiredo.pa.gov.br\/site\/o-governo\/estrutura-organizacional\/gabinete-do-prefeito\/","url":"https:\/\/abelfigueiredo.pa.gov.br\/site\/o-governo\/estrutura-organizacional\/gabinete-do-prefeito\/","name":"Gabinete do Prefeito - Prefeitura Municipal de Abel Figueiredo | Gest\u00e3o 2025-2028","isPartOf":{"@id":"https:\/\/abelfigueiredo.pa.gov.br\/site\/#website"},"datePublished":"2013-08-23T22:59:10+00:00","dateModified":"2026-01-22T15:09:12+00:00","breadcrumb":{"@id":"https:\/\/abelfigueiredo.pa.gov.br\/site\/o-governo\/estrutura-organizacional\/gabinete-do-prefeito\/#breadcrumb"},"inLanguage":"pt-BR","potentialAction":[{"@type":"ReadAction","target":["https:\/\/abelfigueiredo.pa.gov.br\/site\/o-governo\/estrutura-organizacional\/gabinete-do-prefeito\/"]}]},{"@type":"BreadcrumbList","@id":"https:\/\/abelfigueiredo.pa.gov.br\/site\/o-governo\/estrutura-organizacional\/gabinete-do-prefeito\/#breadcrumb","itemListElement":[{"@type":"ListItem","position":1,"name":"O Governo","item":"https:\/\/abelfigueiredo.pa.gov.br\/site\/o-governo\/"},{"@type":"ListItem","position":2,"name":"Estrutura Organizacional","item":"https:\/\/abelfigueiredo.pa.gov.br\/site\/o-governo\/estrutura-organizacional\/"},{"@type":"ListItem","position":3,"name":"Gabinete do Prefeito"}]},{"@type":"WebSite","@id":"https:\/\/abelfigueiredo.pa.gov.br\/site\/#website","url":"https:\/\/abelfigueiredo.pa.gov.br\/site\/","name":"Prefeitura Municipal de Abel Figueiredo | Gest\u00e3o 2025-2028","description":"Site oficial da Prefeitura Municipal de Abel Figueiredo","potentialAction":[{"@type":"SearchAction","target":{"@type":"EntryPoint","urlTemplate":"https:\/\/abelfigueiredo.pa.gov.br\/site\/?s={search_term_string}"},"query-input":{"@type":"PropertyValueSpecification","valueRequired":true,"valueName":"search_term_string"}}],"inLanguage":"pt-BR"}]}},"_links":{"self":[{"href":"https:\/\/abelfigueiredo.pa.gov.br\/site\/wp-json\/wp\/v2\/pages\/739","targetHints":{"allow":["GET"]}}],"collection":[{"href":"https:\/\/abelfigueiredo.pa.gov.br\/site\/wp-json\/wp\/v2\/pages"}],"about":[{"href":"https:\/\/abelfigueiredo.pa.gov.br\/site\/wp-json\/wp\/v2\/types\/page"}],"author":[{"embeddable":true,"href":"https:\/\/abelfigueiredo.pa.gov.br\/site\/wp-json\/wp\/v2\/users\/1"}],"replies":[{"embeddable":true,"href":"https:\/\/abelfigueiredo.pa.gov.br\/site\/wp-json\/wp\/v2\/comments?post=739"}],"version-history":[{"count":28,"href":"https:\/\/abelfigueiredo.pa.gov.br\/site\/wp-json\/wp\/v2\/pages\/739\/revisions"}],"predecessor-version":[{"id":19760,"href":"https:\/\/abelfigueiredo.pa.gov.br\/site\/wp-json\/wp\/v2\/pages\/739\/revisions\/19760"}],"up":[{"embeddable":true,"href":"https:\/\/abelfigueiredo.pa.gov.br\/site\/wp-json\/wp\/v2\/pages\/676"}],"wp:attachment":[{"href":"https:\/\/abelfigueiredo.pa.gov.br\/site\/wp-json\/wp\/v2\/media?parent=739"}],"curies":[{"name":"wp","href":"https:\/\/api.w.org\/{rel}","templated":true}]}}

<p><strong>Chefe de Gabinete:</strong> ANDRÉ ALVES DOS SANTOS</p>
<p><strong>Horário de Atendimento:</strong> 08:00 às 11:00 horas</p>
<p><strong>Endereço:</strong> Avenida Alacid Nunes, 79, Centro – Abel Figueiredo/PA</p>
<p><strong>CEP:</strong> 68.527-000</p>
<p><strong>Telefone:</strong> (94) 99120-4908</p>
<p><strong>E-mail:</strong> gabinete@abelfigueiredo.pa.gov.br</p>
<h2>Competências</h2>
<p>Ao Prefeito como chefe da administração municipal, cabe executar as deliberações da Câmara, dirigir, fiscalizar e defender os interesses do município e adotar de acordo com a lei, todas as medidas administrativas e de gestão como: Nomeação e exoneração, gestão e funcionalismo e decretos e regulamentos.</p>
<p>Atentando também as competências legislativas e orçamentarias como: Iniciativas de Leis, ciclo orçamentário enviando a câmara municipal o PPA (Plano Plurianual), a LDO (Lei de Diretrizes Orçamentárias) e a LOA (Lei Orçamentária Anual), e sanções e vetos.</p>
<p>É dever do prefeito focar na prestação de serviço e na infraestrutura local do município, o que inclui: Abastecimento de água e saneamento, zelo pelo patrimônio e serviços de utilidade pública, organizar a coleta de lixo, iluminação pública e a manutenção de estradas vicinais, essenciais para o escoamento da produção agropecuária da região.</p>
<p>Exercer representações e relações institucionais, responsabilidade fiscal e Judicial e extrajudicial, com convênios, Prestação de Contas e Transparência pública.</p>

<p>Chefe de Gabinete: ANDRÉ ALVES DOS SANTOS Horário de Atendimento: 08:00 às 11:00 horas Endereço: Avenida Alacid Nunes, 79, Centro – Abel Figueiredo/PA CEP: 68.527-000 Telefone: (94) 99120-4908 E-mail: gabinete@abelfigueiredo.pa.gov.br Competências Ao Prefeito como chefe da administração municipal, cabe executar as deliberações da Câmara, dirigir, fiscalizar e defender os interesses do município e adotar de acordo com a lei,</p>
<div class="read-more"><a href="https://abelfigueiredo.pa.gov.br/site/o-governo/estrutura-organizacional/gabinete-do-prefeito/" title="Veja mais">Veja mais</a></div>

<!-- This site is optimized with the Yoast SEO plugin v26.6 - https://yoast.com/wordpress/plugins/seo/ -->
<title>Gabinete do Prefeito - Prefeitura Municipal de Abel Figueiredo | Gestão 2025-2028</title>
<meta name="robots" content="index, follow, max-snippet:-1, max-image-preview:large, max-video-preview:-1" />
<link rel="canonical" href="https://abelfigueiredo.pa.gov.br/site/o-governo/estrutura-organizacional/gabinete-do-prefeito/" />
<meta property="og:locale" content="pt_BR" />
<meta property="og:type" content="article" />
<meta property="og:title" content="Gabinete do Prefeito - Prefeitura Municipal de Abel Figueiredo | Gestão 2025-2028" />
<meta property="og:description" content="Chefe de Gabinete: ANDRÉ ALVES DOS SANTOS Horário de Atendimento: 08:00 às 11:00 horas Endereço: Avenida Alacid Nunes, 79, Centro – Abel Figueiredo/PA CEP: 68.527-000 Telefone: (94) 99120-4908 E-mail: gabinete@abelfigueiredo.pa.gov.br Competências Ao Prefeito como chefe da administração municipal, cabe executar as deliberações da Câmara, dirigir, fiscalizar e defender os interesses do município e adotar de acordo com a lei,Veja mais" />
<meta property="og:url" content="https://abelfigueiredo.pa.gov.br/site/o-governo/estrutura-organizacional/gabinete-do-prefeito/" />
<meta property="og:site_name" content="Prefeitura Municipal de Abel Figueiredo | Gestão 2025-2028" />
<meta property="article:modified_time" content="2026-01-22T15:09:12+00:00" />
<meta name="twitter:label1" content="Est. tempo de leitura" />
	<meta name="twitter:data1" content="1 minuto" />
<script type="application/ld+json" class="yoast-schema-graph">{"@context":"https://schema.org","@graph":[{"@type":"WebPage","@id":"https://abelfigueiredo.pa.gov.br/site/o-governo/estrutura-organizacional/gabinete-do-prefeito/","url":"https://abelfigueiredo.pa.gov.br/site/o-governo/estrutura-organizacional/gabinete-do-prefeito/","name":"Gabinete do Prefeito - Prefeitura Municipal de Abel Figueiredo | Gestão 2025-2028","isPartOf":{"@id":"https://abelfigueiredo.pa.gov.br/site/#website"},"datePublished":"2013-08-23T22:59:10+00:00","dateModified":"2026-01-22T15:09:12+00:00","breadcrumb":{"@id":"https://abelfigueiredo.pa.gov.br/site/o-governo/estrutura-organizacional/gabinete-do-prefeito/#breadcrumb"},"inLanguage":"pt-BR","potentialAction":[{"@type":"ReadAction","target":["https://abelfigueiredo.pa.gov.br/site/o-governo/estrutura-organizacional/gabinete-do-prefeito/"]}]},{"@type":"BreadcrumbList","@id":"https://abelfigueiredo.pa.gov.br/site/o-governo/estrutura-organizacional/gabinete-do-prefeito/#breadcrumb","itemListElement":[{"@type":"ListItem","position":1,"name":"O Governo","item":"https://abelfigueiredo.pa.gov.br/site/o-governo/"},{"@type":"ListItem","position":2,"name":"Estrutura Organizacional","item":"https://abelfigueiredo.pa.gov.br/site/o-governo/estrutura-organizacional/"},{"@type":"ListItem","position":3,"name":"Gabinete do Prefeito"}]},{"@type":"WebSite","@id":"https://abelfigueiredo.pa.gov.br/site/#website","url":"https://abelfigueiredo.pa.gov.br/site/","name":"Prefeitura Municipal de Abel Figueiredo | Gestão 2025-2028","description":"Site oficial da Prefeitura Municipal de Abel Figueiredo","potentialAction":[{"@type":"SearchAction","target":{"@type":"EntryPoint","urlTemplate":"https://abelfigueiredo.pa.gov.br/site/?s={search_term_string}"},"query-input":{"@type":"PropertyValueSpecification","valueRequired":true,"valueName":"search_term_string"}}],"inLanguage":"pt-BR"}]}</script>
<!-- / Yoast SEO plugin. -->

Gabinete do Prefeito - Prefeitura Municipal de Abel Figueiredo | Gestão 2025-2028

Chefe de Gabinete: ANDRÉ ALVES DOS SANTOS Horário de Atendimento: 08:00 às 11:00 horas Endereço: Avenida Alacid Nunes, 79, Centro – Abel Figueiredo/PA CEP: 68.527-000 Telefone: (94) 99120-4908 E-mail: gabinete@abelfigueiredo.pa.gov.br Competências Ao Prefeito como chefe da administração municipal, cabe executar as deliberações da Câmara, dirigir, fiscalizar e defender os interesses do município e adotar de acordo com a lei,Veja mais

Prefeitura Municipal de Abel Figueiredo | Gestão 2025-2028
