{"id":676,"date":"2013-07-24T16:03:37","date_gmt":"2013-07-24T16:03:37","guid":{"rendered":"http:\/\/wrcriacaodesites.com.br\/provas\/fermatec\/?page_id=676"},"modified":"2025-09-23T16:39:38","modified_gmt":"2025-09-23T19:39:38","slug":"estrutura-organizacional","status":"publish","type":"page","link":"https:\/\/abelfigueiredo.pa.gov.br\/site\/o-governo\/estrutura-organizacional\/","title":{"rendered":"Estrutura Organizacional"},"content":{"rendered":"<blockquote>\n<h3><span style=\"color: #19232d; font-size: 18px; font-weight: bold;\">Estrutura Organizacional a partir de 2025<\/span><\/h3>\n<ul>\n<li><a href=\"https:\/\/www.portalcr2.com.br\/estrutura-organizacional\/estrutura-abel-figueiredo\" target=\"_blank\" rel=\"noopener\">Clique aqui para acessar<\/a><\/li>\n<\/ul>\n<\/blockquote>\n<h3>Estrutura Organizacional at\u00e9 2024<\/h3>\n<ul>\n<li><a href=\"https:\/\/abelfigueiredo.pa.gov.br\/site\/o-governo\/estrutura-organizacional\/organograma\/\">Organograma<\/a><\/li>\n<\/ul>\n\n<!-- Page-list plugin v.5.9 wordpress.org\/plugins\/page-list\/ -->\n<ul class=\"page-list subpages-page-list \">\n<li class=\"page_item page-item-739\"><a href=\"https:\/\/abelfigueiredo.pa.gov.br\/site\/o-governo\/estrutura-organizacional\/gabinete-do-prefeito\/\">Gabinete do Prefeito<\/a><\/li>\n<li class=\"page_item page-item-5600\"><a href=\"https:\/\/abelfigueiredo.pa.gov.br\/site\/o-governo\/estrutura-organizacional\/secretaria-municipal-de-administracao-e-financas\/\">Secretaria Municipal de Administra\u00e7\u00e3o e Finan\u00e7as<\/a><\/li>\n<li class=\"page_item page-item-662\"><a href=\"https:\/\/abelfigueiredo.pa.gov.br\/site\/o-governo\/estrutura-organizacional\/secretaria-municipal-de-agricultura-abastecimento-e-terras-patrimoniais\/\">Secretaria Municipal de Agricultura, Abastecimento e Terras Patrimoniais<\/a><\/li>\n<li class=\"page_item page-item-656\"><a href=\"https:\/\/abelfigueiredo.pa.gov.br\/site\/o-governo\/estrutura-organizacional\/secretaria-municipal-de-cultura-desporto-lazer-e-turismo\/\">Secretaria Municipal de Cultura, Desporto, Lazer e Turismo<\/a><\/li>\n<li class=\"page_item page-item-5597\"><a href=\"https:\/\/abelfigueiredo.pa.gov.br\/site\/o-governo\/estrutura-organizacional\/secretaria-municipal-de-desenvolvimento-e-promocao-social\/\">Secretaria Municipal de Desenvolvimento e Promo\u00e7\u00e3o Social<\/a><\/li>\n<li class=\"page_item page-item-15795\"><a href=\"https:\/\/abelfigueiredo.pa.gov.br\/site\/o-governo\/estrutura-organizacional\/secretaria-municipal-de-educacao\/\">Secretaria Municipal de Educa\u00e7\u00e3o<\/a><\/li>\n<li class=\"page_item page-item-5595\"><a href=\"https:\/\/abelfigueiredo.pa.gov.br\/site\/o-governo\/estrutura-organizacional\/secretaria-municipal-de-meio-ambiente\/\">Secretaria Municipal de Meio Ambiente<\/a><\/li>\n<li class=\"page_item page-item-646\"><a href=\"https:\/\/abelfigueiredo.pa.gov.br\/site\/o-governo\/estrutura-organizacional\/secretaria-municipal-de-obras-transportes-e-urbanismo\/\">Secretaria Municipal de Obras, Transportes e Urbanismo<\/a><\/li>\n<li class=\"page_item page-item-15083\"><a href=\"https:\/\/abelfigueiredo.pa.gov.br\/site\/o-governo\/estrutura-organizacional\/secretaria-municipal-de-saude\/\">Secretaria Municipal de Sa\u00fade<\/a><\/li>\n\n<\/ul>","protected":false},"excerpt":{"rendered":"<p>Estrutura Organizacional a partir de 2025 Clique aqui para acessar Estrutura Organizacional at\u00e9 2024 Organograma<\/p>\n","protected":false},"author":1,"featured_media":0,"parent":687,"menu_order":0,"comment_status":"closed","ping_status":"closed","template":"","meta":{"footnotes":""},"class_list":["post-676","page","type-page","status-publish"],"yoast_head":"<!-- This site is optimized with the Yoast SEO plugin v26.6 - https:\/\/yoast.com\/wordpress\/plugins\/seo\/ -->\n<title>Estrutura Organizacional - Prefeitura Municipal de Abel Figueiredo | Gest\u00e3o 2025-2028<\/title>\n<meta name=\"robots\" content=\"index, follow, max-snippet:-1, max-image-preview:large, max-video-preview:-1\" \/>\n<link rel=\"canonical\" href=\"https:\/\/abelfigueiredo.pa.gov.br\/site\/o-governo\/estrutura-organizacional\/\" \/>\n<meta property=\"og:locale\" content=\"pt_BR\" \/>\n<meta property=\"og:type\" content=\"article\" \/>\n<meta property=\"og:title\" content=\"Estrutura Organizacional - Prefeitura Municipal de Abel Figueiredo | Gest\u00e3o 2025-2028\" \/>\n<meta property=\"og:description\" content=\"Estrutura Organizacional a partir de 2025 Clique aqui para acessar Estrutura Organizacional at\u00e9 2024 Organograma\" \/>\n<meta property=\"og:url\" content=\"https:\/\/abelfigueiredo.pa.gov.br\/site\/o-governo\/estrutura-organizacional\/\" \/>\n<meta property=\"og:site_name\" content=\"Prefeitura Municipal de Abel Figueiredo | Gest\u00e3o 2025-2028\" \/>\n<meta property=\"article:modified_time\" content=\"2025-09-23T19:39:38+00:00\" \/>\n<script type=\"application\/ld+json\" class=\"yoast-schema-graph\">{\"@context\":\"https:\/\/schema.org\",\"@graph\":[{\"@type\":\"WebPage\",\"@id\":\"https:\/\/abelfigueiredo.pa.gov.br\/site\/o-governo\/estrutura-organizacional\/\",\"url\":\"https:\/\/abelfigueiredo.pa.gov.br\/site\/o-governo\/estrutura-organizacional\/\",\"name\":\"Estrutura Organizacional - Prefeitura Municipal de Abel Figueiredo | Gest\u00e3o 2025-2028\",\"isPartOf\":{\"@id\":\"https:\/\/abelfigueiredo.pa.gov.br\/site\/#website\"},\"datePublished\":\"2013-07-24T16:03:37+00:00\",\"dateModified\":\"2025-09-23T19:39:38+00:00\",\"breadcrumb\":{\"@id\":\"https:\/\/abelfigueiredo.pa.gov.br\/site\/o-governo\/estrutura-organizacional\/#breadcrumb\"},\"inLanguage\":\"pt-BR\",\"potentialAction\":[{\"@type\":\"ReadAction\",\"target\":[\"https:\/\/abelfigueiredo.pa.gov.br\/site\/o-governo\/estrutura-organizacional\/\"]}]},{\"@type\":\"BreadcrumbList\",\"@id\":\"https:\/\/abelfigueiredo.pa.gov.br\/site\/o-governo\/estrutura-organizacional\/#breadcrumb\",\"itemListElement\":[{\"@type\":\"ListItem\",\"position\":1,\"name\":\"O Governo\",\"item\":\"https:\/\/abelfigueiredo.pa.gov.br\/site\/o-governo\/\"},{\"@type\":\"ListItem\",\"position\":2,\"name\":\"Estrutura Organizacional\"}]},{\"@type\":\"WebSite\",\"@id\":\"https:\/\/abelfigueiredo.pa.gov.br\/site\/#website\",\"url\":\"https:\/\/abelfigueiredo.pa.gov.br\/site\/\",\"name\":\"Prefeitura Municipal de Abel Figueiredo | Gest\u00e3o 2025-2028\",\"description\":\"Site oficial da Prefeitura Municipal de Abel Figueiredo\",\"potentialAction\":[{\"@type\":\"SearchAction\",\"target\":{\"@type\":\"EntryPoint\",\"urlTemplate\":\"https:\/\/abelfigueiredo.pa.gov.br\/site\/?s={search_term_string}\"},\"query-input\":{\"@type\":\"PropertyValueSpecification\",\"valueRequired\":true,\"valueName\":\"search_term_string\"}}],\"inLanguage\":\"pt-BR\"}]}<\/script>\n<!-- \/ Yoast SEO plugin. -->","yoast_head_json":{"title":"Estrutura Organizacional - Prefeitura Municipal de Abel Figueiredo | Gest\u00e3o 2025-2028","robots":{"index":"index","follow":"follow","max-snippet":"max-snippet:-1","max-image-preview":"max-image-preview:large","max-video-preview":"max-video-preview:-1"},"canonical":"https:\/\/abelfigueiredo.pa.gov.br\/site\/o-governo\/estrutura-organizacional\/","og_locale":"pt_BR","og_type":"article","og_title":"Estrutura Organizacional - Prefeitura Municipal de Abel Figueiredo | Gest\u00e3o 2025-2028","og_description":"Estrutura Organizacional a partir de 2025 Clique aqui para acessar Estrutura Organizacional at\u00e9 2024 Organograma","og_url":"https:\/\/abelfigueiredo.pa.gov.br\/site\/o-governo\/estrutura-organizacional\/","og_site_name":"Prefeitura Municipal de Abel Figueiredo | Gest\u00e3o 2025-2028","article_modified_time":"2025-09-23T19:39:38+00:00","schema":{"@context":"https:\/\/schema.org","@graph":[{"@type":"WebPage","@id":"https:\/\/abelfigueiredo.pa.gov.br\/site\/o-governo\/estrutura-organizacional\/","url":"https:\/\/abelfigueiredo.pa.gov.br\/site\/o-governo\/estrutura-organizacional\/","name":"Estrutura Organizacional - Prefeitura Municipal de Abel Figueiredo | Gest\u00e3o 2025-2028","isPartOf":{"@id":"https:\/\/abelfigueiredo.pa.gov.br\/site\/#website"},"datePublished":"2013-07-24T16:03:37+00:00","dateModified":"2025-09-23T19:39:38+00:00","breadcrumb":{"@id":"https:\/\/abelfigueiredo.pa.gov.br\/site\/o-governo\/estrutura-organizacional\/#breadcrumb"},"inLanguage":"pt-BR","potentialAction":[{"@type":"ReadAction","target":["https:\/\/abelfigueiredo.pa.gov.br\/site\/o-governo\/estrutura-organizacional\/"]}]},{"@type":"BreadcrumbList","@id":"https:\/\/abelfigueiredo.pa.gov.br\/site\/o-governo\/estrutura-organizacional\/#breadcrumb","itemListElement":[{"@type":"ListItem","position":1,"name":"O Governo","item":"https:\/\/abelfigueiredo.pa.gov.br\/site\/o-governo\/"},{"@type":"ListItem","position":2,"name":"Estrutura Organizacional"}]},{"@type":"WebSite","@id":"https:\/\/abelfigueiredo.pa.gov.br\/site\/#website","url":"https:\/\/abelfigueiredo.pa.gov.br\/site\/","name":"Prefeitura Municipal de Abel Figueiredo | Gest\u00e3o 2025-2028","description":"Site oficial da Prefeitura Municipal de Abel Figueiredo","potentialAction":[{"@type":"SearchAction","target":{"@type":"EntryPoint","urlTemplate":"https:\/\/abelfigueiredo.pa.gov.br\/site\/?s={search_term_string}"},"query-input":{"@type":"PropertyValueSpecification","valueRequired":true,"valueName":"search_term_string"}}],"inLanguage":"pt-BR"}]}},"_links":{"self":[{"href":"https:\/\/abelfigueiredo.pa.gov.br\/site\/wp-json\/wp\/v2\/pages\/676","targetHints":{"allow":["GET"]}}],"collection":[{"href":"https:\/\/abelfigueiredo.pa.gov.br\/site\/wp-json\/wp\/v2\/pages"}],"about":[{"href":"https:\/\/abelfigueiredo.pa.gov.br\/site\/wp-json\/wp\/v2\/types\/page"}],"author":[{"embeddable":true,"href":"https:\/\/abelfigueiredo.pa.gov.br\/site\/wp-json\/wp\/v2\/users\/1"}],"replies":[{"embeddable":true,"href":"https:\/\/abelfigueiredo.pa.gov.br\/site\/wp-json\/wp\/v2\/comments?post=676"}],"version-history":[{"count":16,"href":"https:\/\/abelfigueiredo.pa.gov.br\/site\/wp-json\/wp\/v2\/pages\/676\/revisions"}],"predecessor-version":[{"id":19621,"href":"https:\/\/abelfigueiredo.pa.gov.br\/site\/wp-json\/wp\/v2\/pages\/676\/revisions\/19621"}],"up":[{"embeddable":true,"href":"https:\/\/abelfigueiredo.pa.gov.br\/site\/wp-json\/wp\/v2\/pages\/687"}],"wp:attachment":[{"href":"https:\/\/abelfigueiredo.pa.gov.br\/site\/wp-json\/wp\/v2\/media?parent=676"}],"curies":[{"name":"wp","href":"https:\/\/api.w.org\/{rel}","templated":true}]}}

<blockquote>
<h3><span style="color: #19232d; font-size: 18px; font-weight: bold;">Estrutura Organizacional a partir de 2025</span></h3>
<ul>
<li><a href="https://www.portalcr2.com.br/estrutura-organizacional/estrutura-abel-figueiredo" target="_blank" rel="noopener">Clique aqui para acessar</a></li>
</ul>
</blockquote>
<h3>Estrutura Organizacional até 2024</h3>
<ul>
<li><a href="https://abelfigueiredo.pa.gov.br/site/o-governo/estrutura-organizacional/organograma/">Organograma</a></li>
</ul>

<!-- Page-list plugin v.5.9 wordpress.org/plugins/page-list/ -->
<ul class="page-list subpages-page-list ">
<li class="page_item page-item-739"><a href="https://abelfigueiredo.pa.gov.br/site/o-governo/estrutura-organizacional/gabinete-do-prefeito/">Gabinete do Prefeito</a></li>
<li class="page_item page-item-5600"><a href="https://abelfigueiredo.pa.gov.br/site/o-governo/estrutura-organizacional/secretaria-municipal-de-administracao-e-financas/">Secretaria Municipal de Administração e Finanças</a></li>
<li class="page_item page-item-662"><a href="https://abelfigueiredo.pa.gov.br/site/o-governo/estrutura-organizacional/secretaria-municipal-de-agricultura-abastecimento-e-terras-patrimoniais/">Secretaria Municipal de Agricultura, Abastecimento e Terras Patrimoniais</a></li>
<li class="page_item page-item-656"><a href="https://abelfigueiredo.pa.gov.br/site/o-governo/estrutura-organizacional/secretaria-municipal-de-cultura-desporto-lazer-e-turismo/">Secretaria Municipal de Cultura, Desporto, Lazer e Turismo</a></li>
<li class="page_item page-item-5597"><a href="https://abelfigueiredo.pa.gov.br/site/o-governo/estrutura-organizacional/secretaria-municipal-de-desenvolvimento-e-promocao-social/">Secretaria Municipal de Desenvolvimento e Promoção Social</a></li>
<li class="page_item page-item-15795"><a href="https://abelfigueiredo.pa.gov.br/site/o-governo/estrutura-organizacional/secretaria-municipal-de-educacao/">Secretaria Municipal de Educação</a></li>
<li class="page_item page-item-5595"><a href="https://abelfigueiredo.pa.gov.br/site/o-governo/estrutura-organizacional/secretaria-municipal-de-meio-ambiente/">Secretaria Municipal de Meio Ambiente</a></li>
<li class="page_item page-item-646"><a href="https://abelfigueiredo.pa.gov.br/site/o-governo/estrutura-organizacional/secretaria-municipal-de-obras-transportes-e-urbanismo/">Secretaria Municipal de Obras, Transportes e Urbanismo</a></li>
<li class="page_item page-item-15083"><a href="https://abelfigueiredo.pa.gov.br/site/o-governo/estrutura-organizacional/secretaria-municipal-de-saude/">Secretaria Municipal de Saúde</a></li>

</ul>

<p>Estrutura Organizacional a partir de 2025 Clique aqui para acessar Estrutura Organizacional até 2024 Organograma</p>

<!-- This site is optimized with the Yoast SEO plugin v26.6 - https://yoast.com/wordpress/plugins/seo/ -->
<title>Estrutura Organizacional - Prefeitura Municipal de Abel Figueiredo | Gestão 2025-2028</title>
<meta name="robots" content="index, follow, max-snippet:-1, max-image-preview:large, max-video-preview:-1" />
<link rel="canonical" href="https://abelfigueiredo.pa.gov.br/site/o-governo/estrutura-organizacional/" />
<meta property="og:locale" content="pt_BR" />
<meta property="og:type" content="article" />
<meta property="og:title" content="Estrutura Organizacional - Prefeitura Municipal de Abel Figueiredo | Gestão 2025-2028" />
<meta property="og:description" content="Estrutura Organizacional a partir de 2025 Clique aqui para acessar Estrutura Organizacional até 2024 Organograma" />
<meta property="og:url" content="https://abelfigueiredo.pa.gov.br/site/o-governo/estrutura-organizacional/" />
<meta property="og:site_name" content="Prefeitura Municipal de Abel Figueiredo | Gestão 2025-2028" />
<meta property="article:modified_time" content="2025-09-23T19:39:38+00:00" />
<script type="application/ld+json" class="yoast-schema-graph">{"@context":"https://schema.org","@graph":[{"@type":"WebPage","@id":"https://abelfigueiredo.pa.gov.br/site/o-governo/estrutura-organizacional/","url":"https://abelfigueiredo.pa.gov.br/site/o-governo/estrutura-organizacional/","name":"Estrutura Organizacional - Prefeitura Municipal de Abel Figueiredo | Gestão 2025-2028","isPartOf":{"@id":"https://abelfigueiredo.pa.gov.br/site/#website"},"datePublished":"2013-07-24T16:03:37+00:00","dateModified":"2025-09-23T19:39:38+00:00","breadcrumb":{"@id":"https://abelfigueiredo.pa.gov.br/site/o-governo/estrutura-organizacional/#breadcrumb"},"inLanguage":"pt-BR","potentialAction":[{"@type":"ReadAction","target":["https://abelfigueiredo.pa.gov.br/site/o-governo/estrutura-organizacional/"]}]},{"@type":"BreadcrumbList","@id":"https://abelfigueiredo.pa.gov.br/site/o-governo/estrutura-organizacional/#breadcrumb","itemListElement":[{"@type":"ListItem","position":1,"name":"O Governo","item":"https://abelfigueiredo.pa.gov.br/site/o-governo/"},{"@type":"ListItem","position":2,"name":"Estrutura Organizacional"}]},{"@type":"WebSite","@id":"https://abelfigueiredo.pa.gov.br/site/#website","url":"https://abelfigueiredo.pa.gov.br/site/","name":"Prefeitura Municipal de Abel Figueiredo | Gestão 2025-2028","description":"Site oficial da Prefeitura Municipal de Abel Figueiredo","potentialAction":[{"@type":"SearchAction","target":{"@type":"EntryPoint","urlTemplate":"https://abelfigueiredo.pa.gov.br/site/?s={search_term_string}"},"query-input":{"@type":"PropertyValueSpecification","valueRequired":true,"valueName":"search_term_string"}}],"inLanguage":"pt-BR"}]}</script>
<!-- / Yoast SEO plugin. -->

Estrutura Organizacional - Prefeitura Municipal de Abel Figueiredo | Gestão 2025-2028

Estrutura Organizacional a partir de 2025 Clique aqui para acessar Estrutura Organizacional até 2024 Organograma

Prefeitura Municipal de Abel Figueiredo | Gestão 2025-2028
