{"id":5832,"date":"2021-09-28T12:16:22","date_gmt":"2021-09-28T15:16:22","guid":{"rendered":"https:\/\/abelfigueiredo.pa.gov.br\/site\/\/?page_id=5832"},"modified":"2023-10-20T10:04:52","modified_gmt":"2023-10-20T13:04:52","slug":"relacao-dos-vacinados","status":"publish","type":"page","link":"https:\/\/abelfigueiredo.pa.gov.br\/site\/covid-19\/relacao-dos-vacinados\/","title":{"rendered":"Rela\u00e7\u00e3o dos Vacinados"},"content":{"rendered":"<ul>\n<li><a href=\"https:\/\/abelfigueiredo.pa.gov.br\/site\/wp-content\/uploads\/2023\/10\/REGISTRO-VACINA-COVID-TRABALHADORES-DE-SAUDE-ABEL-FIGUEIREDO.JUNHO-2022.xlsx\" target=\"_blank\" rel=\"noopener\">REGISTRO VACINA COVID TRABALHADORES DE SAUDE ABEL FIGUEIREDO.JUNHO 2022<\/a><\/li>\n<li><a href=\"https:\/\/abelfigueiredo.pa.gov.br\/site\/wp-content\/uploads\/2023\/10\/REGISTRO-VACINA-COVID-GERAL-ABEL-FIGUEIREDO.-JUNHO-2022.xlsx\" target=\"_blank\" rel=\"noopener\">REGISTRO VACINA COVID GERAL ABEL FIGUEIREDO. JUNHO 2022<\/a><\/li>\n<li><a href=\"https:\/\/abelfigueiredo.pa.gov.br\/site\/wp-content\/uploads\/2023\/10\/REGISTRO-VACINADOS-GERAL-ABEL-FIGUEIREDO-07.03.2022.xlsx\" target=\"_blank\" rel=\"noopener\">REGISTRO VACINADOS GERAL ABEL FIGUEIREDO 07.03.2022<\/a><\/li>\n<li><a href=\"https:\/\/abelfigueiredo.pa.gov.br\/site\/wp-content\/uploads\/2023\/10\/REGISTRO-DE-TRABALHADORES-DE-SAUDE-VACINADOS-ABEL-FIGUEIREDO-07.03.2022.xlsx\" target=\"_blank\" rel=\"noopener\">REGISTRO DE TRABALHADORES DE SAUDE VACINADOS ABEL FIGUEIREDO 07.03.2022<\/a><\/li>\n<li><a href=\"https:\/\/abelfigueiredo.pa.gov.br\/site\/wp-content\/uploads\/2023\/10\/REGISTRO-VACINA-TRABALHADORES-ABEL-FIGUEIREDO.xlsx\" target=\"_blank\" rel=\"noopener\">REGISTRO VACINA TRABALHADORES ABEL FIGUEIREDO<\/a><\/li>\n<li><a href=\"https:\/\/abelfigueiredo.pa.gov.br\/site\/wp-content\/uploads\/2023\/10\/REGISTROS-VACINADOS-GERAL-ABEL-FIGUEIREDO.xlsx\" target=\"_blank\" rel=\"noopener\">REGISTROS VACINADOS GERAL ABEL FIGUEIREDO<\/a><\/li>\n<li><a href=\"https:\/\/abelfigueiredo.pa.gov.br\/site\/wp-content\/uploads\/2023\/10\/Vacinados-grupo-geral-Abel-Figueiredo-25.10.2021.xlsx\" target=\"_blank\" rel=\"noopener\">Vacinados grupo geral Abel Figueiredo-25.10.2021<\/a><\/li>\n<li><a href=\"https:\/\/abelfigueiredo.pa.gov.br\/site\/wp-content\/uploads\/2023\/10\/REGISTRO-DE-TRABALHADORES-EM-SAUDE-VACINADOS-ABEL-FIGUEIREDO.-25.10.2021.xlsx\" target=\"_blank\" rel=\"noopener\">REGISTRO DE TRABALHADORES EM SA\u00daDE VACINADOS- ABEL FIGUEIREDO. 25.10.2021<\/a><\/li>\n<li><a href=\"https:\/\/abelfigueiredo.pa.gov.br\/site\/wp-content\/uploads\/2023\/10\/Relacao-de-Profissionais-de-Saude.xlsx\" target=\"_blank\" rel=\"noopener\">Rela\u00e7\u00e3o de Profissionais de Sa\u00fade<\/a><\/li>\n<li><a href=\"https:\/\/abelfigueiredo.pa.gov.br\/site\/wp-content\/uploads\/2023\/10\/Registro-de-Vacinados-outros-grupos.xlsx\" target=\"_blank\" rel=\"noopener\">Registro de Vacinados outros grupos<\/a><\/li>\n<\/ul>\n","protected":false},"excerpt":{"rendered":"<p>REGISTRO VACINA COVID TRABALHADORES DE SAUDE ABEL FIGUEIREDO.JUNHO 2022 REGISTRO VACINA COVID GERAL ABEL FIGUEIREDO. JUNHO 2022 REGISTRO VACINADOS GERAL ABEL FIGUEIREDO 07.03.2022 REGISTRO DE TRABALHADORES DE SAUDE VACINADOS ABEL FIGUEIREDO 07.03.2022 REGISTRO VACINA TRABALHADORES ABEL FIGUEIREDO REGISTROS VACINADOS GERAL ABEL FIGUEIREDO Vacinados grupo geral Abel Figueiredo-25.10.2021 REGISTRO DE TRABALHADORES EM SA\u00daDE VACINADOS- ABEL FIGUEIREDO.<\/p>\n<div class=\"read-more\"><a href=\"https:\/\/abelfigueiredo.pa.gov.br\/site\/covid-19\/relacao-dos-vacinados\/\" title=\"Veja mais\">Veja mais<\/a><\/div>\n","protected":false},"author":1,"featured_media":0,"parent":2224,"menu_order":0,"comment_status":"closed","ping_status":"closed","template":"","meta":{"footnotes":""},"class_list":["post-5832","page","type-page","status-publish"],"yoast_head":"<!-- This site is optimized with the Yoast SEO plugin v26.6 - https:\/\/yoast.com\/wordpress\/plugins\/seo\/ -->\n<title>Rela\u00e7\u00e3o dos Vacinados - Prefeitura Municipal de Abel Figueiredo | Gest\u00e3o 2025-2028<\/title>\n<meta name=\"robots\" content=\"index, follow, max-snippet:-1, max-image-preview:large, max-video-preview:-1\" \/>\n<link rel=\"canonical\" href=\"https:\/\/abelfigueiredo.pa.gov.br\/site\/covid-19\/relacao-dos-vacinados\/\" \/>\n<meta property=\"og:locale\" content=\"pt_BR\" \/>\n<meta property=\"og:type\" content=\"article\" \/>\n<meta property=\"og:title\" content=\"Rela\u00e7\u00e3o dos Vacinados - Prefeitura Municipal de Abel Figueiredo | Gest\u00e3o 2025-2028\" \/>\n<meta property=\"og:description\" content=\"REGISTRO VACINA COVID TRABALHADORES DE SAUDE ABEL FIGUEIREDO.JUNHO 2022 REGISTRO VACINA COVID GERAL ABEL FIGUEIREDO. JUNHO 2022 REGISTRO VACINADOS GERAL ABEL FIGUEIREDO 07.03.2022 REGISTRO DE TRABALHADORES DE SAUDE VACINADOS ABEL FIGUEIREDO 07.03.2022 REGISTRO VACINA TRABALHADORES ABEL FIGUEIREDO REGISTROS VACINADOS GERAL ABEL FIGUEIREDO Vacinados grupo geral Abel Figueiredo-25.10.2021 REGISTRO DE TRABALHADORES EM SA\u00daDE VACINADOS- ABEL FIGUEIREDO.Veja mais\" \/>\n<meta property=\"og:url\" content=\"https:\/\/abelfigueiredo.pa.gov.br\/site\/covid-19\/relacao-dos-vacinados\/\" \/>\n<meta property=\"og:site_name\" content=\"Prefeitura Municipal de Abel Figueiredo | Gest\u00e3o 2025-2028\" \/>\n<meta property=\"article:modified_time\" content=\"2023-10-20T13:04:52+00:00\" \/>\n<script type=\"application\/ld+json\" class=\"yoast-schema-graph\">{\"@context\":\"https:\/\/schema.org\",\"@graph\":[{\"@type\":\"WebPage\",\"@id\":\"https:\/\/abelfigueiredo.pa.gov.br\/site\/covid-19\/relacao-dos-vacinados\/\",\"url\":\"https:\/\/abelfigueiredo.pa.gov.br\/site\/covid-19\/relacao-dos-vacinados\/\",\"name\":\"Rela\u00e7\u00e3o dos Vacinados - Prefeitura Municipal de Abel Figueiredo | Gest\u00e3o 2025-2028\",\"isPartOf\":{\"@id\":\"https:\/\/abelfigueiredo.pa.gov.br\/site\/#website\"},\"datePublished\":\"2021-09-28T15:16:22+00:00\",\"dateModified\":\"2023-10-20T13:04:52+00:00\",\"breadcrumb\":{\"@id\":\"https:\/\/abelfigueiredo.pa.gov.br\/site\/covid-19\/relacao-dos-vacinados\/#breadcrumb\"},\"inLanguage\":\"pt-BR\",\"potentialAction\":[{\"@type\":\"ReadAction\",\"target\":[\"https:\/\/abelfigueiredo.pa.gov.br\/site\/covid-19\/relacao-dos-vacinados\/\"]}]},{\"@type\":\"BreadcrumbList\",\"@id\":\"https:\/\/abelfigueiredo.pa.gov.br\/site\/covid-19\/relacao-dos-vacinados\/#breadcrumb\",\"itemListElement\":[{\"@type\":\"ListItem\",\"position\":1,\"name\":\"Transpar\u00eancia COVID-19\",\"item\":\"https:\/\/abelfigueiredo.pa.gov.br\/site\/covid-19\/\"},{\"@type\":\"ListItem\",\"position\":2,\"name\":\"Rela\u00e7\u00e3o dos Vacinados\"}]},{\"@type\":\"WebSite\",\"@id\":\"https:\/\/abelfigueiredo.pa.gov.br\/site\/#website\",\"url\":\"https:\/\/abelfigueiredo.pa.gov.br\/site\/\",\"name\":\"Prefeitura Municipal de Abel Figueiredo | Gest\u00e3o 2025-2028\",\"description\":\"Site oficial da Prefeitura Municipal de Abel Figueiredo\",\"potentialAction\":[{\"@type\":\"SearchAction\",\"target\":{\"@type\":\"EntryPoint\",\"urlTemplate\":\"https:\/\/abelfigueiredo.pa.gov.br\/site\/?s={search_term_string}\"},\"query-input\":{\"@type\":\"PropertyValueSpecification\",\"valueRequired\":true,\"valueName\":\"search_term_string\"}}],\"inLanguage\":\"pt-BR\"}]}<\/script>\n<!-- \/ Yoast SEO plugin. -->","yoast_head_json":{"title":"Rela\u00e7\u00e3o dos Vacinados - Prefeitura Municipal de Abel Figueiredo | Gest\u00e3o 2025-2028","robots":{"index":"index","follow":"follow","max-snippet":"max-snippet:-1","max-image-preview":"max-image-preview:large","max-video-preview":"max-video-preview:-1"},"canonical":"https:\/\/abelfigueiredo.pa.gov.br\/site\/covid-19\/relacao-dos-vacinados\/","og_locale":"pt_BR","og_type":"article","og_title":"Rela\u00e7\u00e3o dos Vacinados - Prefeitura Municipal de Abel Figueiredo | Gest\u00e3o 2025-2028","og_description":"REGISTRO VACINA COVID TRABALHADORES DE SAUDE ABEL FIGUEIREDO.JUNHO 2022 REGISTRO VACINA COVID GERAL ABEL FIGUEIREDO. JUNHO 2022 REGISTRO VACINADOS GERAL ABEL FIGUEIREDO 07.03.2022 REGISTRO DE TRABALHADORES DE SAUDE VACINADOS ABEL FIGUEIREDO 07.03.2022 REGISTRO VACINA TRABALHADORES ABEL FIGUEIREDO REGISTROS VACINADOS GERAL ABEL FIGUEIREDO Vacinados grupo geral Abel Figueiredo-25.10.2021 REGISTRO DE TRABALHADORES EM SA\u00daDE VACINADOS- ABEL FIGUEIREDO.Veja mais","og_url":"https:\/\/abelfigueiredo.pa.gov.br\/site\/covid-19\/relacao-dos-vacinados\/","og_site_name":"Prefeitura Municipal de Abel Figueiredo | Gest\u00e3o 2025-2028","article_modified_time":"2023-10-20T13:04:52+00:00","schema":{"@context":"https:\/\/schema.org","@graph":[{"@type":"WebPage","@id":"https:\/\/abelfigueiredo.pa.gov.br\/site\/covid-19\/relacao-dos-vacinados\/","url":"https:\/\/abelfigueiredo.pa.gov.br\/site\/covid-19\/relacao-dos-vacinados\/","name":"Rela\u00e7\u00e3o dos Vacinados - Prefeitura Municipal de Abel Figueiredo | Gest\u00e3o 2025-2028","isPartOf":{"@id":"https:\/\/abelfigueiredo.pa.gov.br\/site\/#website"},"datePublished":"2021-09-28T15:16:22+00:00","dateModified":"2023-10-20T13:04:52+00:00","breadcrumb":{"@id":"https:\/\/abelfigueiredo.pa.gov.br\/site\/covid-19\/relacao-dos-vacinados\/#breadcrumb"},"inLanguage":"pt-BR","potentialAction":[{"@type":"ReadAction","target":["https:\/\/abelfigueiredo.pa.gov.br\/site\/covid-19\/relacao-dos-vacinados\/"]}]},{"@type":"BreadcrumbList","@id":"https:\/\/abelfigueiredo.pa.gov.br\/site\/covid-19\/relacao-dos-vacinados\/#breadcrumb","itemListElement":[{"@type":"ListItem","position":1,"name":"Transpar\u00eancia COVID-19","item":"https:\/\/abelfigueiredo.pa.gov.br\/site\/covid-19\/"},{"@type":"ListItem","position":2,"name":"Rela\u00e7\u00e3o dos Vacinados"}]},{"@type":"WebSite","@id":"https:\/\/abelfigueiredo.pa.gov.br\/site\/#website","url":"https:\/\/abelfigueiredo.pa.gov.br\/site\/","name":"Prefeitura Municipal de Abel Figueiredo | Gest\u00e3o 2025-2028","description":"Site oficial da Prefeitura Municipal de Abel Figueiredo","potentialAction":[{"@type":"SearchAction","target":{"@type":"EntryPoint","urlTemplate":"https:\/\/abelfigueiredo.pa.gov.br\/site\/?s={search_term_string}"},"query-input":{"@type":"PropertyValueSpecification","valueRequired":true,"valueName":"search_term_string"}}],"inLanguage":"pt-BR"}]}},"_links":{"self":[{"href":"https:\/\/abelfigueiredo.pa.gov.br\/site\/wp-json\/wp\/v2\/pages\/5832","targetHints":{"allow":["GET"]}}],"collection":[{"href":"https:\/\/abelfigueiredo.pa.gov.br\/site\/wp-json\/wp\/v2\/pages"}],"about":[{"href":"https:\/\/abelfigueiredo.pa.gov.br\/site\/wp-json\/wp\/v2\/types\/page"}],"author":[{"embeddable":true,"href":"https:\/\/abelfigueiredo.pa.gov.br\/site\/wp-json\/wp\/v2\/users\/1"}],"replies":[{"embeddable":true,"href":"https:\/\/abelfigueiredo.pa.gov.br\/site\/wp-json\/wp\/v2\/comments?post=5832"}],"version-history":[{"count":4,"href":"https:\/\/abelfigueiredo.pa.gov.br\/site\/wp-json\/wp\/v2\/pages\/5832\/revisions"}],"predecessor-version":[{"id":16502,"href":"https:\/\/abelfigueiredo.pa.gov.br\/site\/wp-json\/wp\/v2\/pages\/5832\/revisions\/16502"}],"up":[{"embeddable":true,"href":"https:\/\/abelfigueiredo.pa.gov.br\/site\/wp-json\/wp\/v2\/pages\/2224"}],"wp:attachment":[{"href":"https:\/\/abelfigueiredo.pa.gov.br\/site\/wp-json\/wp\/v2\/media?parent=5832"}],"curies":[{"name":"wp","href":"https:\/\/api.w.org\/{rel}","templated":true}]}}

Relação dos Vacinados

<ul>
<li><a href="https://abelfigueiredo.pa.gov.br/site/wp-content/uploads/2023/10/REGISTRO-VACINA-COVID-TRABALHADORES-DE-SAUDE-ABEL-FIGUEIREDO.JUNHO-2022.xlsx" target="_blank" rel="noopener">REGISTRO VACINA COVID TRABALHADORES DE SAUDE ABEL FIGUEIREDO.JUNHO 2022</a></li>
<li><a href="https://abelfigueiredo.pa.gov.br/site/wp-content/uploads/2023/10/REGISTRO-VACINA-COVID-GERAL-ABEL-FIGUEIREDO.-JUNHO-2022.xlsx" target="_blank" rel="noopener">REGISTRO VACINA COVID GERAL ABEL FIGUEIREDO. JUNHO 2022</a></li>
<li><a href="https://abelfigueiredo.pa.gov.br/site/wp-content/uploads/2023/10/REGISTRO-VACINADOS-GERAL-ABEL-FIGUEIREDO-07.03.2022.xlsx" target="_blank" rel="noopener">REGISTRO VACINADOS GERAL ABEL FIGUEIREDO 07.03.2022</a></li>
<li><a href="https://abelfigueiredo.pa.gov.br/site/wp-content/uploads/2023/10/REGISTRO-DE-TRABALHADORES-DE-SAUDE-VACINADOS-ABEL-FIGUEIREDO-07.03.2022.xlsx" target="_blank" rel="noopener">REGISTRO DE TRABALHADORES DE SAUDE VACINADOS ABEL FIGUEIREDO 07.03.2022</a></li>
<li><a href="https://abelfigueiredo.pa.gov.br/site/wp-content/uploads/2023/10/REGISTRO-VACINA-TRABALHADORES-ABEL-FIGUEIREDO.xlsx" target="_blank" rel="noopener">REGISTRO VACINA TRABALHADORES ABEL FIGUEIREDO</a></li>
<li><a href="https://abelfigueiredo.pa.gov.br/site/wp-content/uploads/2023/10/REGISTROS-VACINADOS-GERAL-ABEL-FIGUEIREDO.xlsx" target="_blank" rel="noopener">REGISTROS VACINADOS GERAL ABEL FIGUEIREDO</a></li>
<li><a href="https://abelfigueiredo.pa.gov.br/site/wp-content/uploads/2023/10/Vacinados-grupo-geral-Abel-Figueiredo-25.10.2021.xlsx" target="_blank" rel="noopener">Vacinados grupo geral Abel Figueiredo-25.10.2021</a></li>
<li><a href="https://abelfigueiredo.pa.gov.br/site/wp-content/uploads/2023/10/REGISTRO-DE-TRABALHADORES-EM-SAUDE-VACINADOS-ABEL-FIGUEIREDO.-25.10.2021.xlsx" target="_blank" rel="noopener">REGISTRO DE TRABALHADORES EM SAÚDE VACINADOS- ABEL FIGUEIREDO. 25.10.2021</a></li>
<li><a href="https://abelfigueiredo.pa.gov.br/site/wp-content/uploads/2023/10/Relacao-de-Profissionais-de-Saude.xlsx" target="_blank" rel="noopener">Relação de Profissionais de Saúde</a></li>
<li><a href="https://abelfigueiredo.pa.gov.br/site/wp-content/uploads/2023/10/Registro-de-Vacinados-outros-grupos.xlsx" target="_blank" rel="noopener">Registro de Vacinados outros grupos</a></li>
</ul>

<p>REGISTRO VACINA COVID TRABALHADORES DE SAUDE ABEL FIGUEIREDO.JUNHO 2022 REGISTRO VACINA COVID GERAL ABEL FIGUEIREDO. JUNHO 2022 REGISTRO VACINADOS GERAL ABEL FIGUEIREDO 07.03.2022 REGISTRO DE TRABALHADORES DE SAUDE VACINADOS ABEL FIGUEIREDO 07.03.2022 REGISTRO VACINA TRABALHADORES ABEL FIGUEIREDO REGISTROS VACINADOS GERAL ABEL FIGUEIREDO Vacinados grupo geral Abel Figueiredo-25.10.2021 REGISTRO DE TRABALHADORES EM SAÚDE VACINADOS- ABEL FIGUEIREDO.</p>
<div class="read-more"><a href="https://abelfigueiredo.pa.gov.br/site/covid-19/relacao-dos-vacinados/" title="Veja mais">Veja mais</a></div>

<!-- This site is optimized with the Yoast SEO plugin v26.6 - https://yoast.com/wordpress/plugins/seo/ -->
<title>Relação dos Vacinados - Prefeitura Municipal de Abel Figueiredo | Gestão 2025-2028</title>
<meta name="robots" content="index, follow, max-snippet:-1, max-image-preview:large, max-video-preview:-1" />
<link rel="canonical" href="https://abelfigueiredo.pa.gov.br/site/covid-19/relacao-dos-vacinados/" />
<meta property="og:locale" content="pt_BR" />
<meta property="og:type" content="article" />
<meta property="og:title" content="Relação dos Vacinados - Prefeitura Municipal de Abel Figueiredo | Gestão 2025-2028" />
<meta property="og:description" content="REGISTRO VACINA COVID TRABALHADORES DE SAUDE ABEL FIGUEIREDO.JUNHO 2022 REGISTRO VACINA COVID GERAL ABEL FIGUEIREDO. JUNHO 2022 REGISTRO VACINADOS GERAL ABEL FIGUEIREDO 07.03.2022 REGISTRO DE TRABALHADORES DE SAUDE VACINADOS ABEL FIGUEIREDO 07.03.2022 REGISTRO VACINA TRABALHADORES ABEL FIGUEIREDO REGISTROS VACINADOS GERAL ABEL FIGUEIREDO Vacinados grupo geral Abel Figueiredo-25.10.2021 REGISTRO DE TRABALHADORES EM SAÚDE VACINADOS- ABEL FIGUEIREDO.Veja mais" />
<meta property="og:url" content="https://abelfigueiredo.pa.gov.br/site/covid-19/relacao-dos-vacinados/" />
<meta property="og:site_name" content="Prefeitura Municipal de Abel Figueiredo | Gestão 2025-2028" />
<meta property="article:modified_time" content="2023-10-20T13:04:52+00:00" />
<script type="application/ld+json" class="yoast-schema-graph">{"@context":"https://schema.org","@graph":[{"@type":"WebPage","@id":"https://abelfigueiredo.pa.gov.br/site/covid-19/relacao-dos-vacinados/","url":"https://abelfigueiredo.pa.gov.br/site/covid-19/relacao-dos-vacinados/","name":"Relação dos Vacinados - Prefeitura Municipal de Abel Figueiredo | Gestão 2025-2028","isPartOf":{"@id":"https://abelfigueiredo.pa.gov.br/site/#website"},"datePublished":"2021-09-28T15:16:22+00:00","dateModified":"2023-10-20T13:04:52+00:00","breadcrumb":{"@id":"https://abelfigueiredo.pa.gov.br/site/covid-19/relacao-dos-vacinados/#breadcrumb"},"inLanguage":"pt-BR","potentialAction":[{"@type":"ReadAction","target":["https://abelfigueiredo.pa.gov.br/site/covid-19/relacao-dos-vacinados/"]}]},{"@type":"BreadcrumbList","@id":"https://abelfigueiredo.pa.gov.br/site/covid-19/relacao-dos-vacinados/#breadcrumb","itemListElement":[{"@type":"ListItem","position":1,"name":"Transparência COVID-19","item":"https://abelfigueiredo.pa.gov.br/site/covid-19/"},{"@type":"ListItem","position":2,"name":"Relação dos Vacinados"}]},{"@type":"WebSite","@id":"https://abelfigueiredo.pa.gov.br/site/#website","url":"https://abelfigueiredo.pa.gov.br/site/","name":"Prefeitura Municipal de Abel Figueiredo | Gestão 2025-2028","description":"Site oficial da Prefeitura Municipal de Abel Figueiredo","potentialAction":[{"@type":"SearchAction","target":{"@type":"EntryPoint","urlTemplate":"https://abelfigueiredo.pa.gov.br/site/?s={search_term_string}"},"query-input":{"@type":"PropertyValueSpecification","valueRequired":true,"valueName":"search_term_string"}}],"inLanguage":"pt-BR"}]}</script>
<!-- / Yoast SEO plugin. -->

Relação dos Vacinados - Prefeitura Municipal de Abel Figueiredo | Gestão 2025-2028

REGISTRO VACINA COVID TRABALHADORES DE SAUDE ABEL FIGUEIREDO.JUNHO 2022 REGISTRO VACINA COVID GERAL ABEL FIGUEIREDO. JUNHO 2022 REGISTRO VACINADOS GERAL ABEL FIGUEIREDO 07.03.2022 REGISTRO DE TRABALHADORES DE SAUDE VACINADOS ABEL FIGUEIREDO 07.03.2022 REGISTRO VACINA TRABALHADORES ABEL FIGUEIREDO REGISTROS VACINADOS GERAL ABEL FIGUEIREDO Vacinados grupo geral Abel Figueiredo-25.10.2021 REGISTRO DE TRABALHADORES EM SAÚDE VACINADOS- ABEL FIGUEIREDO.Veja mais

Prefeitura Municipal de Abel Figueiredo | Gestão 2025-2028

Transparência COVID-19
