{"id":5595,"date":"2021-01-28T12:42:31","date_gmt":"2021-01-28T15:42:31","guid":{"rendered":"https:\/\/abelfigueiredo.pa.gov.br\/site\/\/?page_id=5595"},"modified":"2023-10-20T10:46:40","modified_gmt":"2023-10-20T13:46:40","slug":"secretaria-municipal-de-meio-ambiente","status":"publish","type":"page","link":"https:\/\/abelfigueiredo.pa.gov.br\/site\/o-governo\/estrutura-organizacional\/secretaria-municipal-de-meio-ambiente\/","title":{"rendered":"Secretaria Municipal de Meio Ambiente"},"content":{"rendered":"<p><a href=\"https:\/\/abelfigueiredo.pa.gov.br\/site\/wp-content\/uploads\/2023\/10\/IMG-20210426-WA0143-p70tnl7dj1ojtsci2w2xu7hrq54ylx6cjad1ucnbnc.jpg\"><img loading=\"lazy\" decoding=\"async\" class=\"alignleft wp-image-16516 size-full\" src=\"https:\/\/abelfigueiredo.pa.gov.br\/site\/wp-content\/uploads\/2023\/10\/IMG-20210426-WA0143-p70tnl7dj1ojtsci2w2xu7hrq54ylx6cjad1ucnbnc.jpg\" alt=\"\" width=\"300\" height=\"300\" srcset=\"https:\/\/abelfigueiredo.pa.gov.br\/site\/wp-content\/uploads\/2023\/10\/IMG-20210426-WA0143-p70tnl7dj1ojtsci2w2xu7hrq54ylx6cjad1ucnbnc.jpg 300w, https:\/\/abelfigueiredo.pa.gov.br\/site\/wp-content\/uploads\/2023\/10\/IMG-20210426-WA0143-p70tnl7dj1ojtsci2w2xu7hrq54ylx6cjad1ucnbnc-150x150.jpg 150w\" sizes=\"auto, (max-width: 300px) 100vw, 300px\" \/><\/a><strong>Respons\u00e1vel:<\/strong> Laudis Carvalho Dutra<\/p>\n<p><strong>Hor\u00e1rio de Atendimento:<\/strong> De 08:00h \u00e0s 14:00h<\/p>\n<p><strong>Endere\u00e7o:<\/strong> Rua Presidente Geisel, 170<\/p>\n<p><strong>Telefone:<\/strong> (94)992984608<\/p>\n<p><strong>E-mail: <\/strong>meioambiente@abelfigueiredo.pa.gov.br<\/p>\n<p>&nbsp;<\/p>\n<h2>Compet\u00eancias<\/h2>\n<p>Formular, coordenar, executar e fazer executar, a pol\u00edtica municipal do meio ambiente e a preserva\u00e7\u00e3o, conserva\u00e7\u00e3o e uso racional, fiscaliza\u00e7\u00e3o, controle e fomento dos recursos ambientais.<\/p>\n<p>&nbsp;<\/p>\n","protected":false},"excerpt":{"rendered":"<p>Respons\u00e1vel: Laudis Carvalho Dutra Hor\u00e1rio de Atendimento: De 08:00h \u00e0s 14:00h Endere\u00e7o: Rua Presidente Geisel, 170 Telefone: (94)992984608 E-mail: meioambiente@abelfigueiredo.pa.gov.br &nbsp; Compet\u00eancias Formular, coordenar, executar e fazer executar, a pol\u00edtica municipal do meio ambiente e a preserva\u00e7\u00e3o, conserva\u00e7\u00e3o e uso racional, fiscaliza\u00e7\u00e3o, controle e fomento dos recursos ambientais. &nbsp;<\/p>\n","protected":false},"author":1,"featured_media":0,"parent":676,"menu_order":0,"comment_status":"closed","ping_status":"closed","template":"","meta":{"footnotes":""},"class_list":["post-5595","page","type-page","status-publish"],"yoast_head":"<!-- This site is optimized with the Yoast SEO plugin v26.6 - https:\/\/yoast.com\/wordpress\/plugins\/seo\/ -->\n<title>Secretaria Municipal de Meio Ambiente - Prefeitura Municipal de Abel Figueiredo | Gest\u00e3o 2025-2028<\/title>\n<meta name=\"robots\" content=\"index, follow, max-snippet:-1, max-image-preview:large, max-video-preview:-1\" \/>\n<link rel=\"canonical\" href=\"https:\/\/abelfigueiredo.pa.gov.br\/site\/o-governo\/estrutura-organizacional\/secretaria-municipal-de-meio-ambiente\/\" \/>\n<meta property=\"og:locale\" content=\"pt_BR\" \/>\n<meta property=\"og:type\" content=\"article\" \/>\n<meta property=\"og:title\" content=\"Secretaria Municipal de Meio Ambiente - Prefeitura Municipal de Abel Figueiredo | Gest\u00e3o 2025-2028\" \/>\n<meta property=\"og:description\" content=\"Respons\u00e1vel: Laudis Carvalho Dutra Hor\u00e1rio de Atendimento: De 08:00h \u00e0s 14:00h Endere\u00e7o: Rua Presidente Geisel, 170 Telefone: (94)992984608 E-mail: meioambiente@abelfigueiredo.pa.gov.br &nbsp; Compet\u00eancias Formular, coordenar, executar e fazer executar, a pol\u00edtica municipal do meio ambiente e a preserva\u00e7\u00e3o, conserva\u00e7\u00e3o e uso racional, fiscaliza\u00e7\u00e3o, controle e fomento dos recursos ambientais. &nbsp;\" \/>\n<meta property=\"og:url\" content=\"https:\/\/abelfigueiredo.pa.gov.br\/site\/o-governo\/estrutura-organizacional\/secretaria-municipal-de-meio-ambiente\/\" \/>\n<meta property=\"og:site_name\" content=\"Prefeitura Municipal de Abel Figueiredo | Gest\u00e3o 2025-2028\" \/>\n<meta property=\"article:modified_time\" content=\"2023-10-20T13:46:40+00:00\" \/>\n<meta property=\"og:image\" content=\"https:\/\/abelfigueiredo.pa.gov.br\/site\/wp-content\/uploads\/2023\/10\/IMG-20210426-WA0143-p70tnl7dj1ojtsci2w2xu7hrq54ylx6cjad1ucnbnc.jpg\" \/>\n<script type=\"application\/ld+json\" class=\"yoast-schema-graph\">{\"@context\":\"https:\/\/schema.org\",\"@graph\":[{\"@type\":\"WebPage\",\"@id\":\"https:\/\/abelfigueiredo.pa.gov.br\/site\/o-governo\/estrutura-organizacional\/secretaria-municipal-de-meio-ambiente\/\",\"url\":\"https:\/\/abelfigueiredo.pa.gov.br\/site\/o-governo\/estrutura-organizacional\/secretaria-municipal-de-meio-ambiente\/\",\"name\":\"Secretaria Municipal de Meio Ambiente - Prefeitura Municipal de Abel Figueiredo | Gest\u00e3o 2025-2028\",\"isPartOf\":{\"@id\":\"https:\/\/abelfigueiredo.pa.gov.br\/site\/#website\"},\"primaryImageOfPage\":{\"@id\":\"https:\/\/abelfigueiredo.pa.gov.br\/site\/o-governo\/estrutura-organizacional\/secretaria-municipal-de-meio-ambiente\/#primaryimage\"},\"image\":{\"@id\":\"https:\/\/abelfigueiredo.pa.gov.br\/site\/o-governo\/estrutura-organizacional\/secretaria-municipal-de-meio-ambiente\/#primaryimage\"},\"thumbnailUrl\":\"https:\/\/abelfigueiredo.pa.gov.br\/site\/wp-content\/uploads\/2023\/10\/IMG-20210426-WA0143-p70tnl7dj1ojtsci2w2xu7hrq54ylx6cjad1ucnbnc.jpg\",\"datePublished\":\"2021-01-28T15:42:31+00:00\",\"dateModified\":\"2023-10-20T13:46:40+00:00\",\"breadcrumb\":{\"@id\":\"https:\/\/abelfigueiredo.pa.gov.br\/site\/o-governo\/estrutura-organizacional\/secretaria-municipal-de-meio-ambiente\/#breadcrumb\"},\"inLanguage\":\"pt-BR\",\"potentialAction\":[{\"@type\":\"ReadAction\",\"target\":[\"https:\/\/abelfigueiredo.pa.gov.br\/site\/o-governo\/estrutura-organizacional\/secretaria-municipal-de-meio-ambiente\/\"]}]},{\"@type\":\"ImageObject\",\"inLanguage\":\"pt-BR\",\"@id\":\"https:\/\/abelfigueiredo.pa.gov.br\/site\/o-governo\/estrutura-organizacional\/secretaria-municipal-de-meio-ambiente\/#primaryimage\",\"url\":\"https:\/\/abelfigueiredo.pa.gov.br\/site\/wp-content\/uploads\/2023\/10\/IMG-20210426-WA0143-p70tnl7dj1ojtsci2w2xu7hrq54ylx6cjad1ucnbnc.jpg\",\"contentUrl\":\"https:\/\/abelfigueiredo.pa.gov.br\/site\/wp-content\/uploads\/2023\/10\/IMG-20210426-WA0143-p70tnl7dj1ojtsci2w2xu7hrq54ylx6cjad1ucnbnc.jpg\",\"width\":300,\"height\":300},{\"@type\":\"BreadcrumbList\",\"@id\":\"https:\/\/abelfigueiredo.pa.gov.br\/site\/o-governo\/estrutura-organizacional\/secretaria-municipal-de-meio-ambiente\/#breadcrumb\",\"itemListElement\":[{\"@type\":\"ListItem\",\"position\":1,\"name\":\"O Governo\",\"item\":\"https:\/\/abelfigueiredo.pa.gov.br\/site\/o-governo\/\"},{\"@type\":\"ListItem\",\"position\":2,\"name\":\"Estrutura Organizacional\",\"item\":\"https:\/\/abelfigueiredo.pa.gov.br\/site\/o-governo\/estrutura-organizacional\/\"},{\"@type\":\"ListItem\",\"position\":3,\"name\":\"Secretaria Municipal de Meio Ambiente\"}]},{\"@type\":\"WebSite\",\"@id\":\"https:\/\/abelfigueiredo.pa.gov.br\/site\/#website\",\"url\":\"https:\/\/abelfigueiredo.pa.gov.br\/site\/\",\"name\":\"Prefeitura Municipal de Abel Figueiredo | Gest\u00e3o 2025-2028\",\"description\":\"Site oficial da Prefeitura Municipal de Abel Figueiredo\",\"potentialAction\":[{\"@type\":\"SearchAction\",\"target\":{\"@type\":\"EntryPoint\",\"urlTemplate\":\"https:\/\/abelfigueiredo.pa.gov.br\/site\/?s={search_term_string}\"},\"query-input\":{\"@type\":\"PropertyValueSpecification\",\"valueRequired\":true,\"valueName\":\"search_term_string\"}}],\"inLanguage\":\"pt-BR\"}]}<\/script>\n<!-- \/ Yoast SEO plugin. -->","yoast_head_json":{"title":"Secretaria Municipal de Meio Ambiente - Prefeitura Municipal de Abel Figueiredo | Gest\u00e3o 2025-2028","robots":{"index":"index","follow":"follow","max-snippet":"max-snippet:-1","max-image-preview":"max-image-preview:large","max-video-preview":"max-video-preview:-1"},"canonical":"https:\/\/abelfigueiredo.pa.gov.br\/site\/o-governo\/estrutura-organizacional\/secretaria-municipal-de-meio-ambiente\/","og_locale":"pt_BR","og_type":"article","og_title":"Secretaria Municipal de Meio Ambiente - Prefeitura Municipal de Abel Figueiredo | Gest\u00e3o 2025-2028","og_description":"Respons\u00e1vel: Laudis Carvalho Dutra Hor\u00e1rio de Atendimento: De 08:00h \u00e0s 14:00h Endere\u00e7o: Rua Presidente Geisel, 170 Telefone: (94)992984608 E-mail: meioambiente@abelfigueiredo.pa.gov.br &nbsp; Compet\u00eancias Formular, coordenar, executar e fazer executar, a pol\u00edtica municipal do meio ambiente e a preserva\u00e7\u00e3o, conserva\u00e7\u00e3o e uso racional, fiscaliza\u00e7\u00e3o, controle e fomento dos recursos ambientais. &nbsp;","og_url":"https:\/\/abelfigueiredo.pa.gov.br\/site\/o-governo\/estrutura-organizacional\/secretaria-municipal-de-meio-ambiente\/","og_site_name":"Prefeitura Municipal de Abel Figueiredo | Gest\u00e3o 2025-2028","article_modified_time":"2023-10-20T13:46:40+00:00","og_image":[{"url":"https:\/\/abelfigueiredo.pa.gov.br\/site\/wp-content\/uploads\/2023\/10\/IMG-20210426-WA0143-p70tnl7dj1ojtsci2w2xu7hrq54ylx6cjad1ucnbnc.jpg","type":"","width":"","height":""}],"schema":{"@context":"https:\/\/schema.org","@graph":[{"@type":"WebPage","@id":"https:\/\/abelfigueiredo.pa.gov.br\/site\/o-governo\/estrutura-organizacional\/secretaria-municipal-de-meio-ambiente\/","url":"https:\/\/abelfigueiredo.pa.gov.br\/site\/o-governo\/estrutura-organizacional\/secretaria-municipal-de-meio-ambiente\/","name":"Secretaria Municipal de Meio Ambiente - Prefeitura Municipal de Abel Figueiredo | Gest\u00e3o 2025-2028","isPartOf":{"@id":"https:\/\/abelfigueiredo.pa.gov.br\/site\/#website"},"primaryImageOfPage":{"@id":"https:\/\/abelfigueiredo.pa.gov.br\/site\/o-governo\/estrutura-organizacional\/secretaria-municipal-de-meio-ambiente\/#primaryimage"},"image":{"@id":"https:\/\/abelfigueiredo.pa.gov.br\/site\/o-governo\/estrutura-organizacional\/secretaria-municipal-de-meio-ambiente\/#primaryimage"},"thumbnailUrl":"https:\/\/abelfigueiredo.pa.gov.br\/site\/wp-content\/uploads\/2023\/10\/IMG-20210426-WA0143-p70tnl7dj1ojtsci2w2xu7hrq54ylx6cjad1ucnbnc.jpg","datePublished":"2021-01-28T15:42:31+00:00","dateModified":"2023-10-20T13:46:40+00:00","breadcrumb":{"@id":"https:\/\/abelfigueiredo.pa.gov.br\/site\/o-governo\/estrutura-organizacional\/secretaria-municipal-de-meio-ambiente\/#breadcrumb"},"inLanguage":"pt-BR","potentialAction":[{"@type":"ReadAction","target":["https:\/\/abelfigueiredo.pa.gov.br\/site\/o-governo\/estrutura-organizacional\/secretaria-municipal-de-meio-ambiente\/"]}]},{"@type":"ImageObject","inLanguage":"pt-BR","@id":"https:\/\/abelfigueiredo.pa.gov.br\/site\/o-governo\/estrutura-organizacional\/secretaria-municipal-de-meio-ambiente\/#primaryimage","url":"https:\/\/abelfigueiredo.pa.gov.br\/site\/wp-content\/uploads\/2023\/10\/IMG-20210426-WA0143-p70tnl7dj1ojtsci2w2xu7hrq54ylx6cjad1ucnbnc.jpg","contentUrl":"https:\/\/abelfigueiredo.pa.gov.br\/site\/wp-content\/uploads\/2023\/10\/IMG-20210426-WA0143-p70tnl7dj1ojtsci2w2xu7hrq54ylx6cjad1ucnbnc.jpg","width":300,"height":300},{"@type":"BreadcrumbList","@id":"https:\/\/abelfigueiredo.pa.gov.br\/site\/o-governo\/estrutura-organizacional\/secretaria-municipal-de-meio-ambiente\/#breadcrumb","itemListElement":[{"@type":"ListItem","position":1,"name":"O Governo","item":"https:\/\/abelfigueiredo.pa.gov.br\/site\/o-governo\/"},{"@type":"ListItem","position":2,"name":"Estrutura Organizacional","item":"https:\/\/abelfigueiredo.pa.gov.br\/site\/o-governo\/estrutura-organizacional\/"},{"@type":"ListItem","position":3,"name":"Secretaria Municipal de Meio Ambiente"}]},{"@type":"WebSite","@id":"https:\/\/abelfigueiredo.pa.gov.br\/site\/#website","url":"https:\/\/abelfigueiredo.pa.gov.br\/site\/","name":"Prefeitura Municipal de Abel Figueiredo | Gest\u00e3o 2025-2028","description":"Site oficial da Prefeitura Municipal de Abel Figueiredo","potentialAction":[{"@type":"SearchAction","target":{"@type":"EntryPoint","urlTemplate":"https:\/\/abelfigueiredo.pa.gov.br\/site\/?s={search_term_string}"},"query-input":{"@type":"PropertyValueSpecification","valueRequired":true,"valueName":"search_term_string"}}],"inLanguage":"pt-BR"}]}},"_links":{"self":[{"href":"https:\/\/abelfigueiredo.pa.gov.br\/site\/wp-json\/wp\/v2\/pages\/5595","targetHints":{"allow":["GET"]}}],"collection":[{"href":"https:\/\/abelfigueiredo.pa.gov.br\/site\/wp-json\/wp\/v2\/pages"}],"about":[{"href":"https:\/\/abelfigueiredo.pa.gov.br\/site\/wp-json\/wp\/v2\/types\/page"}],"author":[{"embeddable":true,"href":"https:\/\/abelfigueiredo.pa.gov.br\/site\/wp-json\/wp\/v2\/users\/1"}],"replies":[{"embeddable":true,"href":"https:\/\/abelfigueiredo.pa.gov.br\/site\/wp-json\/wp\/v2\/comments?post=5595"}],"version-history":[{"count":6,"href":"https:\/\/abelfigueiredo.pa.gov.br\/site\/wp-json\/wp\/v2\/pages\/5595\/revisions"}],"predecessor-version":[{"id":16517,"href":"https:\/\/abelfigueiredo.pa.gov.br\/site\/wp-json\/wp\/v2\/pages\/5595\/revisions\/16517"}],"up":[{"embeddable":true,"href":"https:\/\/abelfigueiredo.pa.gov.br\/site\/wp-json\/wp\/v2\/pages\/676"}],"wp:attachment":[{"href":"https:\/\/abelfigueiredo.pa.gov.br\/site\/wp-json\/wp\/v2\/media?parent=5595"}],"curies":[{"name":"wp","href":"https:\/\/api.w.org\/{rel}","templated":true}]}}

<p><a href="https://abelfigueiredo.pa.gov.br/site/wp-content/uploads/2023/10/IMG-20210426-WA0143-p70tnl7dj1ojtsci2w2xu7hrq54ylx6cjad1ucnbnc.jpg"><img loading="lazy" decoding="async" class="alignleft wp-image-16516 size-full" src="https://abelfigueiredo.pa.gov.br/site/wp-content/uploads/2023/10/IMG-20210426-WA0143-p70tnl7dj1ojtsci2w2xu7hrq54ylx6cjad1ucnbnc.jpg" alt="" width="300" height="300" srcset="https://abelfigueiredo.pa.gov.br/site/wp-content/uploads/2023/10/IMG-20210426-WA0143-p70tnl7dj1ojtsci2w2xu7hrq54ylx6cjad1ucnbnc.jpg 300w, https://abelfigueiredo.pa.gov.br/site/wp-content/uploads/2023/10/IMG-20210426-WA0143-p70tnl7dj1ojtsci2w2xu7hrq54ylx6cjad1ucnbnc-150x150.jpg 150w" sizes="auto, (max-width: 300px) 100vw, 300px" /></a><strong>Responsável:</strong> Laudis Carvalho Dutra</p>
<p><strong>Horário de Atendimento:</strong> De 08:00h às 14:00h</p>
<p><strong>Endereço:</strong> Rua Presidente Geisel, 170</p>
<p><strong>Telefone:</strong> (94)992984608</p>
<p><strong>E-mail: </strong>meioambiente@abelfigueiredo.pa.gov.br</p>
<p>&nbsp;</p>
<h2>Competências</h2>
<p>Formular, coordenar, executar e fazer executar, a política municipal do meio ambiente e a preservação, conservação e uso racional, fiscalização, controle e fomento dos recursos ambientais.</p>
<p>&nbsp;</p>

<p>Responsável: Laudis Carvalho Dutra Horário de Atendimento: De 08:00h às 14:00h Endereço: Rua Presidente Geisel, 170 Telefone: (94)992984608 E-mail: meioambiente@abelfigueiredo.pa.gov.br &nbsp; Competências Formular, coordenar, executar e fazer executar, a política municipal do meio ambiente e a preservação, conservação e uso racional, fiscalização, controle e fomento dos recursos ambientais. &nbsp;</p>

<!-- This site is optimized with the Yoast SEO plugin v26.6 - https://yoast.com/wordpress/plugins/seo/ -->
<title>Secretaria Municipal de Meio Ambiente - Prefeitura Municipal de Abel Figueiredo | Gestão 2025-2028</title>
<meta name="robots" content="index, follow, max-snippet:-1, max-image-preview:large, max-video-preview:-1" />
<link rel="canonical" href="https://abelfigueiredo.pa.gov.br/site/o-governo/estrutura-organizacional/secretaria-municipal-de-meio-ambiente/" />
<meta property="og:locale" content="pt_BR" />
<meta property="og:type" content="article" />
<meta property="og:title" content="Secretaria Municipal de Meio Ambiente - Prefeitura Municipal de Abel Figueiredo | Gestão 2025-2028" />
<meta property="og:description" content="Responsável: Laudis Carvalho Dutra Horário de Atendimento: De 08:00h às 14:00h Endereço: Rua Presidente Geisel, 170 Telefone: (94)992984608 E-mail: meioambiente@abelfigueiredo.pa.gov.br &nbsp; Competências Formular, coordenar, executar e fazer executar, a política municipal do meio ambiente e a preservação, conservação e uso racional, fiscalização, controle e fomento dos recursos ambientais. &nbsp;" />
<meta property="og:url" content="https://abelfigueiredo.pa.gov.br/site/o-governo/estrutura-organizacional/secretaria-municipal-de-meio-ambiente/" />
<meta property="og:site_name" content="Prefeitura Municipal de Abel Figueiredo | Gestão 2025-2028" />
<meta property="article:modified_time" content="2023-10-20T13:46:40+00:00" />
<meta property="og:image" content="https://abelfigueiredo.pa.gov.br/site/wp-content/uploads/2023/10/IMG-20210426-WA0143-p70tnl7dj1ojtsci2w2xu7hrq54ylx6cjad1ucnbnc.jpg" />
<script type="application/ld+json" class="yoast-schema-graph">{"@context":"https://schema.org","@graph":[{"@type":"WebPage","@id":"https://abelfigueiredo.pa.gov.br/site/o-governo/estrutura-organizacional/secretaria-municipal-de-meio-ambiente/","url":"https://abelfigueiredo.pa.gov.br/site/o-governo/estrutura-organizacional/secretaria-municipal-de-meio-ambiente/","name":"Secretaria Municipal de Meio Ambiente - Prefeitura Municipal de Abel Figueiredo | Gestão 2025-2028","isPartOf":{"@id":"https://abelfigueiredo.pa.gov.br/site/#website"},"primaryImageOfPage":{"@id":"https://abelfigueiredo.pa.gov.br/site/o-governo/estrutura-organizacional/secretaria-municipal-de-meio-ambiente/#primaryimage"},"image":{"@id":"https://abelfigueiredo.pa.gov.br/site/o-governo/estrutura-organizacional/secretaria-municipal-de-meio-ambiente/#primaryimage"},"thumbnailUrl":"https://abelfigueiredo.pa.gov.br/site/wp-content/uploads/2023/10/IMG-20210426-WA0143-p70tnl7dj1ojtsci2w2xu7hrq54ylx6cjad1ucnbnc.jpg","datePublished":"2021-01-28T15:42:31+00:00","dateModified":"2023-10-20T13:46:40+00:00","breadcrumb":{"@id":"https://abelfigueiredo.pa.gov.br/site/o-governo/estrutura-organizacional/secretaria-municipal-de-meio-ambiente/#breadcrumb"},"inLanguage":"pt-BR","potentialAction":[{"@type":"ReadAction","target":["https://abelfigueiredo.pa.gov.br/site/o-governo/estrutura-organizacional/secretaria-municipal-de-meio-ambiente/"]}]},{"@type":"ImageObject","inLanguage":"pt-BR","@id":"https://abelfigueiredo.pa.gov.br/site/o-governo/estrutura-organizacional/secretaria-municipal-de-meio-ambiente/#primaryimage","url":"https://abelfigueiredo.pa.gov.br/site/wp-content/uploads/2023/10/IMG-20210426-WA0143-p70tnl7dj1ojtsci2w2xu7hrq54ylx6cjad1ucnbnc.jpg","contentUrl":"https://abelfigueiredo.pa.gov.br/site/wp-content/uploads/2023/10/IMG-20210426-WA0143-p70tnl7dj1ojtsci2w2xu7hrq54ylx6cjad1ucnbnc.jpg","width":300,"height":300},{"@type":"BreadcrumbList","@id":"https://abelfigueiredo.pa.gov.br/site/o-governo/estrutura-organizacional/secretaria-municipal-de-meio-ambiente/#breadcrumb","itemListElement":[{"@type":"ListItem","position":1,"name":"O Governo","item":"https://abelfigueiredo.pa.gov.br/site/o-governo/"},{"@type":"ListItem","position":2,"name":"Estrutura Organizacional","item":"https://abelfigueiredo.pa.gov.br/site/o-governo/estrutura-organizacional/"},{"@type":"ListItem","position":3,"name":"Secretaria Municipal de Meio Ambiente"}]},{"@type":"WebSite","@id":"https://abelfigueiredo.pa.gov.br/site/#website","url":"https://abelfigueiredo.pa.gov.br/site/","name":"Prefeitura Municipal de Abel Figueiredo | Gestão 2025-2028","description":"Site oficial da Prefeitura Municipal de Abel Figueiredo","potentialAction":[{"@type":"SearchAction","target":{"@type":"EntryPoint","urlTemplate":"https://abelfigueiredo.pa.gov.br/site/?s={search_term_string}"},"query-input":{"@type":"PropertyValueSpecification","valueRequired":true,"valueName":"search_term_string"}}],"inLanguage":"pt-BR"}]}</script>
<!-- / Yoast SEO plugin. -->

Secretaria Municipal de Meio Ambiente - Prefeitura Municipal de Abel Figueiredo | Gestão 2025-2028

Responsável: Laudis Carvalho Dutra Horário de Atendimento: De 08:00h às 14:00h Endereço: Rua Presidente Geisel, 170 Telefone: (94)992984608 E-mail: meioambiente@abelfigueiredo.pa.gov.br &nbsp; Competências Formular, coordenar, executar e fazer executar, a política municipal do meio ambiente e a preservação, conservação e uso racional, fiscalização, controle e fomento dos recursos ambientais. &nbsp;

Prefeitura Municipal de Abel Figueiredo | Gestão 2025-2028
