{"id":2149,"date":"2019-02-12T12:09:16","date_gmt":"2019-02-12T15:09:16","guid":{"rendered":"http:\/\/abelfigueiredo.pa.gov.br\/site\/\/?page_id=2149"},"modified":"2025-01-03T15:59:23","modified_gmt":"2025-01-03T18:59:23","slug":"plano-plurianual-ppa","status":"publish","type":"page","link":"https:\/\/abelfigueiredo.pa.gov.br\/site\/portal-da-transparencia\/plano-plurianual-ppa\/","title":{"rendered":"Plano Plurianual (PPA)"},"content":{"rendered":"<p><a href=\"https:\/\/abelfigueiredo.pa.gov.br\/site\/wp-content\/uploads\/2023\/06\/2018-2021.pdf\" target=\"_blank\" rel=\"noopener\">LEI N\u00ba 222\/2017, DE 16 DE NOVEMBRO DE 2017 (PPA 2018-2021)<\/a>:\u00a0Disp\u00f5e sobre o plano plurianual no munic\u00edpio de Abel Figueiredo para per\u00edodo de 2018\/2021 e d\u00e1 outras provid\u00eancias<\/p>\n<p><a href=\"https:\/\/abelfigueiredo.pa.gov.br\/site\/wp-content\/uploads\/2023\/06\/2014-2017.pdf\" target=\"_blank\" rel=\"noopener\">LEI N\u00ba 191\/2013, DE 27 DE SETEMBRO DE 2013 (PPA 2014-2017)<\/a>:\u00a0Disp\u00f5e sobre o plano plurianual do munic\u00edpio de Abel Figueiredo, estado do Par\u00e1, para o quadri\u00eanio 2014 a 2017 e d\u00e1 outras provid\u00eancias<\/p>\n<p><a href=\"https:\/\/abelfigueiredo.pa.gov.br\/site\/wp-content\/uploads\/2023\/06\/2010-2013.pdf\" target=\"_blank\" rel=\"noopener noreferrer\">LEI N\u00ba 156\/2009, DE 04 DE NOVEMBRO DE 2009 (PPA 2010-2013)<\/a>: Disp\u00f5e sobre o Plano Plurianual do Munic\u00edpio de Abel Figueiredo, para o quadri\u00eanio 2010 a 2013, e d\u00e1 outras provid\u00eancias<\/p>\n<p><a href=\"https:\/\/abelfigueiredo.pa.gov.br\/site\/wp-content\/uploads\/2023\/06\/2006-2009.pdf\" target=\"_blank\" rel=\"noopener noreferrer\">LEI N\u00ba 102\/2005, DE 23 DE NOVEMBRO DE 2005 (PPA 2006-2009)<\/a>: Disp\u00f5e sobre o Plano Plurianual do Munic\u00edpio de Abel Figueiredo, para o per\u00edodo de 2006\/2009, e d\u00e1 outras provid\u00eancias<\/p>\n","protected":false},"excerpt":{"rendered":"<p>LEI N\u00ba 222\/2017, DE 16 DE NOVEMBRO DE 2017 (PPA 2018-2021):\u00a0Disp\u00f5e sobre o plano plurianual no munic\u00edpio de Abel Figueiredo para per\u00edodo de 2018\/2021 e d\u00e1 outras provid\u00eancias LEI N\u00ba 191\/2013, DE 27 DE SETEMBRO DE 2013 (PPA 2014-2017):\u00a0Disp\u00f5e sobre o plano plurianual do munic\u00edpio de Abel Figueiredo, estado do Par\u00e1, para o quadri\u00eanio 2014<\/p>\n<div class=\"read-more\"><a href=\"https:\/\/abelfigueiredo.pa.gov.br\/site\/portal-da-transparencia\/plano-plurianual-ppa\/\" title=\"Veja mais\">Veja mais<\/a><\/div>\n","protected":false},"author":1,"featured_media":0,"parent":1862,"menu_order":0,"comment_status":"closed","ping_status":"closed","template":"","meta":{"footnotes":""},"class_list":["post-2149","page","type-page","status-publish"],"yoast_head":"<!-- This site is optimized with the Yoast SEO plugin v26.6 - https:\/\/yoast.com\/wordpress\/plugins\/seo\/ -->\n<title>Plano Plurianual (PPA) - Prefeitura Municipal de Abel Figueiredo | Gest\u00e3o 2025-2028<\/title>\n<meta name=\"robots\" content=\"index, follow, max-snippet:-1, max-image-preview:large, max-video-preview:-1\" \/>\n<link rel=\"canonical\" href=\"https:\/\/abelfigueiredo.pa.gov.br\/site\/portal-da-transparencia\/plano-plurianual-ppa\/\" \/>\n<meta property=\"og:locale\" content=\"pt_BR\" \/>\n<meta property=\"og:type\" content=\"article\" \/>\n<meta property=\"og:title\" content=\"Plano Plurianual (PPA) - Prefeitura Municipal de Abel Figueiredo | Gest\u00e3o 2025-2028\" \/>\n<meta property=\"og:description\" content=\"LEI N\u00ba 222\/2017, DE 16 DE NOVEMBRO DE 2017 (PPA 2018-2021):\u00a0Disp\u00f5e sobre o plano plurianual no munic\u00edpio de Abel Figueiredo para per\u00edodo de 2018\/2021 e d\u00e1 outras provid\u00eancias LEI N\u00ba 191\/2013, DE 27 DE SETEMBRO DE 2013 (PPA 2014-2017):\u00a0Disp\u00f5e sobre o plano plurianual do munic\u00edpio de Abel Figueiredo, estado do Par\u00e1, para o quadri\u00eanio 2014Veja mais\" \/>\n<meta property=\"og:url\" content=\"https:\/\/abelfigueiredo.pa.gov.br\/site\/portal-da-transparencia\/plano-plurianual-ppa\/\" \/>\n<meta property=\"og:site_name\" content=\"Prefeitura Municipal de Abel Figueiredo | Gest\u00e3o 2025-2028\" \/>\n<meta property=\"article:modified_time\" content=\"2025-01-03T18:59:23+00:00\" \/>\n<meta name=\"twitter:label1\" content=\"Est. tempo de leitura\" \/>\n\t<meta name=\"twitter:data1\" content=\"1 minuto\" \/>\n<script type=\"application\/ld+json\" class=\"yoast-schema-graph\">{\"@context\":\"https:\/\/schema.org\",\"@graph\":[{\"@type\":\"WebPage\",\"@id\":\"https:\/\/abelfigueiredo.pa.gov.br\/site\/portal-da-transparencia\/plano-plurianual-ppa\/\",\"url\":\"https:\/\/abelfigueiredo.pa.gov.br\/site\/portal-da-transparencia\/plano-plurianual-ppa\/\",\"name\":\"Plano Plurianual (PPA) - Prefeitura Municipal de Abel Figueiredo | Gest\u00e3o 2025-2028\",\"isPartOf\":{\"@id\":\"https:\/\/abelfigueiredo.pa.gov.br\/site\/#website\"},\"datePublished\":\"2019-02-12T15:09:16+00:00\",\"dateModified\":\"2025-01-03T18:59:23+00:00\",\"breadcrumb\":{\"@id\":\"https:\/\/abelfigueiredo.pa.gov.br\/site\/portal-da-transparencia\/plano-plurianual-ppa\/#breadcrumb\"},\"inLanguage\":\"pt-BR\",\"potentialAction\":[{\"@type\":\"ReadAction\",\"target\":[\"https:\/\/abelfigueiredo.pa.gov.br\/site\/portal-da-transparencia\/plano-plurianual-ppa\/\"]}]},{\"@type\":\"BreadcrumbList\",\"@id\":\"https:\/\/abelfigueiredo.pa.gov.br\/site\/portal-da-transparencia\/plano-plurianual-ppa\/#breadcrumb\",\"itemListElement\":[{\"@type\":\"ListItem\",\"position\":1,\"name\":\"Portal da Transpar\u00eancia\",\"item\":\"https:\/\/abelfigueiredo.pa.gov.br\/site\/portal-da-transparencia\/\"},{\"@type\":\"ListItem\",\"position\":2,\"name\":\"Plano Plurianual (PPA)\"}]},{\"@type\":\"WebSite\",\"@id\":\"https:\/\/abelfigueiredo.pa.gov.br\/site\/#website\",\"url\":\"https:\/\/abelfigueiredo.pa.gov.br\/site\/\",\"name\":\"Prefeitura Municipal de Abel Figueiredo | Gest\u00e3o 2025-2028\",\"description\":\"Site oficial da Prefeitura Municipal de Abel Figueiredo\",\"potentialAction\":[{\"@type\":\"SearchAction\",\"target\":{\"@type\":\"EntryPoint\",\"urlTemplate\":\"https:\/\/abelfigueiredo.pa.gov.br\/site\/?s={search_term_string}\"},\"query-input\":{\"@type\":\"PropertyValueSpecification\",\"valueRequired\":true,\"valueName\":\"search_term_string\"}}],\"inLanguage\":\"pt-BR\"}]}<\/script>\n<!-- \/ Yoast SEO plugin. -->","yoast_head_json":{"title":"Plano Plurianual (PPA) - Prefeitura Municipal de Abel Figueiredo | Gest\u00e3o 2025-2028","robots":{"index":"index","follow":"follow","max-snippet":"max-snippet:-1","max-image-preview":"max-image-preview:large","max-video-preview":"max-video-preview:-1"},"canonical":"https:\/\/abelfigueiredo.pa.gov.br\/site\/portal-da-transparencia\/plano-plurianual-ppa\/","og_locale":"pt_BR","og_type":"article","og_title":"Plano Plurianual (PPA) - Prefeitura Municipal de Abel Figueiredo | Gest\u00e3o 2025-2028","og_description":"LEI N\u00ba 222\/2017, DE 16 DE NOVEMBRO DE 2017 (PPA 2018-2021):\u00a0Disp\u00f5e sobre o plano plurianual no munic\u00edpio de Abel Figueiredo para per\u00edodo de 2018\/2021 e d\u00e1 outras provid\u00eancias LEI N\u00ba 191\/2013, DE 27 DE SETEMBRO DE 2013 (PPA 2014-2017):\u00a0Disp\u00f5e sobre o plano plurianual do munic\u00edpio de Abel Figueiredo, estado do Par\u00e1, para o quadri\u00eanio 2014Veja mais","og_url":"https:\/\/abelfigueiredo.pa.gov.br\/site\/portal-da-transparencia\/plano-plurianual-ppa\/","og_site_name":"Prefeitura Municipal de Abel Figueiredo | Gest\u00e3o 2025-2028","article_modified_time":"2025-01-03T18:59:23+00:00","twitter_misc":{"Est. tempo de leitura":"1 minuto"},"schema":{"@context":"https:\/\/schema.org","@graph":[{"@type":"WebPage","@id":"https:\/\/abelfigueiredo.pa.gov.br\/site\/portal-da-transparencia\/plano-plurianual-ppa\/","url":"https:\/\/abelfigueiredo.pa.gov.br\/site\/portal-da-transparencia\/plano-plurianual-ppa\/","name":"Plano Plurianual (PPA) - Prefeitura Municipal de Abel Figueiredo | Gest\u00e3o 2025-2028","isPartOf":{"@id":"https:\/\/abelfigueiredo.pa.gov.br\/site\/#website"},"datePublished":"2019-02-12T15:09:16+00:00","dateModified":"2025-01-03T18:59:23+00:00","breadcrumb":{"@id":"https:\/\/abelfigueiredo.pa.gov.br\/site\/portal-da-transparencia\/plano-plurianual-ppa\/#breadcrumb"},"inLanguage":"pt-BR","potentialAction":[{"@type":"ReadAction","target":["https:\/\/abelfigueiredo.pa.gov.br\/site\/portal-da-transparencia\/plano-plurianual-ppa\/"]}]},{"@type":"BreadcrumbList","@id":"https:\/\/abelfigueiredo.pa.gov.br\/site\/portal-da-transparencia\/plano-plurianual-ppa\/#breadcrumb","itemListElement":[{"@type":"ListItem","position":1,"name":"Portal da Transpar\u00eancia","item":"https:\/\/abelfigueiredo.pa.gov.br\/site\/portal-da-transparencia\/"},{"@type":"ListItem","position":2,"name":"Plano Plurianual (PPA)"}]},{"@type":"WebSite","@id":"https:\/\/abelfigueiredo.pa.gov.br\/site\/#website","url":"https:\/\/abelfigueiredo.pa.gov.br\/site\/","name":"Prefeitura Municipal de Abel Figueiredo | Gest\u00e3o 2025-2028","description":"Site oficial da Prefeitura Municipal de Abel Figueiredo","potentialAction":[{"@type":"SearchAction","target":{"@type":"EntryPoint","urlTemplate":"https:\/\/abelfigueiredo.pa.gov.br\/site\/?s={search_term_string}"},"query-input":{"@type":"PropertyValueSpecification","valueRequired":true,"valueName":"search_term_string"}}],"inLanguage":"pt-BR"}]}},"_links":{"self":[{"href":"https:\/\/abelfigueiredo.pa.gov.br\/site\/wp-json\/wp\/v2\/pages\/2149","targetHints":{"allow":["GET"]}}],"collection":[{"href":"https:\/\/abelfigueiredo.pa.gov.br\/site\/wp-json\/wp\/v2\/pages"}],"about":[{"href":"https:\/\/abelfigueiredo.pa.gov.br\/site\/wp-json\/wp\/v2\/types\/page"}],"author":[{"embeddable":true,"href":"https:\/\/abelfigueiredo.pa.gov.br\/site\/wp-json\/wp\/v2\/users\/1"}],"replies":[{"embeddable":true,"href":"https:\/\/abelfigueiredo.pa.gov.br\/site\/wp-json\/wp\/v2\/comments?post=2149"}],"version-history":[{"count":7,"href":"https:\/\/abelfigueiredo.pa.gov.br\/site\/wp-json\/wp\/v2\/pages\/2149\/revisions"}],"predecessor-version":[{"id":18978,"href":"https:\/\/abelfigueiredo.pa.gov.br\/site\/wp-json\/wp\/v2\/pages\/2149\/revisions\/18978"}],"up":[{"embeddable":true,"href":"https:\/\/abelfigueiredo.pa.gov.br\/site\/wp-json\/wp\/v2\/pages\/1862"}],"wp:attachment":[{"href":"https:\/\/abelfigueiredo.pa.gov.br\/site\/wp-json\/wp\/v2\/media?parent=2149"}],"curies":[{"name":"wp","href":"https:\/\/api.w.org\/{rel}","templated":true}]}}