{"id":2146,"date":"2019-02-12T12:08:02","date_gmt":"2019-02-12T15:08:02","guid":{"rendered":"http:\/\/abelfigueiredo.pa.gov.br\/site\/\/?page_id=2146"},"modified":"2025-01-03T15:59:53","modified_gmt":"2025-01-03T18:59:53","slug":"lei-de-diretrizes-orcamentarias-ldo","status":"publish","type":"page","link":"https:\/\/abelfigueiredo.pa.gov.br\/site\/portal-da-transparencia\/lei-de-diretrizes-orcamentarias-ldo\/","title":{"rendered":"Lei de Diretrizes Or\u00e7ament\u00e1rias (LDO)"},"content":{"rendered":"<ul>\n<li><a href=\"https:\/\/drive.google.com\/file\/d\/15LLtApoyc3UivwwE6lKRJI7EaJ_s920N\">LEI N\u00ba 270\/2023, DE 30 DE JUNHO DE 2023 (LDO 2024)<\/a>: Disp\u00f5e sobre as diretrizes or\u00e7ament\u00e1rias para o exerc\u00edcio de 2024 e d\u00e1 outras provid\u00eancias<\/li>\n<li><a href=\"https:\/\/abelfigueiredo.pa.gov.br\/site\/wp-content\/uploads\/2023\/06\/LDO-2023.pdf\" target=\"_blank\" rel=\"noopener\">LEI N\u00ba 261\/2022, DE 07 DE JULHO DE 2022 (LDO 2023)<\/a>: Disp\u00f5e sobre as diretrizes or\u00e7ament\u00e1rias para o exerc\u00edcio de 2023 e d\u00e1 outras provid\u00eancias<\/li>\n<li><a href=\"https:\/\/abelfigueiredo.pa.gov.br\/site\/wp-content\/uploads\/2023\/06\/LDO-2022.pdf\" target=\"_blank\" rel=\"noopener\">LEI N\u00ba 252\/2021, DE 30 DE JUNHO DE 2021 (LDO 2022):<\/a>\u00a0Disp\u00f5e sobre as Diretrizes or\u00e7amentarias para o exerc\u00edcio de 2022 e da outras providencias<\/li>\n<li><a href=\"https:\/\/abelfigueiredo.pa.gov.br\/site\/wp-content\/uploads\/2023\/06\/LDO-2021.pdf\" target=\"_blank\" rel=\"noopener\">LEI N\u00ba 242\/2020, DE 29 DE MAIO DE 2020 (LDO 2021)<\/a>:\u00a0Disp\u00f5e sobre as diretrizes para a elabora\u00e7\u00e3o da lei or\u00e7ament\u00e1ria para o exerc\u00edcio de 2021 e d\u00e1 outras provid\u00eancias<\/li>\n<li><a href=\"https:\/\/abelfigueiredo.pa.gov.br\/site\/wp-content\/uploads\/2023\/06\/LDO-2020.pdf\" target=\"_blank\" rel=\"noopener\">LEI N\u00ba 238\/2019, DE 04 DE JULHO DE 2019 (LDO 2020)<\/a>:\u00a0Disp\u00f5e sobre as diretrizes para elabora\u00e7\u00e3o da lei or\u00e7ament\u00e1ria para o exerc\u00edcio de 2020 e d\u00e1 outras provid\u00eancias<\/li>\n<li><a href=\"https:\/\/abelfigueiredo.pa.gov.br\/site\/wp-content\/uploads\/2023\/06\/LDO-2019.pdf\" target=\"_blank\" rel=\"noopener\">LEI N\u00ba 230\/2018, DE 07 DE JULHO DE 2018 (LDO 2019)<\/a>:\u00a0Disp\u00f5e sobre as diretrizes para a elabora\u00e7\u00e3o da lei or\u00e7ament\u00e1ria para o exerc\u00edcio de 2019 e d\u00e1 outras provid\u00eancias<\/li>\n<li><a href=\"https:\/\/abelfigueiredo.pa.gov.br\/site\/wp-content\/uploads\/2023\/06\/LDO-2018.pdf\" target=\"_blank\" rel=\"noopener\">LEI N\u00ba 219\/2017, DE 10 DE AGOSTO DE 2017 (LDO 2018)<\/a>:\u00a0Disp\u00f5e sobre as diretrizes para a elabora\u00e7\u00e3o da lei or\u00e7ament\u00e1ria para o exerc\u00edcio de 2018 e d\u00e1 outras provid\u00eancias<\/li>\n<li><a href=\"https:\/\/abelfigueiredo.pa.gov.br\/site\/wp-content\/uploads\/2023\/06\/LDO-2017.pdf\" target=\"_blank\" rel=\"noopener\">LEI N\u00ba 204\/2016, DE 08 DE JULHO DE 2016 (LDO 2017)<\/a>:\u00a0Disp\u00f5e sobre as diretrizes para elabora\u00e7\u00e3o da lei or\u00e7ament\u00e1ria do munic\u00edpio de Abel Figueiredo, estado do Par\u00e1, para o exerc\u00edcio financeiro de 2017 e d\u00e1 outras provid\u00eancias<\/li>\n<li><a href=\"https:\/\/abelfigueiredo.pa.gov.br\/site\/wp-content\/uploads\/2023\/06\/LDO-2011.pdf\" target=\"_blank\" rel=\"noopener noreferrer\">LEI N\u00ba 162\/2010, DE 09 DE AGOSTO DE 2010 (LDO 2011)<\/a>: Disp\u00f5e sobre as diretrizes para a elabora\u00e7\u00e3o da lei or\u00e7ament\u00e1ria de 2011, e d\u00e1 outras provid\u00eancias<\/li>\n<li><a href=\"https:\/\/abelfigueiredo.pa.gov.br\/site\/wp-content\/uploads\/2023\/06\/LDO-2008.pdf\" target=\"_blank\" rel=\"noopener noreferrer\">LEI N\u00ba 127\/2007, DE 26 DE JULHO DE 2007 (LDO 2008)<\/a>: Disp\u00f5e sobre as diretrizes para a elabora\u00e7\u00e3o da lei or\u00e7amentaria de 2008, e d\u00e1 outras provid\u00eancias<\/li>\n<li><a href=\"https:\/\/abelfigueiredo.pa.gov.br\/site\/wp-content\/uploads\/2023\/06\/LDO-2007.pdf\" target=\"_blank\" rel=\"noopener noreferrer\">LEI N\u00ba 115\/2006, DE 14 DE AGOSTO DE 2006 ( LDO 2007)<\/a>: Disp\u00f5e sobre as diretrizes par a elabora\u00e7\u00e3o da lei or\u00e7amentaria de 2007, e d\u00e1 outras provid\u00eancias<\/li>\n<li><a href=\"https:\/\/abelfigueiredo.pa.gov.br\/site\/wp-content\/uploads\/2023\/06\/LDO-2006.pdf\" target=\"_blank\" rel=\"noopener noreferrer\">LEI N\u00ba 101\/2005, DE 28 DE JUNHO DE 2005 (LDO 2006)<\/a>: Disp\u00f5e sobre as diretrizes para a elabora\u00e7\u00e3o da lei or\u00e7ament\u00e1ria de 2006, e d\u00e1 outras provid\u00eancias<\/li>\n<li><a href=\"https:\/\/abelfigueiredo.pa.gov.br\/site\/wp-content\/uploads\/2023\/06\/LDO-2001.pdf\" target=\"_blank\" rel=\"noopener\">LEI N\u00ba 073\/2000, DE 09 DE NOVEMBRO DE 2000 (LDO 2001)<\/a>:\u00a0Disp\u00f5e sobre as diretrizes or\u00e7ament\u00e1rias para o exerc\u00edcio do ano de 2001 e d\u00e1 outras provid\u00eancias<\/li>\n<li><a href=\"https:\/\/abelfigueiredo.pa.gov.br\/site\/wp-content\/uploads\/2023\/06\/LDO-2000.pdf\" target=\"_blank\" rel=\"noopener\">LEI N\u00ba 064\/1999, DE 23 DE JUNHO DE 1999 (LDO 2000)<\/a>:\u00a0Disp\u00f5e sobre as diretrizes or\u00e7ament\u00e1rias para o exerc\u00edcio do ano de 2000 e d\u00e1 outras provid\u00eancias<\/li>\n<li><a href=\"https:\/\/abelfigueiredo.pa.gov.br\/site\/wp-content\/uploads\/2023\/06\/LDO-1998.pdf\" target=\"_blank\" rel=\"noopener noreferrer\">LEI N\u00ba 054\/1997, DE 19 DE JUNHO DE 1997 (LDO 1998)<\/a>: Disp\u00f5e sobre as diretrizes or\u00e7amentarias para o exerc\u00edcio de 1998, e d\u00e1 outras provid\u00eancias<\/li>\n<\/ul>\n","protected":false},"excerpt":{"rendered":"<p>LEI N\u00ba 270\/2023, DE 30 DE JUNHO DE 2023 (LDO 2024): Disp\u00f5e sobre as diretrizes or\u00e7ament\u00e1rias para o exerc\u00edcio de 2024 e d\u00e1 outras provid\u00eancias LEI N\u00ba 261\/2022, DE 07 DE JULHO DE 2022 (LDO 2023): Disp\u00f5e sobre as diretrizes or\u00e7ament\u00e1rias para o exerc\u00edcio de 2023 e d\u00e1 outras provid\u00eancias LEI N\u00ba 252\/2021, DE 30<\/p>\n<div class=\"read-more\"><a href=\"https:\/\/abelfigueiredo.pa.gov.br\/site\/portal-da-transparencia\/lei-de-diretrizes-orcamentarias-ldo\/\" title=\"Veja mais\">Veja mais<\/a><\/div>\n","protected":false},"author":1,"featured_media":0,"parent":1862,"menu_order":0,"comment_status":"closed","ping_status":"closed","template":"","meta":{"footnotes":""},"class_list":["post-2146","page","type-page","status-publish"],"yoast_head":"<!-- This site is optimized with the Yoast SEO plugin v26.6 - https:\/\/yoast.com\/wordpress\/plugins\/seo\/ -->\n<title>Lei de Diretrizes Or\u00e7ament\u00e1rias (LDO) - Prefeitura Municipal de Abel Figueiredo | Gest\u00e3o 2025-2028<\/title>\n<meta name=\"robots\" content=\"index, follow, max-snippet:-1, max-image-preview:large, max-video-preview:-1\" \/>\n<link rel=\"canonical\" href=\"https:\/\/abelfigueiredo.pa.gov.br\/site\/portal-da-transparencia\/lei-de-diretrizes-orcamentarias-ldo\/\" \/>\n<meta property=\"og:locale\" content=\"pt_BR\" \/>\n<meta property=\"og:type\" content=\"article\" \/>\n<meta property=\"og:title\" content=\"Lei de Diretrizes Or\u00e7ament\u00e1rias (LDO) - Prefeitura Municipal de Abel Figueiredo | Gest\u00e3o 2025-2028\" \/>\n<meta property=\"og:description\" content=\"LEI N\u00ba 270\/2023, DE 30 DE JUNHO DE 2023 (LDO 2024): Disp\u00f5e sobre as diretrizes or\u00e7ament\u00e1rias para o exerc\u00edcio de 2024 e d\u00e1 outras provid\u00eancias LEI N\u00ba 261\/2022, DE 07 DE JULHO DE 2022 (LDO 2023): Disp\u00f5e sobre as diretrizes or\u00e7ament\u00e1rias para o exerc\u00edcio de 2023 e d\u00e1 outras provid\u00eancias LEI N\u00ba 252\/2021, DE 30Veja mais\" \/>\n<meta property=\"og:url\" content=\"https:\/\/abelfigueiredo.pa.gov.br\/site\/portal-da-transparencia\/lei-de-diretrizes-orcamentarias-ldo\/\" \/>\n<meta property=\"og:site_name\" content=\"Prefeitura Municipal de Abel Figueiredo | Gest\u00e3o 2025-2028\" \/>\n<meta property=\"article:modified_time\" content=\"2025-01-03T18:59:53+00:00\" \/>\n<meta name=\"twitter:label1\" content=\"Est. tempo de leitura\" \/>\n\t<meta name=\"twitter:data1\" content=\"2 minutos\" \/>\n<script type=\"application\/ld+json\" class=\"yoast-schema-graph\">{\"@context\":\"https:\/\/schema.org\",\"@graph\":[{\"@type\":\"WebPage\",\"@id\":\"https:\/\/abelfigueiredo.pa.gov.br\/site\/portal-da-transparencia\/lei-de-diretrizes-orcamentarias-ldo\/\",\"url\":\"https:\/\/abelfigueiredo.pa.gov.br\/site\/portal-da-transparencia\/lei-de-diretrizes-orcamentarias-ldo\/\",\"name\":\"Lei de Diretrizes Or\u00e7ament\u00e1rias (LDO) - Prefeitura Municipal de Abel Figueiredo | Gest\u00e3o 2025-2028\",\"isPartOf\":{\"@id\":\"https:\/\/abelfigueiredo.pa.gov.br\/site\/#website\"},\"datePublished\":\"2019-02-12T15:08:02+00:00\",\"dateModified\":\"2025-01-03T18:59:53+00:00\",\"breadcrumb\":{\"@id\":\"https:\/\/abelfigueiredo.pa.gov.br\/site\/portal-da-transparencia\/lei-de-diretrizes-orcamentarias-ldo\/#breadcrumb\"},\"inLanguage\":\"pt-BR\",\"potentialAction\":[{\"@type\":\"ReadAction\",\"target\":[\"https:\/\/abelfigueiredo.pa.gov.br\/site\/portal-da-transparencia\/lei-de-diretrizes-orcamentarias-ldo\/\"]}]},{\"@type\":\"BreadcrumbList\",\"@id\":\"https:\/\/abelfigueiredo.pa.gov.br\/site\/portal-da-transparencia\/lei-de-diretrizes-orcamentarias-ldo\/#breadcrumb\",\"itemListElement\":[{\"@type\":\"ListItem\",\"position\":1,\"name\":\"Portal da Transpar\u00eancia\",\"item\":\"https:\/\/abelfigueiredo.pa.gov.br\/site\/portal-da-transparencia\/\"},{\"@type\":\"ListItem\",\"position\":2,\"name\":\"Lei de Diretrizes Or\u00e7ament\u00e1rias (LDO)\"}]},{\"@type\":\"WebSite\",\"@id\":\"https:\/\/abelfigueiredo.pa.gov.br\/site\/#website\",\"url\":\"https:\/\/abelfigueiredo.pa.gov.br\/site\/\",\"name\":\"Prefeitura Municipal de Abel Figueiredo | Gest\u00e3o 2025-2028\",\"description\":\"Site oficial da Prefeitura Municipal de Abel Figueiredo\",\"potentialAction\":[{\"@type\":\"SearchAction\",\"target\":{\"@type\":\"EntryPoint\",\"urlTemplate\":\"https:\/\/abelfigueiredo.pa.gov.br\/site\/?s={search_term_string}\"},\"query-input\":{\"@type\":\"PropertyValueSpecification\",\"valueRequired\":true,\"valueName\":\"search_term_string\"}}],\"inLanguage\":\"pt-BR\"}]}<\/script>\n<!-- \/ Yoast SEO plugin. -->","yoast_head_json":{"title":"Lei de Diretrizes Or\u00e7ament\u00e1rias (LDO) - Prefeitura Municipal de Abel Figueiredo | Gest\u00e3o 2025-2028","robots":{"index":"index","follow":"follow","max-snippet":"max-snippet:-1","max-image-preview":"max-image-preview:large","max-video-preview":"max-video-preview:-1"},"canonical":"https:\/\/abelfigueiredo.pa.gov.br\/site\/portal-da-transparencia\/lei-de-diretrizes-orcamentarias-ldo\/","og_locale":"pt_BR","og_type":"article","og_title":"Lei de Diretrizes Or\u00e7ament\u00e1rias (LDO) - Prefeitura Municipal de Abel Figueiredo | Gest\u00e3o 2025-2028","og_description":"LEI N\u00ba 270\/2023, DE 30 DE JUNHO DE 2023 (LDO 2024): Disp\u00f5e sobre as diretrizes or\u00e7ament\u00e1rias para o exerc\u00edcio de 2024 e d\u00e1 outras provid\u00eancias LEI N\u00ba 261\/2022, DE 07 DE JULHO DE 2022 (LDO 2023): Disp\u00f5e sobre as diretrizes or\u00e7ament\u00e1rias para o exerc\u00edcio de 2023 e d\u00e1 outras provid\u00eancias LEI N\u00ba 252\/2021, DE 30Veja mais","og_url":"https:\/\/abelfigueiredo.pa.gov.br\/site\/portal-da-transparencia\/lei-de-diretrizes-orcamentarias-ldo\/","og_site_name":"Prefeitura Municipal de Abel Figueiredo | Gest\u00e3o 2025-2028","article_modified_time":"2025-01-03T18:59:53+00:00","twitter_misc":{"Est. tempo de leitura":"2 minutos"},"schema":{"@context":"https:\/\/schema.org","@graph":[{"@type":"WebPage","@id":"https:\/\/abelfigueiredo.pa.gov.br\/site\/portal-da-transparencia\/lei-de-diretrizes-orcamentarias-ldo\/","url":"https:\/\/abelfigueiredo.pa.gov.br\/site\/portal-da-transparencia\/lei-de-diretrizes-orcamentarias-ldo\/","name":"Lei de Diretrizes Or\u00e7ament\u00e1rias (LDO) - Prefeitura Municipal de Abel Figueiredo | Gest\u00e3o 2025-2028","isPartOf":{"@id":"https:\/\/abelfigueiredo.pa.gov.br\/site\/#website"},"datePublished":"2019-02-12T15:08:02+00:00","dateModified":"2025-01-03T18:59:53+00:00","breadcrumb":{"@id":"https:\/\/abelfigueiredo.pa.gov.br\/site\/portal-da-transparencia\/lei-de-diretrizes-orcamentarias-ldo\/#breadcrumb"},"inLanguage":"pt-BR","potentialAction":[{"@type":"ReadAction","target":["https:\/\/abelfigueiredo.pa.gov.br\/site\/portal-da-transparencia\/lei-de-diretrizes-orcamentarias-ldo\/"]}]},{"@type":"BreadcrumbList","@id":"https:\/\/abelfigueiredo.pa.gov.br\/site\/portal-da-transparencia\/lei-de-diretrizes-orcamentarias-ldo\/#breadcrumb","itemListElement":[{"@type":"ListItem","position":1,"name":"Portal da Transpar\u00eancia","item":"https:\/\/abelfigueiredo.pa.gov.br\/site\/portal-da-transparencia\/"},{"@type":"ListItem","position":2,"name":"Lei de Diretrizes Or\u00e7ament\u00e1rias (LDO)"}]},{"@type":"WebSite","@id":"https:\/\/abelfigueiredo.pa.gov.br\/site\/#website","url":"https:\/\/abelfigueiredo.pa.gov.br\/site\/","name":"Prefeitura Municipal de Abel Figueiredo | Gest\u00e3o 2025-2028","description":"Site oficial da Prefeitura Municipal de Abel Figueiredo","potentialAction":[{"@type":"SearchAction","target":{"@type":"EntryPoint","urlTemplate":"https:\/\/abelfigueiredo.pa.gov.br\/site\/?s={search_term_string}"},"query-input":{"@type":"PropertyValueSpecification","valueRequired":true,"valueName":"search_term_string"}}],"inLanguage":"pt-BR"}]}},"_links":{"self":[{"href":"https:\/\/abelfigueiredo.pa.gov.br\/site\/wp-json\/wp\/v2\/pages\/2146","targetHints":{"allow":["GET"]}}],"collection":[{"href":"https:\/\/abelfigueiredo.pa.gov.br\/site\/wp-json\/wp\/v2\/pages"}],"about":[{"href":"https:\/\/abelfigueiredo.pa.gov.br\/site\/wp-json\/wp\/v2\/types\/page"}],"author":[{"embeddable":true,"href":"https:\/\/abelfigueiredo.pa.gov.br\/site\/wp-json\/wp\/v2\/users\/1"}],"replies":[{"embeddable":true,"href":"https:\/\/abelfigueiredo.pa.gov.br\/site\/wp-json\/wp\/v2\/comments?post=2146"}],"version-history":[{"count":17,"href":"https:\/\/abelfigueiredo.pa.gov.br\/site\/wp-json\/wp\/v2\/pages\/2146\/revisions"}],"predecessor-version":[{"id":18979,"href":"https:\/\/abelfigueiredo.pa.gov.br\/site\/wp-json\/wp\/v2\/pages\/2146\/revisions\/18979"}],"up":[{"embeddable":true,"href":"https:\/\/abelfigueiredo.pa.gov.br\/site\/wp-json\/wp\/v2\/pages\/1862"}],"wp:attachment":[{"href":"https:\/\/abelfigueiredo.pa.gov.br\/site\/wp-json\/wp\/v2\/media?parent=2146"}],"curies":[{"name":"wp","href":"https:\/\/api.w.org\/{rel}","templated":true}]}}