{"id":18983,"date":"2025-01-03T16:20:02","date_gmt":"2025-01-03T19:20:02","guid":{"rendered":"https:\/\/abelfigueiredo.pa.gov.br\/site\/?page_id=18983"},"modified":"2025-01-03T16:20:02","modified_gmt":"2025-01-03T19:20:02","slug":"parecer-previo-do-tribunal-de-contas","status":"publish","type":"page","link":"https:\/\/abelfigueiredo.pa.gov.br\/site\/portal-da-transparencia\/parecer-previo-e-julgamento-de-contas\/parecer-previo-do-tribunal-de-contas\/","title":{"rendered":"Parecer Pr\u00e9vio do Tribunal de Contas"},"content":{"rendered":"<ul>\n<li><a href=\"https:\/\/abelfigueiredo.pa.gov.br\/site\/wp-content\/uploads\/2023\/09\/PARECER-PREVIO-PELA-APROVACAO-TCM-2021.pdf\" target=\"_blank\" rel=\"noopener\">Exerc\u00edcio\u00a0de\u00a02021<\/a> (\u00faltimo\u00a0parecer\u00a0emitido)<\/li>\n<li><a href=\"https:\/\/abelfigueiredo.pa.gov.br\/site\/wp-content\/uploads\/2023\/09\/PARECER-PREVIO-PELA-APROVACAO-TCM-2020.pdf\" target=\"_blank\" rel=\"noopener\">Exerc\u00edcio\u00a0de\u00a02020<\/a><\/li>\n<li><a href=\"https:\/\/abelfigueiredo.pa.gov.br\/site\/wp-content\/uploads\/2023\/09\/PARECER-PREVIO-PELA-APROVACAO-TCM-2019-1.pdf\" target=\"_blank\" rel=\"noopener\">Exerc\u00edcio\u00a0de\u00a02019<\/a><\/li>\n<li><a href=\"https:\/\/abelfigueiredo.pa.gov.br\/wp-content\/uploads\/2022\/08\/resjur-15682-2021-tcmpa-pa-1.pdf\" target=\"_blank\" rel=\"noopener\">Exerc\u00edcio de 2016<\/a><\/li>\n<li><a href=\"https:\/\/abelfigueiredo.pa.gov.br\/site\/wp-content\/uploads\/2023\/09\/Exercicio-de-2009.pdf\" target=\"_blank\" rel=\"noopener\">Exerc\u00edcio de 2009<\/a><\/li>\n<li><a href=\"https:\/\/abelfigueiredo.pa.gov.br\/site\/wp-content\/uploads\/2023\/09\/Exercicio-de-2006.pdf\" target=\"_blank\" rel=\"noopener\">Exerc\u00edcio de 2006<\/a><\/li>\n<li><a href=\"https:\/\/abelfigueiredo.pa.gov.br\/site\/wp-content\/uploads\/2023\/09\/Exercicio-de-2005.pdf\" target=\"_blank\" rel=\"noopener\">Exerc\u00edcio de 2005<\/a><\/li>\n<li><a href=\"https:\/\/abelfigueiredo.pa.gov.br\/site\/wp-content\/uploads\/2023\/09\/Exercicio-de-2003.pdf\" target=\"_blank\" rel=\"noopener\">Exerc\u00edcio de 2003<\/a><\/li>\n<\/ul>\n","protected":false},"excerpt":{"rendered":"<p>Exerc\u00edcio\u00a0de\u00a02021 (\u00faltimo\u00a0parecer\u00a0emitido) Exerc\u00edcio\u00a0de\u00a02020 Exerc\u00edcio\u00a0de\u00a02019 Exerc\u00edcio de 2016 Exerc\u00edcio de 2009 Exerc\u00edcio de 2006 Exerc\u00edcio de 2005 Exerc\u00edcio de 2003<\/p>\n","protected":false},"author":26,"featured_media":0,"parent":8700,"menu_order":0,"comment_status":"closed","ping_status":"closed","template":"","meta":{"footnotes":""},"class_list":["post-18983","page","type-page","status-publish"],"yoast_head":"<!-- This site is optimized with the Yoast SEO plugin v26.6 - https:\/\/yoast.com\/wordpress\/plugins\/seo\/ -->\n<title>Parecer Pr\u00e9vio do Tribunal de Contas - Prefeitura Municipal de Abel Figueiredo | Gest\u00e3o 2025-2028<\/title>\n<meta name=\"robots\" content=\"index, follow, max-snippet:-1, max-image-preview:large, max-video-preview:-1\" \/>\n<link rel=\"canonical\" href=\"https:\/\/abelfigueiredo.pa.gov.br\/site\/portal-da-transparencia\/parecer-previo-e-julgamento-de-contas\/parecer-previo-do-tribunal-de-contas\/\" \/>\n<meta property=\"og:locale\" content=\"pt_BR\" \/>\n<meta property=\"og:type\" content=\"article\" \/>\n<meta property=\"og:title\" content=\"Parecer Pr\u00e9vio do Tribunal de Contas - Prefeitura Municipal de Abel Figueiredo | Gest\u00e3o 2025-2028\" \/>\n<meta property=\"og:description\" content=\"Exerc\u00edcio\u00a0de\u00a02021 (\u00faltimo\u00a0parecer\u00a0emitido) Exerc\u00edcio\u00a0de\u00a02020 Exerc\u00edcio\u00a0de\u00a02019 Exerc\u00edcio de 2016 Exerc\u00edcio de 2009 Exerc\u00edcio de 2006 Exerc\u00edcio de 2005 Exerc\u00edcio de 2003\" \/>\n<meta property=\"og:url\" content=\"https:\/\/abelfigueiredo.pa.gov.br\/site\/portal-da-transparencia\/parecer-previo-e-julgamento-de-contas\/parecer-previo-do-tribunal-de-contas\/\" \/>\n<meta property=\"og:site_name\" content=\"Prefeitura Municipal de Abel Figueiredo | Gest\u00e3o 2025-2028\" \/>\n<script type=\"application\/ld+json\" class=\"yoast-schema-graph\">{\"@context\":\"https:\/\/schema.org\",\"@graph\":[{\"@type\":\"WebPage\",\"@id\":\"https:\/\/abelfigueiredo.pa.gov.br\/site\/portal-da-transparencia\/parecer-previo-e-julgamento-de-contas\/parecer-previo-do-tribunal-de-contas\/\",\"url\":\"https:\/\/abelfigueiredo.pa.gov.br\/site\/portal-da-transparencia\/parecer-previo-e-julgamento-de-contas\/parecer-previo-do-tribunal-de-contas\/\",\"name\":\"Parecer Pr\u00e9vio do Tribunal de Contas - Prefeitura Municipal de Abel Figueiredo | Gest\u00e3o 2025-2028\",\"isPartOf\":{\"@id\":\"https:\/\/abelfigueiredo.pa.gov.br\/site\/#website\"},\"datePublished\":\"2025-01-03T19:20:02+00:00\",\"breadcrumb\":{\"@id\":\"https:\/\/abelfigueiredo.pa.gov.br\/site\/portal-da-transparencia\/parecer-previo-e-julgamento-de-contas\/parecer-previo-do-tribunal-de-contas\/#breadcrumb\"},\"inLanguage\":\"pt-BR\",\"potentialAction\":[{\"@type\":\"ReadAction\",\"target\":[\"https:\/\/abelfigueiredo.pa.gov.br\/site\/portal-da-transparencia\/parecer-previo-e-julgamento-de-contas\/parecer-previo-do-tribunal-de-contas\/\"]}]},{\"@type\":\"BreadcrumbList\",\"@id\":\"https:\/\/abelfigueiredo.pa.gov.br\/site\/portal-da-transparencia\/parecer-previo-e-julgamento-de-contas\/parecer-previo-do-tribunal-de-contas\/#breadcrumb\",\"itemListElement\":[{\"@type\":\"ListItem\",\"position\":1,\"name\":\"Portal da Transpar\u00eancia\",\"item\":\"https:\/\/abelfigueiredo.pa.gov.br\/site\/portal-da-transparencia\/\"},{\"@type\":\"ListItem\",\"position\":2,\"name\":\"Parecer Pr\u00e9vio e Julgamento de Contas\",\"item\":\"https:\/\/abelfigueiredo.pa.gov.br\/site\/portal-da-transparencia\/parecer-previo-e-julgamento-de-contas\/\"},{\"@type\":\"ListItem\",\"position\":3,\"name\":\"Parecer Pr\u00e9vio do Tribunal de Contas\"}]},{\"@type\":\"WebSite\",\"@id\":\"https:\/\/abelfigueiredo.pa.gov.br\/site\/#website\",\"url\":\"https:\/\/abelfigueiredo.pa.gov.br\/site\/\",\"name\":\"Prefeitura Municipal de Abel Figueiredo | Gest\u00e3o 2025-2028\",\"description\":\"Site oficial da Prefeitura Municipal de Abel Figueiredo\",\"potentialAction\":[{\"@type\":\"SearchAction\",\"target\":{\"@type\":\"EntryPoint\",\"urlTemplate\":\"https:\/\/abelfigueiredo.pa.gov.br\/site\/?s={search_term_string}\"},\"query-input\":{\"@type\":\"PropertyValueSpecification\",\"valueRequired\":true,\"valueName\":\"search_term_string\"}}],\"inLanguage\":\"pt-BR\"}]}<\/script>\n<!-- \/ Yoast SEO plugin. -->","yoast_head_json":{"title":"Parecer Pr\u00e9vio do Tribunal de Contas - Prefeitura Municipal de Abel Figueiredo | Gest\u00e3o 2025-2028","robots":{"index":"index","follow":"follow","max-snippet":"max-snippet:-1","max-image-preview":"max-image-preview:large","max-video-preview":"max-video-preview:-1"},"canonical":"https:\/\/abelfigueiredo.pa.gov.br\/site\/portal-da-transparencia\/parecer-previo-e-julgamento-de-contas\/parecer-previo-do-tribunal-de-contas\/","og_locale":"pt_BR","og_type":"article","og_title":"Parecer Pr\u00e9vio do Tribunal de Contas - Prefeitura Municipal de Abel Figueiredo | Gest\u00e3o 2025-2028","og_description":"Exerc\u00edcio\u00a0de\u00a02021 (\u00faltimo\u00a0parecer\u00a0emitido) Exerc\u00edcio\u00a0de\u00a02020 Exerc\u00edcio\u00a0de\u00a02019 Exerc\u00edcio de 2016 Exerc\u00edcio de 2009 Exerc\u00edcio de 2006 Exerc\u00edcio de 2005 Exerc\u00edcio de 2003","og_url":"https:\/\/abelfigueiredo.pa.gov.br\/site\/portal-da-transparencia\/parecer-previo-e-julgamento-de-contas\/parecer-previo-do-tribunal-de-contas\/","og_site_name":"Prefeitura Municipal de Abel Figueiredo | Gest\u00e3o 2025-2028","schema":{"@context":"https:\/\/schema.org","@graph":[{"@type":"WebPage","@id":"https:\/\/abelfigueiredo.pa.gov.br\/site\/portal-da-transparencia\/parecer-previo-e-julgamento-de-contas\/parecer-previo-do-tribunal-de-contas\/","url":"https:\/\/abelfigueiredo.pa.gov.br\/site\/portal-da-transparencia\/parecer-previo-e-julgamento-de-contas\/parecer-previo-do-tribunal-de-contas\/","name":"Parecer Pr\u00e9vio do Tribunal de Contas - Prefeitura Municipal de Abel Figueiredo | Gest\u00e3o 2025-2028","isPartOf":{"@id":"https:\/\/abelfigueiredo.pa.gov.br\/site\/#website"},"datePublished":"2025-01-03T19:20:02+00:00","breadcrumb":{"@id":"https:\/\/abelfigueiredo.pa.gov.br\/site\/portal-da-transparencia\/parecer-previo-e-julgamento-de-contas\/parecer-previo-do-tribunal-de-contas\/#breadcrumb"},"inLanguage":"pt-BR","potentialAction":[{"@type":"ReadAction","target":["https:\/\/abelfigueiredo.pa.gov.br\/site\/portal-da-transparencia\/parecer-previo-e-julgamento-de-contas\/parecer-previo-do-tribunal-de-contas\/"]}]},{"@type":"BreadcrumbList","@id":"https:\/\/abelfigueiredo.pa.gov.br\/site\/portal-da-transparencia\/parecer-previo-e-julgamento-de-contas\/parecer-previo-do-tribunal-de-contas\/#breadcrumb","itemListElement":[{"@type":"ListItem","position":1,"name":"Portal da Transpar\u00eancia","item":"https:\/\/abelfigueiredo.pa.gov.br\/site\/portal-da-transparencia\/"},{"@type":"ListItem","position":2,"name":"Parecer Pr\u00e9vio e Julgamento de Contas","item":"https:\/\/abelfigueiredo.pa.gov.br\/site\/portal-da-transparencia\/parecer-previo-e-julgamento-de-contas\/"},{"@type":"ListItem","position":3,"name":"Parecer Pr\u00e9vio do Tribunal de Contas"}]},{"@type":"WebSite","@id":"https:\/\/abelfigueiredo.pa.gov.br\/site\/#website","url":"https:\/\/abelfigueiredo.pa.gov.br\/site\/","name":"Prefeitura Municipal de Abel Figueiredo | Gest\u00e3o 2025-2028","description":"Site oficial da Prefeitura Municipal de Abel Figueiredo","potentialAction":[{"@type":"SearchAction","target":{"@type":"EntryPoint","urlTemplate":"https:\/\/abelfigueiredo.pa.gov.br\/site\/?s={search_term_string}"},"query-input":{"@type":"PropertyValueSpecification","valueRequired":true,"valueName":"search_term_string"}}],"inLanguage":"pt-BR"}]}},"_links":{"self":[{"href":"https:\/\/abelfigueiredo.pa.gov.br\/site\/wp-json\/wp\/v2\/pages\/18983","targetHints":{"allow":["GET"]}}],"collection":[{"href":"https:\/\/abelfigueiredo.pa.gov.br\/site\/wp-json\/wp\/v2\/pages"}],"about":[{"href":"https:\/\/abelfigueiredo.pa.gov.br\/site\/wp-json\/wp\/v2\/types\/page"}],"author":[{"embeddable":true,"href":"https:\/\/abelfigueiredo.pa.gov.br\/site\/wp-json\/wp\/v2\/users\/26"}],"replies":[{"embeddable":true,"href":"https:\/\/abelfigueiredo.pa.gov.br\/site\/wp-json\/wp\/v2\/comments?post=18983"}],"version-history":[{"count":1,"href":"https:\/\/abelfigueiredo.pa.gov.br\/site\/wp-json\/wp\/v2\/pages\/18983\/revisions"}],"predecessor-version":[{"id":18985,"href":"https:\/\/abelfigueiredo.pa.gov.br\/site\/wp-json\/wp\/v2\/pages\/18983\/revisions\/18985"}],"up":[{"embeddable":true,"href":"https:\/\/abelfigueiredo.pa.gov.br\/site\/wp-json\/wp\/v2\/pages\/8700"}],"wp:attachment":[{"href":"https:\/\/abelfigueiredo.pa.gov.br\/site\/wp-json\/wp\/v2\/media?parent=18983"}],"curies":[{"name":"wp","href":"https:\/\/api.w.org\/{rel}","templated":true}]}}