{"id":15083,"date":"2023-06-28T16:25:35","date_gmt":"2023-06-28T19:25:35","guid":{"rendered":"https:\/\/abelfigueiredo.pa.gov.br\/site\/?page_id=15083"},"modified":"2023-06-28T16:26:04","modified_gmt":"2023-06-28T19:26:04","slug":"secretaria-municipal-de-saude","status":"publish","type":"page","link":"https:\/\/abelfigueiredo.pa.gov.br\/site\/o-governo\/estrutura-organizacional\/secretaria-municipal-de-saude\/","title":{"rendered":"Secretaria Municipal de Sa\u00fade"},"content":{"rendered":"<p><strong>Respons\u00e1vel:<\/strong>\u00a0Francineide Marinho Aar\u00e3o<\/p>\n<div>\n<p><strong>Hor\u00e1rio de Atendimento:<\/strong>\u00a0De 08:00h \u00e0s 14:00h<\/p>\n<p><strong>Endere\u00e7o:<\/strong>\u00a0Travessa JK, sn<\/p>\n<p><strong>Telefone:<\/strong>\u00a0(94) 92779999<\/p>\n<p><strong>E-mail:<\/strong>\u00a0elianaralmeida4@gmail.<wbr \/>com<\/p>\n<\/div>\n<div>\n<div>\n<h2>Compet\u00eancias<\/h2>\n<p>A Secret\u00e1ria Municipal de Sa\u00fade, em conjunto com os demais setores que comp\u00f5em a Secretaria, \u00e9 a respons\u00e1vel pela defini\u00e7\u00e3o e avalia\u00e7\u00e3o da Pol\u00edtica Municipal de Sa\u00fade, em conson\u00e2ncia com o Plano de Governo, Plano Municipal de Sa\u00fade e diretrizes do Sistema \u00danico de Sa\u00fade \u2013 SUS.<\/p>\n<\/div>\n<\/div>\n","protected":false},"excerpt":{"rendered":"<p>Respons\u00e1vel:\u00a0Francineide Marinho Aar\u00e3o Hor\u00e1rio de Atendimento:\u00a0De 08:00h \u00e0s 14:00h Endere\u00e7o:\u00a0Travessa JK, sn Telefone:\u00a0(94) 92779999 E-mail:\u00a0elianaralmeida4@gmail.com Compet\u00eancias A Secret\u00e1ria Municipal de Sa\u00fade, em conjunto com os demais setores que comp\u00f5em a Secretaria, \u00e9 a respons\u00e1vel pela defini\u00e7\u00e3o e avalia\u00e7\u00e3o da Pol\u00edtica Municipal de Sa\u00fade, em conson\u00e2ncia com o Plano de Governo, Plano Municipal de Sa\u00fade e<\/p>\n<div class=\"read-more\"><a href=\"https:\/\/abelfigueiredo.pa.gov.br\/site\/o-governo\/estrutura-organizacional\/secretaria-municipal-de-saude\/\" title=\"Veja mais\">Veja mais<\/a><\/div>\n","protected":false},"author":25,"featured_media":0,"parent":676,"menu_order":0,"comment_status":"closed","ping_status":"closed","template":"","meta":{"footnotes":""},"class_list":["post-15083","page","type-page","status-publish"],"yoast_head":"<!-- This site is optimized with the Yoast SEO plugin v26.6 - https:\/\/yoast.com\/wordpress\/plugins\/seo\/ -->\n<title>Secretaria Municipal de Sa\u00fade - Prefeitura Municipal de Abel Figueiredo | Gest\u00e3o 2025-2028<\/title>\n<meta name=\"robots\" content=\"index, follow, max-snippet:-1, max-image-preview:large, max-video-preview:-1\" \/>\n<link rel=\"canonical\" href=\"https:\/\/abelfigueiredo.pa.gov.br\/site\/o-governo\/estrutura-organizacional\/secretaria-municipal-de-saude\/\" \/>\n<meta property=\"og:locale\" content=\"pt_BR\" \/>\n<meta property=\"og:type\" content=\"article\" \/>\n<meta property=\"og:title\" content=\"Secretaria Municipal de Sa\u00fade - Prefeitura Municipal de Abel Figueiredo | Gest\u00e3o 2025-2028\" \/>\n<meta property=\"og:description\" content=\"Respons\u00e1vel:\u00a0Francineide Marinho Aar\u00e3o Hor\u00e1rio de Atendimento:\u00a0De 08:00h \u00e0s 14:00h Endere\u00e7o:\u00a0Travessa JK, sn Telefone:\u00a0(94) 92779999 E-mail:\u00a0elianaralmeida4@gmail.com Compet\u00eancias A Secret\u00e1ria Municipal de Sa\u00fade, em conjunto com os demais setores que comp\u00f5em a Secretaria, \u00e9 a respons\u00e1vel pela defini\u00e7\u00e3o e avalia\u00e7\u00e3o da Pol\u00edtica Municipal de Sa\u00fade, em conson\u00e2ncia com o Plano de Governo, Plano Municipal de Sa\u00fade eVeja mais\" \/>\n<meta property=\"og:url\" content=\"https:\/\/abelfigueiredo.pa.gov.br\/site\/o-governo\/estrutura-organizacional\/secretaria-municipal-de-saude\/\" \/>\n<meta property=\"og:site_name\" content=\"Prefeitura Municipal de Abel Figueiredo | Gest\u00e3o 2025-2028\" \/>\n<meta property=\"article:modified_time\" content=\"2023-06-28T19:26:04+00:00\" \/>\n<script type=\"application\/ld+json\" class=\"yoast-schema-graph\">{\"@context\":\"https:\/\/schema.org\",\"@graph\":[{\"@type\":\"WebPage\",\"@id\":\"https:\/\/abelfigueiredo.pa.gov.br\/site\/o-governo\/estrutura-organizacional\/secretaria-municipal-de-saude\/\",\"url\":\"https:\/\/abelfigueiredo.pa.gov.br\/site\/o-governo\/estrutura-organizacional\/secretaria-municipal-de-saude\/\",\"name\":\"Secretaria Municipal de Sa\u00fade - Prefeitura Municipal de Abel Figueiredo | Gest\u00e3o 2025-2028\",\"isPartOf\":{\"@id\":\"https:\/\/abelfigueiredo.pa.gov.br\/site\/#website\"},\"datePublished\":\"2023-06-28T19:25:35+00:00\",\"dateModified\":\"2023-06-28T19:26:04+00:00\",\"breadcrumb\":{\"@id\":\"https:\/\/abelfigueiredo.pa.gov.br\/site\/o-governo\/estrutura-organizacional\/secretaria-municipal-de-saude\/#breadcrumb\"},\"inLanguage\":\"pt-BR\",\"potentialAction\":[{\"@type\":\"ReadAction\",\"target\":[\"https:\/\/abelfigueiredo.pa.gov.br\/site\/o-governo\/estrutura-organizacional\/secretaria-municipal-de-saude\/\"]}]},{\"@type\":\"BreadcrumbList\",\"@id\":\"https:\/\/abelfigueiredo.pa.gov.br\/site\/o-governo\/estrutura-organizacional\/secretaria-municipal-de-saude\/#breadcrumb\",\"itemListElement\":[{\"@type\":\"ListItem\",\"position\":1,\"name\":\"O Governo\",\"item\":\"https:\/\/abelfigueiredo.pa.gov.br\/site\/o-governo\/\"},{\"@type\":\"ListItem\",\"position\":2,\"name\":\"Estrutura Organizacional\",\"item\":\"https:\/\/abelfigueiredo.pa.gov.br\/site\/o-governo\/estrutura-organizacional\/\"},{\"@type\":\"ListItem\",\"position\":3,\"name\":\"Secretaria Municipal de Sa\u00fade\"}]},{\"@type\":\"WebSite\",\"@id\":\"https:\/\/abelfigueiredo.pa.gov.br\/site\/#website\",\"url\":\"https:\/\/abelfigueiredo.pa.gov.br\/site\/\",\"name\":\"Prefeitura Municipal de Abel Figueiredo | Gest\u00e3o 2025-2028\",\"description\":\"Site oficial da Prefeitura Municipal de Abel Figueiredo\",\"potentialAction\":[{\"@type\":\"SearchAction\",\"target\":{\"@type\":\"EntryPoint\",\"urlTemplate\":\"https:\/\/abelfigueiredo.pa.gov.br\/site\/?s={search_term_string}\"},\"query-input\":{\"@type\":\"PropertyValueSpecification\",\"valueRequired\":true,\"valueName\":\"search_term_string\"}}],\"inLanguage\":\"pt-BR\"}]}<\/script>\n<!-- \/ Yoast SEO plugin. -->","yoast_head_json":{"title":"Secretaria Municipal de Sa\u00fade - Prefeitura Municipal de Abel Figueiredo | Gest\u00e3o 2025-2028","robots":{"index":"index","follow":"follow","max-snippet":"max-snippet:-1","max-image-preview":"max-image-preview:large","max-video-preview":"max-video-preview:-1"},"canonical":"https:\/\/abelfigueiredo.pa.gov.br\/site\/o-governo\/estrutura-organizacional\/secretaria-municipal-de-saude\/","og_locale":"pt_BR","og_type":"article","og_title":"Secretaria Municipal de Sa\u00fade - Prefeitura Municipal de Abel Figueiredo | Gest\u00e3o 2025-2028","og_description":"Respons\u00e1vel:\u00a0Francineide Marinho Aar\u00e3o Hor\u00e1rio de Atendimento:\u00a0De 08:00h \u00e0s 14:00h Endere\u00e7o:\u00a0Travessa JK, sn Telefone:\u00a0(94) 92779999 E-mail:\u00a0elianaralmeida4@gmail.com Compet\u00eancias A Secret\u00e1ria Municipal de Sa\u00fade, em conjunto com os demais setores que comp\u00f5em a Secretaria, \u00e9 a respons\u00e1vel pela defini\u00e7\u00e3o e avalia\u00e7\u00e3o da Pol\u00edtica Municipal de Sa\u00fade, em conson\u00e2ncia com o Plano de Governo, Plano Municipal de Sa\u00fade eVeja mais","og_url":"https:\/\/abelfigueiredo.pa.gov.br\/site\/o-governo\/estrutura-organizacional\/secretaria-municipal-de-saude\/","og_site_name":"Prefeitura Municipal de Abel Figueiredo | Gest\u00e3o 2025-2028","article_modified_time":"2023-06-28T19:26:04+00:00","schema":{"@context":"https:\/\/schema.org","@graph":[{"@type":"WebPage","@id":"https:\/\/abelfigueiredo.pa.gov.br\/site\/o-governo\/estrutura-organizacional\/secretaria-municipal-de-saude\/","url":"https:\/\/abelfigueiredo.pa.gov.br\/site\/o-governo\/estrutura-organizacional\/secretaria-municipal-de-saude\/","name":"Secretaria Municipal de Sa\u00fade - Prefeitura Municipal de Abel Figueiredo | Gest\u00e3o 2025-2028","isPartOf":{"@id":"https:\/\/abelfigueiredo.pa.gov.br\/site\/#website"},"datePublished":"2023-06-28T19:25:35+00:00","dateModified":"2023-06-28T19:26:04+00:00","breadcrumb":{"@id":"https:\/\/abelfigueiredo.pa.gov.br\/site\/o-governo\/estrutura-organizacional\/secretaria-municipal-de-saude\/#breadcrumb"},"inLanguage":"pt-BR","potentialAction":[{"@type":"ReadAction","target":["https:\/\/abelfigueiredo.pa.gov.br\/site\/o-governo\/estrutura-organizacional\/secretaria-municipal-de-saude\/"]}]},{"@type":"BreadcrumbList","@id":"https:\/\/abelfigueiredo.pa.gov.br\/site\/o-governo\/estrutura-organizacional\/secretaria-municipal-de-saude\/#breadcrumb","itemListElement":[{"@type":"ListItem","position":1,"name":"O Governo","item":"https:\/\/abelfigueiredo.pa.gov.br\/site\/o-governo\/"},{"@type":"ListItem","position":2,"name":"Estrutura Organizacional","item":"https:\/\/abelfigueiredo.pa.gov.br\/site\/o-governo\/estrutura-organizacional\/"},{"@type":"ListItem","position":3,"name":"Secretaria Municipal de Sa\u00fade"}]},{"@type":"WebSite","@id":"https:\/\/abelfigueiredo.pa.gov.br\/site\/#website","url":"https:\/\/abelfigueiredo.pa.gov.br\/site\/","name":"Prefeitura Municipal de Abel Figueiredo | Gest\u00e3o 2025-2028","description":"Site oficial da Prefeitura Municipal de Abel Figueiredo","potentialAction":[{"@type":"SearchAction","target":{"@type":"EntryPoint","urlTemplate":"https:\/\/abelfigueiredo.pa.gov.br\/site\/?s={search_term_string}"},"query-input":{"@type":"PropertyValueSpecification","valueRequired":true,"valueName":"search_term_string"}}],"inLanguage":"pt-BR"}]}},"_links":{"self":[{"href":"https:\/\/abelfigueiredo.pa.gov.br\/site\/wp-json\/wp\/v2\/pages\/15083","targetHints":{"allow":["GET"]}}],"collection":[{"href":"https:\/\/abelfigueiredo.pa.gov.br\/site\/wp-json\/wp\/v2\/pages"}],"about":[{"href":"https:\/\/abelfigueiredo.pa.gov.br\/site\/wp-json\/wp\/v2\/types\/page"}],"author":[{"embeddable":true,"href":"https:\/\/abelfigueiredo.pa.gov.br\/site\/wp-json\/wp\/v2\/users\/25"}],"replies":[{"embeddable":true,"href":"https:\/\/abelfigueiredo.pa.gov.br\/site\/wp-json\/wp\/v2\/comments?post=15083"}],"version-history":[{"count":2,"href":"https:\/\/abelfigueiredo.pa.gov.br\/site\/wp-json\/wp\/v2\/pages\/15083\/revisions"}],"predecessor-version":[{"id":15085,"href":"https:\/\/abelfigueiredo.pa.gov.br\/site\/wp-json\/wp\/v2\/pages\/15083\/revisions\/15085"}],"up":[{"embeddable":true,"href":"https:\/\/abelfigueiredo.pa.gov.br\/site\/wp-json\/wp\/v2\/pages\/676"}],"wp:attachment":[{"href":"https:\/\/abelfigueiredo.pa.gov.br\/site\/wp-json\/wp\/v2\/media?parent=15083"}],"curies":[{"name":"wp","href":"https:\/\/api.w.org\/{rel}","templated":true}]}}

Secretaria Municipal de Saúde

<p><strong>Responsável:</strong> Francineide Marinho Aarão</p>
<div>
<p><strong>Horário de Atendimento:</strong> De 08:00h às 14:00h</p>
<p><strong>Endereço:</strong> Travessa JK, sn</p>
<p><strong>Telefone:</strong> (94) 92779999</p>
<p><strong>E-mail:</strong> elianaralmeida4@gmail.<wbr />com</p>
</div>
<div>
<div>
<h2>Competências</h2>
<p>A Secretária Municipal de Saúde, em conjunto com os demais setores que compõem a Secretaria, é a responsável pela definição e avaliação da Política Municipal de Saúde, em consonância com o Plano de Governo, Plano Municipal de Saúde e diretrizes do Sistema Único de Saúde – SUS.</p>
</div>
</div>

<p>Responsável: Francineide Marinho Aarão Horário de Atendimento: De 08:00h às 14:00h Endereço: Travessa JK, sn Telefone: (94) 92779999 E-mail: elianaralmeida4@gmail.com Competências A Secretária Municipal de Saúde, em conjunto com os demais setores que compõem a Secretaria, é a responsável pela definição e avaliação da Política Municipal de Saúde, em consonância com o Plano de Governo, Plano Municipal de Saúde e</p>
<div class="read-more"><a href="https://abelfigueiredo.pa.gov.br/site/o-governo/estrutura-organizacional/secretaria-municipal-de-saude/" title="Veja mais">Veja mais</a></div>

<!-- This site is optimized with the Yoast SEO plugin v26.6 - https://yoast.com/wordpress/plugins/seo/ -->
<title>Secretaria Municipal de Saúde - Prefeitura Municipal de Abel Figueiredo | Gestão 2025-2028</title>
<meta name="robots" content="index, follow, max-snippet:-1, max-image-preview:large, max-video-preview:-1" />
<link rel="canonical" href="https://abelfigueiredo.pa.gov.br/site/o-governo/estrutura-organizacional/secretaria-municipal-de-saude/" />
<meta property="og:locale" content="pt_BR" />
<meta property="og:type" content="article" />
<meta property="og:title" content="Secretaria Municipal de Saúde - Prefeitura Municipal de Abel Figueiredo | Gestão 2025-2028" />
<meta property="og:description" content="Responsável: Francineide Marinho Aarão Horário de Atendimento: De 08:00h às 14:00h Endereço: Travessa JK, sn Telefone: (94) 92779999 E-mail: elianaralmeida4@gmail.com Competências A Secretária Municipal de Saúde, em conjunto com os demais setores que compõem a Secretaria, é a responsável pela definição e avaliação da Política Municipal de Saúde, em consonância com o Plano de Governo, Plano Municipal de Saúde eVeja mais" />
<meta property="og:url" content="https://abelfigueiredo.pa.gov.br/site/o-governo/estrutura-organizacional/secretaria-municipal-de-saude/" />
<meta property="og:site_name" content="Prefeitura Municipal de Abel Figueiredo | Gestão 2025-2028" />
<meta property="article:modified_time" content="2023-06-28T19:26:04+00:00" />
<script type="application/ld+json" class="yoast-schema-graph">{"@context":"https://schema.org","@graph":[{"@type":"WebPage","@id":"https://abelfigueiredo.pa.gov.br/site/o-governo/estrutura-organizacional/secretaria-municipal-de-saude/","url":"https://abelfigueiredo.pa.gov.br/site/o-governo/estrutura-organizacional/secretaria-municipal-de-saude/","name":"Secretaria Municipal de Saúde - Prefeitura Municipal de Abel Figueiredo | Gestão 2025-2028","isPartOf":{"@id":"https://abelfigueiredo.pa.gov.br/site/#website"},"datePublished":"2023-06-28T19:25:35+00:00","dateModified":"2023-06-28T19:26:04+00:00","breadcrumb":{"@id":"https://abelfigueiredo.pa.gov.br/site/o-governo/estrutura-organizacional/secretaria-municipal-de-saude/#breadcrumb"},"inLanguage":"pt-BR","potentialAction":[{"@type":"ReadAction","target":["https://abelfigueiredo.pa.gov.br/site/o-governo/estrutura-organizacional/secretaria-municipal-de-saude/"]}]},{"@type":"BreadcrumbList","@id":"https://abelfigueiredo.pa.gov.br/site/o-governo/estrutura-organizacional/secretaria-municipal-de-saude/#breadcrumb","itemListElement":[{"@type":"ListItem","position":1,"name":"O Governo","item":"https://abelfigueiredo.pa.gov.br/site/o-governo/"},{"@type":"ListItem","position":2,"name":"Estrutura Organizacional","item":"https://abelfigueiredo.pa.gov.br/site/o-governo/estrutura-organizacional/"},{"@type":"ListItem","position":3,"name":"Secretaria Municipal de Saúde"}]},{"@type":"WebSite","@id":"https://abelfigueiredo.pa.gov.br/site/#website","url":"https://abelfigueiredo.pa.gov.br/site/","name":"Prefeitura Municipal de Abel Figueiredo | Gestão 2025-2028","description":"Site oficial da Prefeitura Municipal de Abel Figueiredo","potentialAction":[{"@type":"SearchAction","target":{"@type":"EntryPoint","urlTemplate":"https://abelfigueiredo.pa.gov.br/site/?s={search_term_string}"},"query-input":{"@type":"PropertyValueSpecification","valueRequired":true,"valueName":"search_term_string"}}],"inLanguage":"pt-BR"}]}</script>
<!-- / Yoast SEO plugin. -->

Secretaria Municipal de Saúde - Prefeitura Municipal de Abel Figueiredo | Gestão 2025-2028

Responsável: Francineide Marinho Aarão Horário de Atendimento: De 08:00h às 14:00h Endereço: Travessa JK, sn Telefone: (94) 92779999 E-mail: elianaralmeida4@gmail.com Competências A Secretária Municipal de Saúde, em conjunto com os demais setores que compõem a Secretaria, é a responsável pela definição e avaliação da Política Municipal de Saúde, em consonância com o Plano de Governo, Plano Municipal de Saúde eVeja mais

Prefeitura Municipal de Abel Figueiredo | Gestão 2025-2028
