{"version":"1.0","provider_name":"Prefeitura Municipal de Abel Figueiredo | Gest\u00e3o 2025-2028","provider_url":"https:\/\/abelfigueiredo.pa.gov.br\/site","author_name":"CR2","author_url":"https:\/\/abelfigueiredo.pa.gov.br\/site\/author\/admin\/","title":"Rela\u00e7\u00e3o dos Vacinados - Prefeitura Municipal de Abel Figueiredo | Gest\u00e3o 2025-2028","type":"rich","width":600,"height":338,"html":"<blockquote class=\"wp-embedded-content\" data-secret=\"iBWKHRsjtF\"><a href=\"https:\/\/abelfigueiredo.pa.gov.br\/site\/covid-19\/relacao-dos-vacinados\/\">Rela\u00e7\u00e3o dos Vacinados<\/a><\/blockquote><iframe sandbox=\"allow-scripts\" security=\"restricted\" src=\"https:\/\/abelfigueiredo.pa.gov.br\/site\/covid-19\/relacao-dos-vacinados\/embed\/#?secret=iBWKHRsjtF\" width=\"600\" height=\"338\" title=\"&#8220;Rela\u00e7\u00e3o dos Vacinados&#8221; &#8212; Prefeitura Municipal de Abel Figueiredo | Gest\u00e3o 2025-2028\" data-secret=\"iBWKHRsjtF\" frameborder=\"0\" marginwidth=\"0\" marginheight=\"0\" scrolling=\"no\" class=\"wp-embedded-content\"><\/iframe><script type=\"text\/javascript\">\n\/* <![CDATA[ *\/\n\/*! This file is auto-generated *\/\n!function(d,l){\"use strict\";l.querySelector&&d.addEventListener&&\"undefined\"!=typeof URL&&(d.wp=d.wp||{},d.wp.receiveEmbedMessage||(d.wp.receiveEmbedMessage=function(e){var t=e.data;if((t||t.secret||t.message||t.value)&&!\/[^a-zA-Z0-9]\/.test(t.secret)){for(var s,r,n,a=l.querySelectorAll('iframe[data-secret=\"'+t.secret+'\"]'),o=l.querySelectorAll('blockquote[data-secret=\"'+t.secret+'\"]'),c=new RegExp(\"^https?:$\",\"i\"),i=0;i<o.length;i++)o[i].style.display=\"none\";for(i=0;i<a.length;i++)s=a[i],e.source===s.contentWindow&&(s.removeAttribute(\"style\"),\"height\"===t.message?(1e3<(r=parseInt(t.value,10))?r=1e3:~~r<200&&(r=200),s.height=r):\"link\"===t.message&&(r=new URL(s.getAttribute(\"src\")),n=new URL(t.value),c.test(n.protocol))&&n.host===r.host&&l.activeElement===s&&(d.top.location.href=t.value))}},d.addEventListener(\"message\",d.wp.receiveEmbedMessage,!1),l.addEventListener(\"DOMContentLoaded\",function(){for(var e,t,s=l.querySelectorAll(\"iframe.wp-embedded-content\"),r=0;r<s.length;r++)(t=(e=s[r]).getAttribute(\"data-secret\"))||(t=Math.random().toString(36).substring(2,12),e.src+=\"#?secret=\"+t,e.setAttribute(\"data-secret\",t)),e.contentWindow.postMessage({message:\"ready\",secret:t},\"*\")},!1)))}(window,document);\n\/\/# sourceURL=https:\/\/abelfigueiredo.pa.gov.br\/site\/wp-includes\/js\/wp-embed.min.js\n\/* ]]> *\/\n<\/script>\n","description":"REGISTRO VACINA COVID TRABALHADORES DE SAUDE ABEL FIGUEIREDO.JUNHO 2022 REGISTRO VACINA COVID GERAL ABEL FIGUEIREDO. JUNHO 2022 REGISTRO VACINADOS GERAL ABEL FIGUEIREDO 07.03.2022 REGISTRO DE TRABALHADORES DE SAUDE VACINADOS ABEL FIGUEIREDO 07.03.2022 REGISTRO VACINA TRABALHADORES ABEL FIGUEIREDO REGISTROS VACINADOS GERAL ABEL FIGUEIREDO Vacinados grupo geral Abel Figueiredo-25.10.2021 REGISTRO DE TRABALHADORES EM SA\u00daDE VACINADOS- ABEL FIGUEIREDO.Veja mais"}

Prefeitura Municipal de Abel Figueiredo | Gestão 2025-2028

Relação dos Vacinados - Prefeitura Municipal de Abel Figueiredo | Gestão 2025-2028

<blockquote class="wp-embedded-content" data-secret="iBWKHRsjtF"><a href="https://abelfigueiredo.pa.gov.br/site/covid-19/relacao-dos-vacinados/">Relação dos Vacinados</a></blockquote><iframe sandbox="allow-scripts" security="restricted" src="https://abelfigueiredo.pa.gov.br/site/covid-19/relacao-dos-vacinados/embed/#?secret=iBWKHRsjtF" width="600" height="338" title="&#8220;Relação dos Vacinados&#8221; &#8212; Prefeitura Municipal de Abel Figueiredo | Gestão 2025-2028" data-secret="iBWKHRsjtF" frameborder="0" marginwidth="0" marginheight="0" scrolling="no" class="wp-embedded-content"></iframe><script type="text/javascript">
/* <![CDATA[ */
/*! This file is auto-generated */
!function(d,l){"use strict";l.querySelector&&d.addEventListener&&"undefined"!=typeof URL&&(d.wp=d.wp||{},d.wp.receiveEmbedMessage||(d.wp.receiveEmbedMessage=function(e){var t=e.data;if((t||t.secret||t.message||t.value)&&!/[^a-zA-Z0-9]/.test(t.secret)){for(var s,r,n,a=l.querySelectorAll('iframe[data-secret="'+t.secret+'"]'),o=l.querySelectorAll('blockquote[data-secret="'+t.secret+'"]'),c=new RegExp("^https?:$","i"),i=0;i<o.length;i++)o[i].style.display="none";for(i=0;i<a.length;i++)s=a[i],e.source===s.contentWindow&&(s.removeAttribute("style"),"height"===t.message?(1e3<(r=parseInt(t.value,10))?r=1e3:~~r<200&&(r=200),s.height=r):"link"===t.message&&(r=new URL(s.getAttribute("src")),n=new URL(t.value),c.test(n.protocol))&&n.host===r.host&&l.activeElement===s&&(d.top.location.href=t.value))}},d.addEventListener("message",d.wp.receiveEmbedMessage,!1),l.addEventListener("DOMContentLoaded",function(){for(var e,t,s=l.querySelectorAll("iframe.wp-embedded-content"),r=0;r<s.length;r++)(t=(e=s[r]).getAttribute("data-secret"))||(t=Math.random().toString(36).substring(2,12),e.src+="#?secret="+t,e.setAttribute("data-secret",t)),e.contentWindow.postMessage({message:"ready",secret:t},"*")},!1)))}(window,document);
//# sourceURL=https://abelfigueiredo.pa.gov.br/site/wp-includes/js/wp-embed.min.js
/* ]]> */
</script>

REGISTRO VACINA COVID TRABALHADORES DE SAUDE ABEL FIGUEIREDO.JUNHO 2022 REGISTRO VACINA COVID GERAL ABEL FIGUEIREDO. JUNHO 2022 REGISTRO VACINADOS GERAL ABEL FIGUEIREDO 07.03.2022 REGISTRO DE TRABALHADORES DE SAUDE VACINADOS ABEL FIGUEIREDO 07.03.2022 REGISTRO VACINA TRABALHADORES ABEL FIGUEIREDO REGISTROS VACINADOS GERAL ABEL FIGUEIREDO Vacinados grupo geral Abel Figueiredo-25.10.2021 REGISTRO DE TRABALHADORES EM SAÚDE VACINADOS- ABEL FIGUEIREDO.Veja mais
