{"version":"1.0","provider_name":"Prefeitura Municipal de Abel Figueiredo | Gest\u00e3o 2025-2028","provider_url":"https:\/\/abelfigueiredo.pa.gov.br\/site","author_name":"ASCOM","author_url":"https:\/\/abelfigueiredo.pa.gov.br\/site\/author\/ilhaproducoes\/","title":"12 de Maio \u2013 Dia Internacional da Enfermagem - Prefeitura Municipal de Abel Figueiredo | Gest\u00e3o 2025-2028","type":"rich","width":600,"height":338,"html":"<blockquote class=\"wp-embedded-content\" data-secret=\"0RicZFiEN9\"><a href=\"https:\/\/abelfigueiredo.pa.gov.br\/site\/12-de-maio-dia-internacional-da-enfermagem\/\">12 de Maio \u2013 Dia Internacional da Enfermagem<\/a><\/blockquote><iframe sandbox=\"allow-scripts\" security=\"restricted\" src=\"https:\/\/abelfigueiredo.pa.gov.br\/site\/12-de-maio-dia-internacional-da-enfermagem\/embed\/#?secret=0RicZFiEN9\" width=\"600\" height=\"338\" title=\"&#8220;12 de Maio \u2013 Dia Internacional da Enfermagem&#8221; &#8212; Prefeitura Municipal de Abel Figueiredo | Gest\u00e3o 2025-2028\" data-secret=\"0RicZFiEN9\" frameborder=\"0\" marginwidth=\"0\" marginheight=\"0\" scrolling=\"no\" class=\"wp-embedded-content\"><\/iframe><script type=\"text\/javascript\">\n\/* <![CDATA[ *\/\n\/*! This file is auto-generated *\/\n!function(d,l){\"use strict\";l.querySelector&&d.addEventListener&&\"undefined\"!=typeof URL&&(d.wp=d.wp||{},d.wp.receiveEmbedMessage||(d.wp.receiveEmbedMessage=function(e){var t=e.data;if((t||t.secret||t.message||t.value)&&!\/[^a-zA-Z0-9]\/.test(t.secret)){for(var s,r,n,a=l.querySelectorAll('iframe[data-secret=\"'+t.secret+'\"]'),o=l.querySelectorAll('blockquote[data-secret=\"'+t.secret+'\"]'),c=new RegExp(\"^https?:$\",\"i\"),i=0;i<o.length;i++)o[i].style.display=\"none\";for(i=0;i<a.length;i++)s=a[i],e.source===s.contentWindow&&(s.removeAttribute(\"style\"),\"height\"===t.message?(1e3<(r=parseInt(t.value,10))?r=1e3:~~r<200&&(r=200),s.height=r):\"link\"===t.message&&(r=new URL(s.getAttribute(\"src\")),n=new URL(t.value),c.test(n.protocol))&&n.host===r.host&&l.activeElement===s&&(d.top.location.href=t.value))}},d.addEventListener(\"message\",d.wp.receiveEmbedMessage,!1),l.addEventListener(\"DOMContentLoaded\",function(){for(var e,t,s=l.querySelectorAll(\"iframe.wp-embedded-content\"),r=0;r<s.length;r++)(t=(e=s[r]).getAttribute(\"data-secret\"))||(t=Math.random().toString(36).substring(2,12),e.src+=\"#?secret=\"+t,e.setAttribute(\"data-secret\",t)),e.contentWindow.postMessage({message:\"ready\",secret:t},\"*\")},!1)))}(window,document);\n\/\/# sourceURL=https:\/\/abelfigueiredo.pa.gov.br\/site\/wp-includes\/js\/wp-embed.min.js\n\/* ]]> *\/\n<\/script>\n","thumbnail_url":"https:\/\/abelfigueiredo.pa.gov.br\/site\/wp-content\/uploads\/2025\/05\/WhatsApp-Image-2025-05-12-at-19.00.27.jpeg","thumbnail_width":900,"thumbnail_height":1600,"description":"Homenagem a Diones Souza Brasil \u2013 In Memoriam Neste 12 de maio, Dia Internacional da Enfermagem, prestamos uma homenagem especial e cheia de carinho \u00e0 mem\u00f3ria de Diones Souza, (Enfermeiro) Com mais de 20 anos de atua\u00e7\u00e3o dedicada ao munic\u00edpio de Abel Figueiredo, Diones foi muito mais que um profissional da sa\u00fade. Foi presen\u00e7a constanteVeja mais"}

Prefeitura Municipal de Abel Figueiredo | Gestão 2025-2028

12 de Maio – Dia Internacional da Enfermagem - Prefeitura Municipal de Abel Figueiredo | Gestão 2025-2028

<blockquote class="wp-embedded-content" data-secret="0RicZFiEN9"><a href="https://abelfigueiredo.pa.gov.br/site/12-de-maio-dia-internacional-da-enfermagem/">12 de Maio – Dia Internacional da Enfermagem</a></blockquote><iframe sandbox="allow-scripts" security="restricted" src="https://abelfigueiredo.pa.gov.br/site/12-de-maio-dia-internacional-da-enfermagem/embed/#?secret=0RicZFiEN9" width="600" height="338" title="&#8220;12 de Maio – Dia Internacional da Enfermagem&#8221; &#8212; Prefeitura Municipal de Abel Figueiredo | Gestão 2025-2028" data-secret="0RicZFiEN9" frameborder="0" marginwidth="0" marginheight="0" scrolling="no" class="wp-embedded-content"></iframe><script type="text/javascript">
/* <![CDATA[ */
/*! This file is auto-generated */
!function(d,l){"use strict";l.querySelector&&d.addEventListener&&"undefined"!=typeof URL&&(d.wp=d.wp||{},d.wp.receiveEmbedMessage||(d.wp.receiveEmbedMessage=function(e){var t=e.data;if((t||t.secret||t.message||t.value)&&!/[^a-zA-Z0-9]/.test(t.secret)){for(var s,r,n,a=l.querySelectorAll('iframe[data-secret="'+t.secret+'"]'),o=l.querySelectorAll('blockquote[data-secret="'+t.secret+'"]'),c=new RegExp("^https?:$","i"),i=0;i<o.length;i++)o[i].style.display="none";for(i=0;i<a.length;i++)s=a[i],e.source===s.contentWindow&&(s.removeAttribute("style"),"height"===t.message?(1e3<(r=parseInt(t.value,10))?r=1e3:~~r<200&&(r=200),s.height=r):"link"===t.message&&(r=new URL(s.getAttribute("src")),n=new URL(t.value),c.test(n.protocol))&&n.host===r.host&&l.activeElement===s&&(d.top.location.href=t.value))}},d.addEventListener("message",d.wp.receiveEmbedMessage,!1),l.addEventListener("DOMContentLoaded",function(){for(var e,t,s=l.querySelectorAll("iframe.wp-embedded-content"),r=0;r<s.length;r++)(t=(e=s[r]).getAttribute("data-secret"))||(t=Math.random().toString(36).substring(2,12),e.src+="#?secret="+t,e.setAttribute("data-secret",t)),e.contentWindow.postMessage({message:"ready",secret:t},"*")},!1)))}(window,document);
//# sourceURL=https://abelfigueiredo.pa.gov.br/site/wp-includes/js/wp-embed.min.js
/* ]]> */
</script>

Homenagem a Diones Souza Brasil – In Memoriam Neste 12 de maio, Dia Internacional da Enfermagem, prestamos uma homenagem especial e cheia de carinho à memória de Diones Souza, (Enfermeiro) Com mais de 20 anos de atuação dedicada ao município de Abel Figueiredo, Diones foi muito mais que um profissional da saúde. Foi presença constanteVeja mais
