{"version":"1.0","provider_name":"Prefeitura Municipal de Abel Figueiredo | Gest\u00e3o 2025-2028","provider_url":"https:\/\/abelfigueiredo.pa.gov.br\/site","author_name":"djthiago","author_url":"https:\/\/abelfigueiredo.pa.gov.br\/site\/author\/djthiago\/","title":"05 de Outubro, Dia Mundial dos Professores. - Prefeitura Municipal de Abel Figueiredo | Gest\u00e3o 2025-2028","type":"rich","width":600,"height":338,"html":"<blockquote class=\"wp-embedded-content\" data-secret=\"lGnYRi99TP\"><a href=\"https:\/\/abelfigueiredo.pa.gov.br\/site\/05-de-outubro-dia-mundial-dos-professores\/\">05 de Outubro, Dia  Mundial dos Professores.<\/a><\/blockquote><iframe sandbox=\"allow-scripts\" security=\"restricted\" src=\"https:\/\/abelfigueiredo.pa.gov.br\/site\/05-de-outubro-dia-mundial-dos-professores\/embed\/#?secret=lGnYRi99TP\" width=\"600\" height=\"338\" title=\"&#8220;05 de Outubro, Dia  Mundial dos Professores.&#8221; &#8212; Prefeitura Municipal de Abel Figueiredo | Gest\u00e3o 2025-2028\" data-secret=\"lGnYRi99TP\" frameborder=\"0\" marginwidth=\"0\" marginheight=\"0\" scrolling=\"no\" class=\"wp-embedded-content\"><\/iframe><script type=\"text\/javascript\">\n\/* <![CDATA[ *\/\n\/*! This file is auto-generated *\/\n!function(d,l){\"use strict\";l.querySelector&&d.addEventListener&&\"undefined\"!=typeof URL&&(d.wp=d.wp||{},d.wp.receiveEmbedMessage||(d.wp.receiveEmbedMessage=function(e){var t=e.data;if((t||t.secret||t.message||t.value)&&!\/[^a-zA-Z0-9]\/.test(t.secret)){for(var s,r,n,a=l.querySelectorAll('iframe[data-secret=\"'+t.secret+'\"]'),o=l.querySelectorAll('blockquote[data-secret=\"'+t.secret+'\"]'),c=new RegExp(\"^https?:$\",\"i\"),i=0;i<o.length;i++)o[i].style.display=\"none\";for(i=0;i<a.length;i++)s=a[i],e.source===s.contentWindow&&(s.removeAttribute(\"style\"),\"height\"===t.message?(1e3<(r=parseInt(t.value,10))?r=1e3:~~r<200&&(r=200),s.height=r):\"link\"===t.message&&(r=new URL(s.getAttribute(\"src\")),n=new URL(t.value),c.test(n.protocol))&&n.host===r.host&&l.activeElement===s&&(d.top.location.href=t.value))}},d.addEventListener(\"message\",d.wp.receiveEmbedMessage,!1),l.addEventListener(\"DOMContentLoaded\",function(){for(var e,t,s=l.querySelectorAll(\"iframe.wp-embedded-content\"),r=0;r<s.length;r++)(t=(e=s[r]).getAttribute(\"data-secret\"))||(t=Math.random().toString(36).substring(2,12),e.src+=\"#?secret=\"+t,e.setAttribute(\"data-secret\",t)),e.contentWindow.postMessage({message:\"ready\",secret:t},\"*\")},!1)))}(window,document);\n\/\/# sourceURL=https:\/\/abelfigueiredo.pa.gov.br\/site\/wp-includes\/js\/wp-embed.min.js\n\/* ]]> *\/\n<\/script>\n","thumbnail_url":"https:\/\/scontent.fimp1-2.fna.fbcdn.net\/v\/t39.30808-6\/386194951_154058811114258_8115551702114469680_n.jpg?stp=dst-jpg_s960x960&amp;_nc_cat=103&amp;ccb=1-7&amp;_nc_sid=5614bc&amp;_nc_eui2=AeEBLzCQTDCPcNtidsrq55G7Dooy27qramwOijLbuqtqbNOXDjYbqcpAghqABiWlRLoD3eMUnBMkKH6nIVh7s69m&amp;_nc_ohc=Gz0NP068bvsAX8noXI6&amp;_nc_ht=scontent.fimp1-2.fna&amp;oh=00_AfC3OFc3Y1yJykfa_AbTRe4pOUuJKtiGz4K8FEuF340KjQ&amp;oe=652AE5BD","thumbnail_width":600,"thumbnail_height":745,"description":"#compartilhe Um feliz dia a todos os professores que na sala de aula tentam construir um futuro melhor! Ser professor \u00e9 ter o nobre of\u00edcio de exercer a arte de ensinar. Um feliz dia mundial do professor(a) que, al\u00e9m de ensinar, nos inspira a aprender. S\u00e1bio \u00e9 aquele que se torna amigo do seu mestre.Veja mais"}

Prefeitura Municipal de Abel Figueiredo | Gestão 2025-2028

05 de Outubro, Dia Mundial dos Professores. - Prefeitura Municipal de Abel Figueiredo | Gestão 2025-2028

<blockquote class="wp-embedded-content" data-secret="lGnYRi99TP"><a href="https://abelfigueiredo.pa.gov.br/site/05-de-outubro-dia-mundial-dos-professores/">05 de Outubro, Dia  Mundial dos Professores.</a></blockquote><iframe sandbox="allow-scripts" security="restricted" src="https://abelfigueiredo.pa.gov.br/site/05-de-outubro-dia-mundial-dos-professores/embed/#?secret=lGnYRi99TP" width="600" height="338" title="&#8220;05 de Outubro, Dia  Mundial dos Professores.&#8221; &#8212; Prefeitura Municipal de Abel Figueiredo | Gestão 2025-2028" data-secret="lGnYRi99TP" frameborder="0" marginwidth="0" marginheight="0" scrolling="no" class="wp-embedded-content"></iframe><script type="text/javascript">
/* <![CDATA[ */
/*! This file is auto-generated */
!function(d,l){"use strict";l.querySelector&&d.addEventListener&&"undefined"!=typeof URL&&(d.wp=d.wp||{},d.wp.receiveEmbedMessage||(d.wp.receiveEmbedMessage=function(e){var t=e.data;if((t||t.secret||t.message||t.value)&&!/[^a-zA-Z0-9]/.test(t.secret)){for(var s,r,n,a=l.querySelectorAll('iframe[data-secret="'+t.secret+'"]'),o=l.querySelectorAll('blockquote[data-secret="'+t.secret+'"]'),c=new RegExp("^https?:$","i"),i=0;i<o.length;i++)o[i].style.display="none";for(i=0;i<a.length;i++)s=a[i],e.source===s.contentWindow&&(s.removeAttribute("style"),"height"===t.message?(1e3<(r=parseInt(t.value,10))?r=1e3:~~r<200&&(r=200),s.height=r):"link"===t.message&&(r=new URL(s.getAttribute("src")),n=new URL(t.value),c.test(n.protocol))&&n.host===r.host&&l.activeElement===s&&(d.top.location.href=t.value))}},d.addEventListener("message",d.wp.receiveEmbedMessage,!1),l.addEventListener("DOMContentLoaded",function(){for(var e,t,s=l.querySelectorAll("iframe.wp-embedded-content"),r=0;r<s.length;r++)(t=(e=s[r]).getAttribute("data-secret"))||(t=Math.random().toString(36).substring(2,12),e.src+="#?secret="+t,e.setAttribute("data-secret",t)),e.contentWindow.postMessage({message:"ready",secret:t},"*")},!1)))}(window,document);
//# sourceURL=https://abelfigueiredo.pa.gov.br/site/wp-includes/js/wp-embed.min.js
/* ]]> */
</script>

#compartilhe Um feliz dia a todos os professores que na sala de aula tentam construir um futuro melhor! Ser professor é ter o nobre ofício de exercer a arte de ensinar. Um feliz dia mundial do professor(a) que, além de ensinar, nos inspira a aprender. Sábio é aquele que se torna amigo do seu mestre.Veja mais
